000
CXUS55 KLOX 291655
CF6WJF
PRELIMINARY LOCAL CLIMATOLOGICAL DATA (WS FORM: F-6)

                                          STATION:   LANCASTER FOX FIELD CA
                                          MONTH:     MARCH
                                          YEAR:      2017
                                          LATITUDE:   34 43 N
                                          LONGITUDE: 118 13 W

  TEMPERATURE IN F:       :PCPN:    SNOW:  WIND      :SUNSHINE: SKY     :PK WND
================================================================================
1   2   3   4   5  6A  6B    7    8   9   10  11  12  13   14  15   16   17  18
                                     12Z  AVG MX 2MIN
DY MAX MIN AVG DEP HDD CDD  WTR  SNW DPTH SPD SPD DIR MIN PSBL S-S WX    SPD DR
================================================================================

 1  62  27  45  -6  20   0 0.00  0.0    0  6.8 22  50   M    M   0        26  70
 2  67  27  47  -4  18   0 0.00  0.0    0  6.3 20  60   M    M   0        24  70
 3  70  26  48  -3  17   0 0.00  0.0    0  3.9 10 280   M    M   0        13  80
 4  68  39  54   3  11   0 0.00  0.0    0 13.7 24 240   M    M   0        30 240
 5  57  38  48  -4  17   0 0.10    M    0 18.2 33 240   M    M   4 1      40 220
 6  54  32  43  -9  22   0 0.00  0.0    0 14.4 30 270   M    M   1        33 270
 7  62  29  46  -6  19   0 0.00  0.0    0  3.6 12 280   M    M   0        13 280
 8  72  34  53   1  12   0 0.00  0.0    0  3.9 14 290   M    M   0        17 300
 9  78  36  57   5   8   0 0.00  0.0    0  3.5 10 280   M    M   0        13  60
10  78  39  59   7   6   0 0.00  0.0    0  4.0 18 280   M    M   0 8      22 280
11  81  38  60   8   5   0 0.00  0.0    0  5.8 15 300   M    M   0        19 300
12  82  38  60   7   5   0 0.00  0.0    0  4.7 13 290   M    M   0        17  30
13  85  38  62   9   3   0 0.00  0.0    0  3.0 12 290   M    M   0        13 240
14  84  38  61   8   4   0 0.00  0.0    0  3.3 15 240   M    M   0        17 250
15  84  46  65  12   0   0 0.00  0.0    0  7.4 22 220   M    M   0        26 220
16  85  53  69  16   0   4 0.00  0.0    0  9.3 18 280   M    M   0        23 290
17  82  43  63  10   2   0 0.00  0.0    0  4.7 14 240   M    M   0        18  10
18  81  49  65  11   0   0 0.00  0.0    0  8.8 20 250   M    M   0        24 230
19  82  42  62   8   3   0 0.00  0.0    0  8.0 20 220   M    M   0        27 200
20  70  50  60   6   5   0 0.00  0.0    0 15.0 26 240   M    M   0        32 240
21  62  51  57   3   8   0    T  0.0    0 14.9 28 220   M    M   4        35 230
22  63  45  54   0  11   0 0.07    M    0 15.6 38 270   M    M   2 38     45 270
23  62  41  52  -2  13   0 0.00  0.0    0 19.4 31 280   M    M   1        37 260
24  75  34  55   1  10   0 0.00  0.0    0  9.9 28 260   M    M   0 8      32 260
25  67  47  57   3   8   0    T    M    0 15.8 29 270   M    M   2 8      35 270
26  70  45  58   3   7   0 0.00  0.0    0 17.3 37 270   M    M   0 8      42 270
27  62  48  55   0  10   0 0.00    M    0 23.9 48 290   M    M   1 8      58 300
28  71  38  55   0  10   0 0.00  0.0    0  8.2 22 280   M    M   0        26 280
================================================================================
SM 2016 1111       254   4  0.17     0.0 273.3          M       15
================================================================================
AV 72.0 39.7                               9.8 FASTST   M    M   1    MAX(MPH)
                                 MISC ---->  # 48 290               # 58  300
================================================================================
NOTES:
# LAST OF SEVERAL OCCURRENCES

COLUMN 17 PEAK WIND IN M.P.H.

PRELIMINARY LOCAL CLIMATOLOGICAL DATA (WS FORM: F-6) , PAGE 2

                                          STATION:  LANCASTER FOX FIELD CA
                                          MONTH:    MARCH
                                          YEAR:     2017
                                          LATITUDE:   34 43 N
                                          LONGITUDE: 118 13 W

[TEMPERATURE DATA]      [PRECIPITATION DATA]       SYMBOLS USED IN COLUMN 16

AVERAGE MONTHLY: 55.8   TOTAL FOR MONTH:   0.17    1 = FOG OR MIST
DPTR FM NORMAL:   2.9   DPTR FM NORMAL:   -0.90    2 = FOG REDUCING VISIBILITY
HIGHEST:    85 ON 16,13 GRTST 24HR  0.10 ON  5- 5      TO 1/4 MILE OR LESS
LOWEST:     26 ON  3                               3 = THUNDER
                        SNOW, ICE PELLETS, HAIL    4 = ICE PELLETS
                        TOTAL MONTH:   0.0 INCH    5 = HAIL
                        GRTST 24HR     0.0         6 = FREEZING RAIN OR DRIZZLE
                        GRTST DEPTH:   0           7 = DUSTSTORM OR SANDSTORM:
                                                       VSBY 1/2 MILE OR LESS
                                                   8 = SMOKE OR HAZE
[NO. OF DAYS WITH]      [WEATHER - DAYS WITH]      9 = BLOWING SNOW
                                                   X = TORNADO
MAX 32 OR BELOW:   0    0.01 INCH OR MORE:   2
MAX 90 OR ABOVE:   0    0.10 INCH OR MORE:   1
MIN 32 OR BELOW:   5    0.50 INCH OR MORE:   0
MIN  0 OR BELOW:   0    1.00 INCH OR MORE:   0

[HDD (BASE 65) ]
TOTAL THIS MO.   254    CLEAR  (SCALE 0-3)  26
DPTR FM NORMAL   -83    PTCLDY (SCALE 4-7)   2
TOTAL FM JUL 1  2253    CLOUDY (SCALE 8-10)  0
DPTR FM NORMAL  -377

[CDD (BASE 65) ]
TOTAL THIS MO.     4
DPTR FM NORMAL     4    [PRESSURE DATA]
TOTAL FM JAN 1     4    HIGHEST SLP M ON M
DPTR FM NORMAL     4    LOWEST  SLP 29.88 ON 27

[REMARKS]
