000
CXUS56 KMTR 251000
CF6WVI
PRELIMINARY LOCAL CLIMATOLOGICAL DATA (WS FORM: F-6)

                                          STATION:   WATSONVILLE AIRPORT
                                          MONTH:     MAY
                                          YEAR:      2015
                                          LATITUDE:   36 55 N
                                          LONGITUDE: 121 47 W

  TEMPERATURE IN F:       :PCPN:    SNOW:  WIND      :SUNSHINE: SKY     :PK WND
================================================================================
1   2   3   4   5  6A  6B    7    8   9   10  11  12  13   14  15   16   17  18
                                     12Z  AVG MX 2MIN
DY MAX MIN AVG DEP HDD CDD  WTR  SNW DPTH SPD SPD DIR MIN PSBL S-S WX    SPD DR
================================================================================

 1  63  50  57   0   8   0 0.00  0.0    0  6.0 15 240   M    M   4 1      18 240
 2  63  51  57   0   8   0 0.00  0.0    0  4.7 14 240   M    M   6        18 220
 3  62  51  57  -1   8   0 0.00  0.0    0  6.6 16 240   M    M   9        22 240
 4  62  50  56  -2   9   0 0.00  0.0    0  5.3 15 210   M    M   8        20 190
 5  63  46  55  -3  10   0 0.00  0.0    0  5.2 16 190   M    M   6        21 180
 6  64  43  54  -4  11   0 0.00  0.0    0  5.0 12 170   M    M   6        22 190
 7  60  48  54  -4  11   0 0.18  0.0    0  3.3 12 230   M    M   9 1      15 170
 8  63  50  57  -1   8   0 0.00  0.0    0  4.6 14 200   M    M   8        31 110
 9  61  52  57  -1   8   0 0.00  0.0    0  5.5 14 230   M    M  10        20 220
10  64  51  58   0   7   0 0.00  0.0    0  4.6 13 210   M    M   6 1      15 220
11  68  44  56  -2   9   0 0.00  0.0    0  4.7 15 220   M    M   5        19 220
12  67  42  55  -3  10   0 0.00  0.0    0  6.8 20 220   M    M   0        25 230
13  62  45  54  -4  11   0 0.00  0.0    0  5.9 16 210   M    M   1        22 220
14  63  49  56  -3   9   0    T    M    0  4.6 16 210   M    M   7        22 210
15  66  45  56  -3   9   0 0.00  0.0    0  5.0 16 220   M    M   3        21 230
16  65  46  56  -3   9   0 0.00  0.0    0  5.4 16 220   M    M   6        22 230
17  65  53  59   0   6   0 0.00  0.0    0  4.6 16 230   M    M   6        22 230
18  65  50  58  -1   7   0 0.00  0.0    0  5.3 20 230   M    M   7        25 230
19  67  51  59   0   6   0 0.00  0.0    0  4.1 15 250   M    M   7        20 240
20  65  51  58  -1   7   0    T  0.0    0  4.9 16 240   M    M   8 1      21 240
21  65  48  57  -2   8   0 0.01  0.0    0  5.4 14 250   M    M   9 1      19 240
22  66  52  59   0   6   0    T  0.0    0  5.5 17 240   M    M  10 1      21 240
23  67  50  59  -1   6   0 0.00  0.0    0  5.4 18 240   M    M   7        21 230
24  62  47  55  -5  10   0 0.00  0.0    0  4.9 12  70   M    M   7        15 180
================================================================================
SM 1538 1165       201   0  0.19     0.0 123.3          M      155
================================================================================
AV 64.1 48.5                               5.1 FASTST   M    M   6    MAX(MPH)
                                 MISC ---->  # 20 220               # 31  110
================================================================================
NOTES:
# LAST OF SEVERAL OCCURRENCES

COLUMN 17 PEAK WIND IN M.P.H.

PRELIMINARY LOCAL CLIMATOLOGICAL DATA (WS FORM: F-6) , PAGE 2

                                          STATION:  WATSONVILLE AIRPORT
                                          MONTH:    MAY
                                          YEAR:     2015
                                          LATITUDE:   36 55 N
                                          LONGITUDE: 121 47 W

[TEMPERATURE DATA]      [PRECIPITATION DATA]       SYMBOLS USED IN COLUMN 16

AVERAGE MONTHLY: 56.3   TOTAL FOR MONTH:   0.19    1 = FOG OR MIST
DPTR FM NORMAL:  -2.1   DPTR FM NORMAL:   -0.42    2 = FOG REDUCING VISIBILITY
HIGHEST:    68 ON 11    GRTST 24HR  0.18 ON  7- 7      TO 1/4 MILE OR LESS
LOWEST:     42 ON 12                               3 = THUNDER
                        SNOW, ICE PELLETS, HAIL    4 = ICE PELLETS
                        TOTAL MONTH:   0.0 INCH    5 = HAIL
                        GRTST 24HR     0.0         6 = FREEZING RAIN OR DRIZZLE
                        GRTST DEPTH:   0           7 = DUSTSTORM OR SANDSTORM:
                                                       VSBY 1/2 MILE OR LESS
                                                   8 = SMOKE OR HAZE
[NO. OF DAYS WITH]      [WEATHER - DAYS WITH]      9 = BLOWING SNOW
                                                   X = TORNADO
MAX 32 OR BELOW:   0    0.01 INCH OR MORE:   2
MAX 90 OR ABOVE:   0    0.10 INCH OR MORE:   1
MIN 32 OR BELOW:   0    0.50 INCH OR MORE:   0
MIN  0 OR BELOW:   0    1.00 INCH OR MORE:   0

[HDD (BASE 65) ]
TOTAL THIS MO.   201    CLEAR  (SCALE 0-3)   2
DPTR FM NORMAL    38    PTCLDY (SCALE 4-7)  16
TOTAL FM JUL 1  1516    CLOUDY (SCALE 8-10)  6
DPTR FM NORMAL -1282

[CDD (BASE 65) ]
TOTAL THIS MO.     0
DPTR FM NORMAL     0    [PRESSURE DATA]
TOTAL FM JAN 1    14    HIGHEST SLP 30.12 ON 18
DPTR FM NORMAL     8    LOWEST  SLP 29.73 ON  7

[REMARKS]
