000
CXUS54 KTSA 010840
CF6XNA
PRELIMINARY LOCAL CLIMATOLOGICAL DATA (WS FORM: F-6)

                                          STATION:   HIGHFILL ARKANSAS
                                          MONTH:     SEPTEMBER
                                          YEAR:      2014
                                          LATITUDE:   36 16 N
                                          LONGITUDE:  94 19 W

  TEMPERATURE IN F:       :PCPN:    SNOW:  WIND      :SUNSHINE: SKY     :PK WND
================================================================================
1   2   3   4   5  6A  6B    7    8   9   10  11  12  13   14  15   16   17  18
                                     12Z  AVG MX 2MIN
DY MAX MIN AVG DEP HDD CDD  WTR  SNW DPTH SPD SPD DIR MIN PSBL S-S WX    SPD DR
================================================================================

 1  89  65  77   3   0  12 0.33  0.0    0 12.3 29 350   M    M   4 1      37 350
 2   M   M   M   M   M   M 2.43    M    0  5.9 17 180   M    M   5 13     32 160
 3   M   M   M   M   M   M 0.00  0.0    0  8.6 15 180   M    M   2        23 190
 4  91  73  82   9   0  17 0.00  0.0    0  9.4 20 180   M    M   0        28 180
 5  90  70  80   7   0  15 0.00  0.0    0  7.9 15 350   M    M   0        19 220
 6  70  61  66  -6   0   1 0.10  0.0    0  8.3 16 340   M    M   8 1      24 320
 7  80  57  69  -3   0   4 0.00  0.0    0  4.3 12 110   M    M   2        15 110
 8  83  62  73   2   0   8 0.00  0.0    0  4.9 14 190   M    M   5 1      21 220
 9  88  68  78   7   0  13 0.00  0.0    0 11.2 21 180   M    M   1        26 170
10  89  70  80  10   0  15 0.04  0.0    0 13.2 22 220   M    M   5 1      30 210
11  70  61  66  -4   0   1    T  0.0    0 10.3 16  20   M    M  10 1      21  20
12  61  51  56 -14   9   0 0.11  0.0    0 11.5 21  10   M    M  10 1      27  20
13  65  48  57 -12   8   0 0.00  0.0    0  6.7 16  40   M    M   5        21  30
14  77  50  64  -5   1   0 0.00  0.0    0  4.6 12 190   M    M   0 18     16 200
15  80  63  72   4   0   7 0.09  0.0    0  5.9 17 230   M    M   5 1      22 230
16  76  65  71   3   0   6    T  0.0    0  3.3  8  50   M    M   8 18     10  20
17  87  63  75   8   0  10 0.57  0.0    0  7.6 28  70   M    M   6 1238   37  60
18  80  63  72   5   0   7 0.56  0.0    0  9.4 22  20   M    M   4 13     30  20
19  83  62  73   7   0   8 0.00  0.0    0  3.0  9 240   M    M   5 1      13 240
20  84  60  72   6   0   7 0.00  0.0    0  4.8 16 220   M    M   2 12     20 220
21  80  57  69   3   0   4 0.19  0.0    0  7.9 15 360   M    M   3 13     20 360
22  74  49  62  -3   3   0 0.00  0.0    0  4.2 13  80   M    M   0        16  90
23  76  48  62  -3   3   0 0.00  0.0    0  4.3 13 150   M    M   0        17 160
24  78  47  63  -1   2   0 0.00  0.0    0  3.5 12 150   M    M   0        15 120
25  81  53  67   3   0   2 0.00  0.0    0  2.1 10 170   M    M   0        13 170
26  81  56  69   6   0   4 0.00  0.0    0  2.3 12 130   M    M   1        15 180
27  83  55  69   6   0   4 0.00  0.0    0  2.5 13 120   M    M   2 1      19 130
28  83  58  71   8   0   6 0.00  0.0    0  2.0 10  70   M    M   3 1      13  50
29  85  56  71   9   0   6 0.00  0.0    0  1.4  8  60   M    M   1 12     10  40
30  83  56  70   8   0   5 0.00  0.0    0  5.2 16 170   M    M   1 1      20 180
================================================================================
SM 2247 1647        26 162  4.42     0.0 188.5          M       98
================================================================================
AV 80.2 58.8                               6.3 FASTST   M    M   3    MAX(MPH)
                                 MISC ---->  # 29 350               # 37  350
================================================================================
NOTES:
# LAST OF SEVERAL OCCURRENCES

COLUMN 17 PEAK WIND IN M.P.H.

PRELIMINARY LOCAL CLIMATOLOGICAL DATA (WS FORM: F-6) , PAGE 2

                                          STATION:  HIGHFILL ARKANSAS
                                          MONTH:    SEPTEMBER
                                          YEAR:     2014
                                          LATITUDE:   36 16 N
                                          LONGITUDE:  94 19 W

[TEMPERATURE DATA]      [PRECIPITATION DATA]       SYMBOLS USED IN COLUMN 16

AVERAGE MONTHLY: 69.5   TOTAL FOR MONTH:   4.42    1 = FOG OR MIST
DPTR FM NORMAL:   1.5   DPTR FM NORMAL:   -0.36    2 = FOG REDUCING VISIBILITY
HIGHEST:    91 ON  4    GRTST 24HR  2.43 ON  2- 2      TO 1/4 MILE OR LESS
LOWEST:     47 ON 24                               3 = THUNDER
                        SNOW, ICE PELLETS, HAIL    4 = ICE PELLETS
                        TOTAL MONTH:   0.0 INCH    5 = HAIL
                        GRTST 24HR     0.0         6 = FREEZING RAIN OR DRIZZLE
                        GRTST DEPTH:   0           7 = DUSTSTORM OR SANDSTORM:
                                                       VSBY 1/2 MILE OR LESS
                                                   8 = SMOKE OR HAZE
[NO. OF DAYS WITH]      [WEATHER - DAYS WITH]      9 = BLOWING SNOW
                                                   X = TORNADO
MAX 32 OR BELOW:   0    0.01 INCH OR MORE:   9
MAX 90 OR ABOVE:   2    0.10 INCH OR MORE:   7
MIN 32 OR BELOW:   0    0.50 INCH OR MORE:   3
MIN  0 OR BELOW:   0    1.00 INCH OR MORE:   1

[HDD (BASE 65) ]
TOTAL THIS MO.    26    CLEAR  (SCALE 0-3)  17
DPTR FM NORMAL   -23    PTCLDY (SCALE 4-7)  10
TOTAL FM JUL 1    28    CLOUDY (SCALE 8-10)  3
DPTR FM NORMAL   -22

[CDD (BASE 65) ]
TOTAL THIS MO.   162
DPTR FM NORMAL    23    [PRESSURE DATA]
TOTAL FM JAN 1  1290    HIGHEST SLP M ON M
DPTR FM NORMAL    69    LOWEST  SLP 29.69 ON 10

[REMARKS]
#FINAL-09-14#
