000
CXUS51 KPBZ 240901
CF6ZZV
PRELIMINARY LOCAL CLIMATOLOGICAL DATA (WS FORM: F-6)

                                          STATION:   ZANESVILLE OH
                                          MONTH:     JULY
                                          YEAR:      2014
                                          LATITUDE:   39 56 N
                                          LONGITUDE:  81 54 W

  TEMPERATURE IN F:       :PCPN:    SNOW:  WIND      :SUNSHINE: SKY     :PK WND
================================================================================
1   2   3   4   5  6A  6B    7    8   9   10  11  12  13   14  15   16   17  18
                                     12Z  AVG MX 2MIN
DY MAX MIN AVG DEP HDD CDD  WTR  SNW DPTH SPD SPD DIR MIN PSBL S-S WX    SPD DR
================================================================================

 1  88  68  78   6   0  13 0.30    M    M  8.2 21 290   M    M   5 13     31 290
 2  84  66  75   3   0  10 0.01    M    M  5.1 14 260   M    M   4 13     20 230
 3   M   M   M   M   M   M 0.14    M    M  7.7 16 330   M    M   7 1      23 330
 4  76  53  65  -8   0   0 0.00    M    M  4.2 16 340   M    M   2 12     20 320
 5  77  48  63 -10   2   0 0.00    M    M  2.1  9 160   M    M   0 1      12  90
 6  78  54  66  -7   0   1    T    M    M  3.8 12 210   M    M   4 1      14 200
 7  85  67  76   3   0  11 0.34    M    M  8.0 23 280   M    M   4 138    32 290
 8  83  67  75   2   0  10 0.26    M    M  9.6 25 260   M    M   5 38     37 260
 9  81  63  72  -1   0   7 0.00    M    M  6.3 16 270   M    M   2        20 250
10  83  59  71  -2   0   6 0.00    M    M  2.7 12 330   M    M   2 1      17 250
11  83  59  71  -2   0   6 0.00    M    M  1.6  8 340   M    M   1 1      17  60
12  85  62  74   1   0   9 0.00    M    M  2.9 15 200   M    M   0 18     18 200
13  85  70  78   5   0  13 1.03    M    M  5.8 23 280   M    M   4 138    32 270
14  82  71  77   4   0  12 0.08    M    M  5.8 12 200   M    M   7 13     16 200
15  76  58  67  -6   0   2    T    M    M  8.6 17 270   M    M   5 1      25 220
16  72  52  62 -11   3   0 0.00    M    M  5.4 14 320   M    M   3        16 320
17  75  49  62 -11   3   0 0.00    M    M  1.4  8 340   M    M   2 12     11 220
18  76  53  65  -8   0   0 0.10    M    M  3.5 10  70   M    M   3 1      14  60
19  69  64  67  -6   0   2 0.40    M    M  5.4 12 190   M    M  10 18     16 180
20  80  64  72  -1   0   7 0.09    M    M  2.1  8  20   M    M   7 1      11  30
21  85  65  75   2   0  10 0.00    M    M  1.2  7 160   M    M   3 18      9 180
22  87  65  76   3   0  11 0.00    M    M  2.3 10 180   M    M   2 12     13 200
23  83  64  74   1   0   9 0.00    M    M  7.5 16 320   M    M   5        22 350
================================================================================
SM 1773 1341         8 139  2.75    M    111.2          M       87
================================================================================
AV 80.6 61.0                               4.8 FASTST   M    M   4    MAX(MPH)
                                 MISC ---->    25   M                 37    M
================================================================================
NOTES:
# LAST OF SEVERAL OCCURRENCES

COLUMN 17 PEAK WIND IN M.P.H.

PRELIMINARY LOCAL CLIMATOLOGICAL DATA (WS FORM: F-6) , PAGE 2

                                          STATION:  ZANESVILLE OH
                                          MONTH:    JULY
                                          YEAR:     2014
                                          LATITUDE:   39 56 N
                                          LONGITUDE:  81 54 W

[TEMPERATURE DATA]      [PRECIPITATION DATA]       SYMBOLS USED IN COLUMN 16

AVERAGE MONTHLY: 70.8   TOTAL FOR MONTH:   2.75    1 = FOG OR MIST
DPTR FM NORMAL:  -2.1   DPTR FM NORMAL:   -0.19    2 = FOG REDUCING VISIBILITY
HIGHEST:    88 ON  1    GRTST 24HR  1.11 ON 13-14      TO 1/4 MILE OR LESS
LOWEST:     48 ON  5                               3 = THUNDER
                        SNOW, ICE PELLETS, HAIL    4 = ICE PELLETS
                        TOTAL MONTH:    M          5 = HAIL
                        GRTST 24HR    M  ON   M    6 = FREEZING RAIN OR DRIZZLE
                        GRTST DEPTH:  M  ON   M    7 = DUSTSTORM OR SANDSTORM:
                                                       VSBY 1/2 MILE OR LESS
                                                   8 = SMOKE OR HAZE
[NO. OF DAYS WITH]      [WEATHER - DAYS WITH]      9 = BLOWING SNOW
                                                   X = TORNADO
MAX 32 OR BELOW:   0    0.01 INCH OR MORE:  10
MAX 90 OR ABOVE:   0    0.10 INCH OR MORE:   7
MIN 32 OR BELOW:   0    0.50 INCH OR MORE:   1
MIN  0 OR BELOW:   0    1.00 INCH OR MORE:   1

[HDD (BASE 65) ]
TOTAL THIS MO.     8    CLEAR  (SCALE 0-3)   9
DPTR FM NORMAL     8    PTCLDY (SCALE 4-7)  13
TOTAL FM JUL 1     8    CLOUDY (SCALE 8-10)  1
DPTR FM NORMAL     8

[CDD (BASE 65) ]
TOTAL THIS MO.   139
DPTR FM NORMAL   -45    [PRESSURE DATA]
TOTAL FM JAN 1   417    HIGHEST SLP  0.00 ON  8
DPTR FM NORMAL    21    LOWEST  SLP  0.00 ON  8

[REMARKS]
