000
CXUS51 KPBZ 220804
CF6ZZV
PRELIMINARY LOCAL CLIMATOLOGICAL DATA (WS FORM: F-6)

                                          STATION:   ZANESVILLE OH
                                          MONTH:     OCTOBER
                                          YEAR:      2017
                                          LATITUDE:   39 56 N
                                          LONGITUDE:  81 54 W

  TEMPERATURE IN F:       :PCPN:    SNOW:  WIND      :SUNSHINE: SKY     :PK WND
================================================================================
1   2   3   4   5  6A  6B    7    8   9   10  11  12  13   14  15   16   17  18
                                     12Z  AVG MX 2MIN
DY MAX MIN AVG DEP HDD CDD  WTR  SNW DPTH SPD SPD DIR MIN PSBL S-S WX    SPD DR
================================================================================

 1  72  38  55  -3  10   0 0.00  0.0    0  2.3 12 130   M    M   0        17 130
 2  78  39  59   1   6   0 0.00  0.0    0  2.6 12 160   M    M   0        14 100
 3  83  43  63   6   2   0 0.00  0.0    0  2.6 13 210   M    M   0        15 210
 4  84  50  67  10   0   2 0.00  0.0    0  4.4 12 230   M    M   1        17 240
 5  69  59  64   7   1   0 0.21  0.0    0  3.1 10 200   M    M   8 12     15 250
 6  77  58  68  12   0   3 0.00  0.0    0  1.4  8 210   M    M   6 128    11 200
 7  87  62  75  19   0  10 0.05  0.0    0  9.2 23 200   M    M   2 1      30 200
 8  72  64  68  12   0   3 2.00  0.0    0  6.5 21 200   M    M   9 1      28 210
 9  75  64  70  15   0   5 0.07    M    M  5.3 12 270   M    M  10 1      16 290
10  79  61  70  15   0   5    T  0.0    0  2.0 10 110   M    M   5 12     13 110
11  82  60  71  17   0   6 0.01  0.0    0  5.6 16 260   M    M   5 1      20 250
12  67  53  60   6   5   0 0.06  0.0    0  2.5  8 180   M    M   9 12     10 240
13  77  54  66  12   0   1 0.00  0.0    0  2.2 12 270   M    M   5 12     16 270
14  79  49  64  10   1   0 0.00    M    M  3.2 14 160   M    M   1 1      17 160
15  76  54  65  12   0   0 0.34    M    M 11.5 28 310   M    M   6 18     37 310
16  60  40  50  -3  15   0 0.00    M    M  5.6 16 320   M    M   4 8      19 340
17  65  35  50  -3  15   0 0.00    M    M  3.2 13 200   M    M   M        17 270
18  69  38  54   2  11   0 0.00  0.0    M  2.2 13 190   M    M   0        15 190
19  72  38  55   3  10   0 0.00  0.0    0  4.6 14 230   M    M   0        20 260
20  75  43  59   7   6   0 0.00  0.0    0  0.2  5 100   M    M   0 1       M  M
21  73  42  58   7   7   0 0.00  0.0    M  1.8  8 170   M    M   0        10 160
================================================================================
SM 1571 1044        89  35  2.74     0.0  82.0          M       71
================================================================================
AV 74.8 49.7                               3.9 FASTST   M    M   4    MAX(MPH)
                                 MISC ---->  # 28 310               # 37  310
================================================================================
NOTES:
# LAST OF SEVERAL OCCURRENCES

COLUMN 17 PEAK WIND IN M.P.H.

PRELIMINARY LOCAL CLIMATOLOGICAL DATA (WS FORM: F-6) , PAGE 2

                                          STATION:  ZANESVILLE OH
                                          MONTH:    OCTOBER
                                          YEAR:     2017
                                          LATITUDE:   39 56 N
                                          LONGITUDE:  81 54 W

[TEMPERATURE DATA]      [PRECIPITATION DATA]       SYMBOLS USED IN COLUMN 16

AVERAGE MONTHLY: 62.3   TOTAL FOR MONTH:   2.74    1 = FOG OR MIST
DPTR FM NORMAL:   7.6   DPTR FM NORMAL:    0.95    2 = FOG REDUCING VISIBILITY
HIGHEST:    87 ON  7    GRTST 24HR  2.00 ON  8- 8      TO 1/4 MILE OR LESS
LOWEST:     35 ON 17                               3 = THUNDER
                        SNOW, ICE PELLETS, HAIL    4 = ICE PELLETS
                        TOTAL MONTH:   0.0 INCH    5 = HAIL
                        GRTST 24HR     0.0         6 = FREEZING RAIN OR DRIZZLE
                        GRTST DEPTH:   0           7 = DUSTSTORM OR SANDSTORM:
                                                       VSBY 1/2 MILE OR LESS
                                                   8 = SMOKE OR HAZE
[NO. OF DAYS WITH]      [WEATHER - DAYS WITH]      9 = BLOWING SNOW
                                                   X = TORNADO
MAX 32 OR BELOW:   0    0.01 INCH OR MORE:   7
MAX 90 OR ABOVE:   0    0.10 INCH OR MORE:   3
MIN 32 OR BELOW:   0    0.50 INCH OR MORE:   1
MIN  0 OR BELOW:   0    1.00 INCH OR MORE:   1

[HDD (BASE 65) ]
TOTAL THIS MO.    89    CLEAR  (SCALE 0-3)  10
DPTR FM NORMAL  -137    PTCLDY (SCALE 4-7)   7
TOTAL FM JUL 1   158    CLOUDY (SCALE 8-10)  3
DPTR FM NORMAL  -177

[CDD (BASE 65) ]
TOTAL THIS MO.    35
DPTR FM NORMAL    28    [PRESSURE DATA]
TOTAL FM JAN 1   875    HIGHEST SLP M ON M
DPTR FM NORMAL   109    LOWEST  SLP 29.70 ON  9

[REMARKS]
