449
CXUS53 KBIS 011447
CLABIS

CLIMATE REPORT NATIONAL WEATHER SERVICE BISMARCK ND

842 AM CST SUN JAN 1 2017

...................................

...THE BISMARCK CLIMATE SUMMARY FOR THE YEAR OF 2016...

CLIMATE NORMAL PERIOD 1981 TO 2010
CLIMATE RECORD PERIOD 1875 TO 2016

WEATHER         OBSERVED          NORMAL  DEPART  LAST YEAR`S
                 VALUE   DATE(S)  VALUE   FROM    VALUE
                                          NORMAL
.............................................................
TEMPERATURE (F)
RECORD
 HIGH             114   07/06/1936
 LOW              -45   02/16/1936
                        01/13/1916
HIGHEST            97   07/20        MM      MM
LOWEST            -31   12/17        MM      MM
AVG. MAXIMUM     58.8
AVG. MINIMUM     34.2
MEAN             46.5
DAYS MAX >= 90     17
DAYS MAX <= 32     54
DAYS MIN <= 32    166
DAYS MIN <= 0      21

PRECIPITATION (INCHES)
RECORD
 MAXIMUM        30.92   1876
 MINIMUM         5.97   1936
TOTALS          23.48             17.85    5.63    17.73
DAYS >= .01       104
DAYS >= .10        44
DAYS >= .50        15
DAYS >= 1.00        5
GREATEST
 24 HR. TOTAL    4.17   MM

SNOWFALL (INCHES)
RECORDS
 TOTAL          101.6   5
                        0
                        0
 24 HR TOTAL     17.3   04/14/2013 TO 04/14/2013
TOTALS           52.3              51.2     1.1
SINCE 7/1        42.8
DAYS >= TRACE      70
GREATEST
 24 HR TOTAL     10.5   MM

DEGREE_DAYS
HEATING TOTAL    7235              8559   -1324
 SINCE 7/1         MM              3500      MM
..............................................................

WIND (MPH)
AVERAGE WIND SPEED              9.7
HIGHEST WIND SPEED/DIRECTION    48/320    DATE  02/07
HIGHEST GUST SPEED/DIRECTION    62/330    DATE  02/07



-  INDICATES NEGATIVE NUMBERS.
R  INDICATES RECORD WAS SET OR TIED.
MM INDICATES DATA IS MISSING.
T  INDICATES TRACE AMOUNT.

$$

2016 WAS THE WARMEST YEAR ON RECORD FOR BISMARCK.
