000
CXUS53 KPAH 031643
CLACGI

STLCLMCAA 000
TTAA00 KPAH 011719


CLIMATE REPORT
NATIONAL WEATHER SERVICE PADUCAH KY
1059 AM CST MON JAN 1 2018

...................................

...THE CAPE GIRARDEAU MO CLIMATE SUMMARY FOR THE YEAR OF 2017...

CLIMATE NORMAL PERIOD 1981 TO 2010
CLIMATE RECORD PERIOD 1960 TO 2017

WEATHER         OBSERVED          NORMAL  DEPART  LAST YEAR`S
                 VALUE   DATE(S)  VALUE   FROM    VALUE
                                          NORMAL
.............................................................
TEMPERATURE (F)
RECORD
 HIGH             107   06/29/2012
 LOW              -18   01/11/1977
HIGHEST            96   07/21                        101
LOWEST              6   01/07                          7
AVG. MAXIMUM     69.7              67.9     1.8     69.7
AVG. MINIMUM     47.9              46.0     1.9     48.7
MEAN             58.8              56.9     1.9     59.2
DAYS MAX >= 90     36
DAYS MAX <= 32      9
DAYS MAX >= 95      2
DAYS MAX >= 100     0
DAYS MIN <= 32     81
DAYS MIN <= 0       0

PRECIPITATION (INCHES)
RECORD
 MAXIMUM        74.51   2011
 MINIMUM        26.99   2012
TOTALS          34.29             46.81  -12.52    49.49
DAILY AVG.       0.09
DAYS >= .01       104
DAYS >= .10        63
DAYS >= .50        20
DAYS >= 1.00        7
DAYS >= 0.25       40
DAYS >= 2.00        2
GREATEST
 24 HR. TOTAL    2.40
 STORM TOTAL       MM
 (MM/DD(HH))

DEGREE_DAYS
HEATING TOTAL    3633
 SINCE 7/1       1671
COOLING TOTAL    1492
 SINCE 1/1       1492
..............................................................

WIND (MPH)
AVERAGE WIND SPEED              7.6
HIGHEST WIND SPEED/DIRECTION    48/280    DATE  03/01
HIGHEST GUST SPEED/DIRECTION    60/280    DATE  03/01

SKY COVER
POSSIBLE SUNSHINE (PERCENT)   MM
NUMBER OF DAYS FAIR          209
NUMBER OF DAYS PC             93
NUMBER OF DAYS CLOUDY         62


WEATHER CONDITIONS. NUMBER OF DAYS WITH
THUNDERSTORM              0     MIXED PRECIP               0
HEAVY RAIN               41     RAIN                      53
LIGHT RAIN              108     FREEZING RAIN              1
LT FREEZING RAIN          1     HAIL                       0
HEAVY SNOW                0     SNOW                       0
LIGHT SNOW                5     SLEET                      0
FOG                     172     FOG W/VIS <= 1/4 MILE     49
HAZE                     40

-  INDICATES NEGATIVE NUMBERS.
R  INDICATES RECORD WAS SET OR TIED.
MM INDICATES DATA IS MISSING.
T  INDICATES TRACE AMOUNT.

&&

RMK: AVERAGE TEMPERATUE OF 58.8 DEGREES TIES AS 7TH WARMEST
YEAR ON RECORD (ALSO OCCURRED IN 1986 AND 1973). WARMEST
YEAR ON RECORD IS 60.0 DEGREES IN 2012. YEARLY RAINFALL OF
34.29 INCHES IS 3RD DRIEST YEAR ON RECORD. THE DRIEST
YEAR IS 29.91 INCHES IN 1980.

$$
