000
CXUS55 KLKN 021303
CLAELY
CLIMATE REPORT
NATIONAL WEATHER SERVICE ELKO, NV
503 AM PST TUE JAN 02 2024
...................................
...THE ELY AIRPORT NV CLIMATE SUMMARY FOR THE YEAR OF 2023...
CLIMATE NORMAL PERIOD 1991 TO 2020
CLIMATE RECORD PERIOD 1893 TO 2024
WEATHER OBSERVED NORMAL DEPART LAST YEAR`S
VALUE DATE(S) VALUE FROM VALUE
NORMAL
..............................................................
TEMPERATURE (F)
RECORD
HIGH 101 07/12/2002
07/18/1998
LOW -30 02/06/1989
HIGHEST 100 07/16 96 4 97
LOWEST -21 01/31 -16 -5 -6
AVG. MAXIMUM 59.5 63.1 -3.6 62.9
AVG. MINIMUM 27.7 29.1 -1.4 28.9
MEAN 43.6 46.1 -2.5 45.9
DAYS MAX >= 90 22 29.2 -7.2 42
DAYS MAX <= 32 41 21.7 19.3 19
DAYS MIN <= 32 208 214.9 -6.9 224
DAYS MIN <= 0 22 15.8 6.2 12
PRECIPITATION (INCHES)
RECORD
MAXIMUM 17.20 1897
MINIMUM 4.22 1974
TOTALS 13.81 9.41 4.40 9.86
DAILY AVG. T 0.03 -0.03 T
DAYS >= .01 91 72.9 18.1 MM
DAYS >= .10 44 29.2 14.8 MM
DAYS >= .50 6 3.3 2.7 MM
DAYS >= 1.00 0 0.4 -0.4 MM
GREATEST
24 HR. TOTAL 0.89 08/19 TO 08/20
SNOWFALL (INCHES)
RECORDS
TOTAL 128.4 2010
24 HR TOTAL 16.0 04/07/1900 TO 04/07/1900
SNOW DEPTH 25 02/01/2016
TOTALS 94.1 54.1 40.0 48.8
SNOWDEPTH AVG. 5 1
DAYS >= TRACE 67 33.7 33.3 MM
DAYS >= 1.0 32 15.8 16.2 MM
DAYS >= 1.0 32 MM
GREATEST
SNOW DEPTH 24 01/17 9
01/18
24 HR TOTAL MM
DEGREE DAYS
HEATING TOTAL 7928 7167 761 7324
COOLING TOTAL 263 298 -35 497
..............................................................
WIND (MPH)
AVERAGE WIND SPEED 9.8
HIGHEST WIND SPEED/DIRECTION 41/140 DATE 05/03
HIGHEST GUST SPEED/DIRECTION 58/210 DATE 04/17
AVERAGE RH (PERCENT) 57
WEATHER CONDITIONS. NUMBER OF DAYS WITH
THUNDERSTORM 48 MIXED PRECIP 0
HEAVY RAIN 9 RAIN 19
LIGHT RAIN 78 FREEZING RAIN 0
LT FREEZING RAIN 0 HAIL 0
HEAVY SNOW 13 SNOW 25
LIGHT SNOW 60 SLEET 0
FOG 83 FOG W/VIS <= 1/4 MILE 17
HAZE 25
- INDICATES NEGATIVE NUMBERS.
R INDICATES RECORD WAS SET OR TIED.
MM INDICATES DATA IS MISSING.
T INDICATES TRACE AMOUNT.
=====================================================================
...2023 WAS COOLER AND WETTER THAN NORMAL IN ELY...
...10TH WETTEST YEAR ON RECORD FOR ELY...
...5TH SNOWIEST YEAR ON RECORD FOR ELY...
...1ST WETTEST JANUARY ON RECORD FOR ELY...
...1ST SNOWIEST JANUARY ON RECORD FOR ELY...
...4TH COLDEST FEBRUARY ON RECORD FOR ELY...
...6TH COLDEST METEORLOGICAL WINTER FOR ELY...
...1ST WETTEST METEORLOGICAL WINTER FOR ELY...
...1ST SNOWIEST METEORLOGICAL WINTER FOR ELY...
...3RD COLDEST MARCH ON RECORD FOR ELY...
...5TH WETTEST MARCH ON RECORD FOR ELY...
...3RD SNOWIEST MARCH ON RECORD FOR ELY...
...7TH (TIED) WARMEST JULY ON RECORD FOR ELY...
...1ST (TIED) DRIEST JULY ON RECORD FOR ELY...
...4TH WETTEST AUGUST ON RECORD FOR ELY...
...6TH WARMEST DECEMBER ON RECORD FOR ELY...
...5TH (TIED) DRIEST DECEMBER ON RECORD FOR ELY...
$$