530
CXUS55 KLKN 030105 CCA
CLAELY

CLIMATE REPORT...UPDATED
NATIONAL WEATHER SERVICE ELKO NV
505 PM PST MON JAN 2 2017

...................................

...THE ELY AIRPORT NV CLIMATE SUMMARY FOR THE YEAR OF 2016...

CLIMATE NORMAL PERIOD 1981 TO 2010
CLIMATE RECORD PERIOD 1893 TO 2017

WEATHER         OBSERVED          NORMAL  DEPART  LAST YEAR`S
                 VALUE   DATE(S)  VALUE   FROM    VALUE
                                          NORMAL
.............................................................
TEMPERATURE (F)
RECORD
 HIGH             101   07/12/2002
                        07/18/1998
 LOW              -30   02/06/1989
HIGHEST            98   07/28        96       2       97
                        07/27
LOWEST            -19   01/01       -16      -3      -18
AVG. MAXIMUM     62.5              61.4     1.1     64.4
AVG. MINIMUM     29.0              28.5     0.5     31.3
MEAN             45.8              45.0     0.8     47.9
DAYS MAX >= 90     35              20.0    15.0       32
DAYS MAX <= 32     22              20.6     1.4       20
DAYS MIN <= 32    203             211.1    -8.1      186
DAYS MIN <= 0      19              15.3     3.7       13

PRECIPITATION (INCHES)
RECORD
 MAXIMUM        17.20   1897
 MINIMUM         4.22   1974
TOTALS          10.98              9.76    1.22     9.86
DAILY AVG.       0.03              0.03    0.00     0.03
DAYS >= .01        73              75.2    -2.2       77
DAYS >= .10        33              30.1     2.9       34
DAYS >= .50         5               3.3     1.7        3
DAYS >= 1.00        2               0.3     1.7        0
GREATEST
 24 HR. TOTAL    1.52   06/11 TO 06/12

SNOWFALL (INCHES)
RECORDS
 TOTAL          128.4   2010
 24 HR TOTAL     16.0   04/07/1900 TO 04/07/1900
 SNOW DEPTH        24   01/23/2010
TOTALS           75.6              50.8    24.8     52.9
SNOWDEPTH AVG.      2                MM      MM        0
DAYS >= TRACE      52              35.7    16.3       44
DAYS >= 1.0        17              16.2     0.8       15
DAYS >= 5.0         4                                  2
GREATEST
 SNOW DEPTH        25R  02/01                         13
 24 HR TOTAL     13.0   03/28 TO 03/28

DEGREE_DAYS
HEATING TOTAL    7200              7523    -323     6476
COOLING TOTAL     267               218      49      329
..............................................................

WIND (MPH)
AVERAGE WIND SPEED              9.8
HIGHEST WIND SPEED/DIRECTION    46/200    DATE  04/22
HIGHEST GUST SPEED/DIRECTION    69/180    DATE  04/22

AVERAGE RH (PERCENT)     51

WEATHER CONDITIONS. NUMBER OF DAYS WITH
THUNDERSTORM              0     MIXED PRECIP               0
HEAVY RAIN                4     RAIN                      15
LIGHT RAIN               71     FREEZING RAIN              0
LT FREEZING RAIN          0     HAIL                       0
HEAVY SNOW                8     SNOW                      17
LIGHT SNOW               45     SLEET                      0
FOG                      54     FOG W/VIS <= 1/4 MILE     10
HAZE                     18

-  INDICATES NEGATIVE NUMBERS.
R  INDICATES RECORD WAS SET OR TIED.
MM INDICATES DATA IS MISSING.
T  INDICATES TRACE AMOUNT.

&&

=====================================================================

...9TH SNOWIEST YEAR ON RECORD IN ELY WITH A TOTAL SNOWFALL OF
75.6 INCHES...

...JANUARY 2016 WAS THE WETTEST JANUARY ON RECORD WITH A TOTAL
PRECIPITATION OF 2.58 INCHES...

...JANUARY 2016 WAS THE SNOWIEST JANUARY ON RECORD WITH A TOTAL
SNOWFALL OF 35.4 INCHES...

$$

DS
