000
CXUS53 KGRB 011133
CLAGRB

CLIMATE REPORT
NATIONAL WEATHER SERVICE GREEN BAY
527 AM CST FRI JAN 1 2016

...................................

...THE GREEN BAY WI CLIMATE SUMMARY FOR THE YEAR OF 2015...

CLIMATE NORMAL PERIOD 1981 TO 2010
CLIMATE RECORD PERIOD 1886 TO 2015

WEATHER         OBSERVED          NORMAL  DEPART  LAST YEAR`S
                 VALUE   DATE(S)  VALUE   FROM    VALUE  DATE(S)
                                          NORMAL
................................................................
TEMPERATURE (F)
RECORD
 HIGH             104   07/13/1936
 LOW              -36   01/21/1888
HIGHEST            93   08/02                         91  07/22
LOWEST            -15   02/23                        -24  03/03
AVG. MAXIMUM     56.2              53.6     2.6     51.1
AVG. MINIMUM     37.3              35.0     2.3     32.5
MEAN             46.8              44.3     2.5     41.8
DAYS MAX >= 90      2               3.1    -1.1        1
DAYS MAX <= 32     68              71.9    -3.9       94
DAYS MIN <= 32    128             156.8   -28.8      156
DAYS MIN <= 0      27              19.2     7.8       46

PRECIPITATION (INCHES)
RECORD
 MAXIMUM        38.36   1985
 MINIMUM        16.31   1930
TOTALS          32.89             29.52    3.37    32.12
DAILY AVG.       0.09
DAYS >= .01       110             123.0   -13.0      134
DAYS >= .10        64              64.7    -0.7       76
DAYS >= .50        20              17.6     2.4       21
DAYS >= 1.00        8               5.3     2.7        6

SNOWFALL (INCHES)
RECORDS
 TOTAL          123.8   1887
TOTALS           34.9              51.4   -16.5     56.2
SINCE 7/1        13.9              17.3    -3.4     11.7
SNOWDEPTH AVG.      1
DAYS >= TRACE      70              40.2    29.8       92
DAYS >= 1.0        10              15.8    -5.8       19
GREATEST
 SNOW DEPTH        13   12/29                         22  02/18
 24 HR TOTAL     11.5   MM

DEGREE_DAYS
HEATING TOTAL    6998              7955    -957     8661
 SINCE 7/1         MM              3090      MM       MM
COOLING TOTAL     517               398     119      362
 SINCE 1/1        517               398     119      362

FREEZE DATES
RECORD
 EARLIEST     09/12/1955
 LATEST       06/06/1958
EARLIEST                        10/04
LATEST                          05/05
.................................................................

WIND (MPH)
AVERAGE WIND SPEED              8.8
HIGHEST WIND SPEED/DIRECTION    49/010    DATE  08/14
HIGHEST GUST SPEED/DIRECTION    62/010    DATE  08/14

SKY COVER
POSSIBLE SUNSHINE (PERCENT)   MM
AVERAGE SKY COVER           0.40
NUMBER OF DAYS FAIR          165
NUMBER OF DAYS PC            118
NUMBER OF DAYS CLOUDY         82

AVERAGE RH (PERCENT)     72

WEATHER CONDITIONS. NUMBER OF DAYS WITH
THUNDERSTORM              0     MIXED PRECIP               0
HEAVY RAIN               29     RAIN                      54
LIGHT RAIN              113     FREEZING RAIN              1
LT FREEZING RAIN          3     HAIL                       1
HEAVY SNOW                3     SNOW                       6
LIGHT SNOW               67     SLEET                      0
FOG                     200     FOG W/VIS <= 1/4 MILE     24
HAZE                     96

-  INDICATES NEGATIVE NUMBERS.
R  INDICATES RECORD WAS SET OR TIED.
MM INDICATES DATA IS MISSING.
T  INDICATES TRACE AMOUNT.

$$
