000
CXUS53 KILX 021821 CCA
CLAILX

CLIMATE REPORT...CORRECTED
NATIONAL WEATHER SERVICE LINCOLN IL
1220 PM CST THU JAN 2 2014

ADDED DATES OF GREATEST 24-HOUR PRECIPITATION AND SNOWFALL
ADDED TABLE OF RECORDS

...................................

...THE LINCOLN IL CLIMATE SUMMARY FOR THE YEAR OF 2013...

CLIMATE NORMAL PERIOD 1981 TO 2010
CLIMATE RECORD PERIOD 1905 TO 2013

WEATHER         OBSERVED          NORMAL  DEPART  LAST YEAR`S
                 VALUE   DATE(S)  VALUE   FROM    VALUE  DATE(S)
                                          NORMAL
................................................................
TEMPERATURE (F)
RECORD
 HIGH             113   07/15/1936
 LOW              -34   01/15/1927
HIGHEST            96   09/10        MM      MM      102  07/07
                                                          07/06
LOWEST             -3   12/12        MM      MM        0  01/14
AVG. MAXIMUM     60.8              62.3    -1.5     66.6
AVG. MINIMUM     40.2              41.9    -1.7     43.0
MEAN             50.5              52.1    -1.6     54.8
DAYS MAX >= 90     17              20.3    -3.3       48
DAYS MAX <= 32     39              33.8     5.2       16
DAYS MIN <= 32    142             115.8    26.2      117
DAYS MIN <= 0       1               5.7    -4.7        1

PRECIPITATION (INCHES)
RECORD
 MAXIMUM        56.25   2008
 MINIMUM        14.03   1988
TOTALS          36.30             39.60   -3.30    27.22
DAILY AVG.       0.10                               0.07
DAYS >= .01       111             113.8    -2.8      106
DAYS >= .10        67              71.2    -4.2       57
DAYS >= .50        25              25.7    -0.7       15
DAYS >= 1.00       10               9.0     1.0        5
GREATEST
 24 HR. TOTAL    2.02   04/10                       2.28

SNOWFALL (INCHES)
RECORDS
 TOTAL           50.9   1914
 24 HR TOTAL     13.0   02/23/1914
TOTALS           27.4              20.5     6.9      9.2
DAYS >= TRACE      49              14.8    34.2       25
DAYS >= 1.0         6               6.8    -0.8        5
GREATEST
 SNOW DEPTH        11   03/25                          3
 24 HR TOTAL     10.8   03/24                        2.7

DEGREE_DAYS
HEATING TOTAL    6129              5708     421     4769
COOLING TOTAL     947              1017     -70     1164

FREEZE DATES
RECORD
 EARLIEST     09/11/1917
 LATEST       05/29/1925
EARLIEST                        10/12
LATEST                          04/18
.................................................................

SKY COVER
POSSIBLE SUNSHINE (PERCENT)   MM


WEATHER CONDITIONS. NUMBER OF DAYS WITH
THUNDERSTORM             38     MIXED PRECIP               0
HEAVY RAIN               33     RAIN                      55
LIGHT RAIN              126     FREEZING RAIN              4
LT FREEZING RAIN          6     HAIL                       1
HEAVY SNOW                3     SNOW                       5
LIGHT SNOW               46     SLEET                      2
FOG                     111     FOG W/VIS <= 1/4 MILE     14
HAZE                     11

-  INDICATES NEGATIVE NUMBERS.
R  INDICATES RECORD WAS SET OR TIED.
MM INDICATES DATA IS MISSING.
T  INDICATES TRACE AMOUNT.

&&

RECORDS ESTABLISHED DURING THE YEAR:

SEASONAL RECORDS --
- TIED 10TH COOLEST SPRING ON RECORD
- 10TH WETTEST SPRING ON RECORD

JANUARY RECORDS --
- RECORD HIGH TEMPERATURE OF 64 DEGREES ON THE 29TH
- RECORD DAILY PRECIPITATION OF 1.37 INCHES ON THE 29TH

FEBRUARY -- NO RECORDS ESTABLISHED

MARCH RECORDS --
- 8TH COLDEST MARCH ON RECORD
- 5TH SNOWIEST MARCH ON RECORD
- MARCH 24-HOUR SNOWFALL RECORD OF 10.8 INCHES ON THE 24TH
- TIED RECORD LOW OF 15 DEGREES ON THE 22ND
- RECORD DAILY PRECIPITATION OF 1.13 INCHES ON THE 24TH
- RECORD DAILY SNOWFALL OF 10.8 INCHES ON THE 24TH

APRIL RECORDS --
- DAILY RECORD RAINFALL OF 2.02 INCHES ON THE 10TH
- DAILY RECORD RAINFALL OF 1.61 INCHES ON THE 18TH
- TIED DAILY RECORD SNOWFALL OF A TRACE ON THE 19TH

MAY RECORDS --
- 7TH WETTEST MAY ON RECORD
- RECORD COLD HIGH TEMPERATURE OF 56 DEGREES ON THE 25TH

JUNE -- NO RECORDS SET

JULY RECORDS --
- 4TH COLDEST JULY ON RECORD
- RECORD COLD HIGH TEMPERATURE OF 69 DEGREES ON THE 27TH
- RECORD LOW TEMPERATURE OF 48 DEGREES ON THE 28TH

AUGUST RECORDS --
- RECORD DAILY RAINFALL OF 1.67 INCHES ON THE 7TH

SEPTEMBER RECORDS --
- 7TH DRIEST SEPTEMBER ON RECORD

OCTOBER RECORDS --
- RECORD DAILY LOW TEMPERATURE OF 20 DEGREES ON THE 25TH

NOVEMBER -- NO RECORDS ESTABLISHED

DECEMBER -- NO RECORDS ESTABLISHED

$$
GEELHART
