000
CDUS41 KBTV 290524
CLI1V4


CLIMATE REPORT
NATIONAL WEATHER SERVICE BURLINGTON VT
122 AM EDT THU JUN 29 2017


...................................

...THE ST. JOHNSBURY VT CLIMATE SUMMARY FOR JUNE 28 2017...

CLIMATE NORMAL PERIOD 1981 TO 2010
CLIMATE RECORD PERIOD 1894 TO 2017


WEATHER ITEM   OBSERVED TIME   RECORD YEAR NORMAL DEPARTURE LAST
                VALUE   (LST)  VALUE       VALUE  FROM      YEAR
                                                  NORMAL
..................................................................
TEMPERATURE (F)
 YESTERDAY
  MAXIMUM         69    627 PM  96    1933  80    -11       84
  MINIMUM         51    549 AM  36    1927  57     -6       60
  AVERAGE         60                        69     -9       72

PRECIPITATION (IN)
  YESTERDAY        0.11          1.77 2016   0.14  -0.03     1.77
  MONTH TO DATE    4.49                      3.74   0.75     3.81
  SINCE JUN 1      4.49                      3.74   0.75     3.81
  SINCE JAN 1     21.39                     17.15   4.24    16.39

DEGREE DAYS
 HEATING
  YESTERDAY        5                         1      4        0
  MONTH TO DATE   98                        70     28       91
  SINCE JUN 1     98                        70     28       91
  SINCE JUL 1   7272                      7774   -502     6928

 COOLING
  YESTERDAY        0                         5     -5        7
  MONTH TO DATE   68                        81    -13       52
  SINCE JUN 1     68                        81    -13       52
  SINCE JAN 1     81                        99    -18       95
..................................................................


WIND (MPH)
  HIGHEST WIND SPEED    MM   HIGHEST WIND DIRECTION    MM
  HIGHEST GUST SPEED    MM   HIGHEST GUST DIRECTION    MM
  AVERAGE WIND SPEED    MM


SKY COVER
  AVERAGE SKY COVER 0.0


WEATHER CONDITIONS
 THE FOLLOWING WEATHER WAS RECORDED YESTERDAY.
  NO SIGNIFICANT WEATHER WAS OBSERVED.


RELATIVE HUMIDITY (PERCENT)
 HIGHEST   100          1200 AM
 LOWEST     56           100 PM
 AVERAGE    78

..........................................................


THE ST. JOHNSBURY VT CLIMATE NORMALS FOR TODAY
                         NORMAL    RECORD    YEAR
 MAXIMUM TEMPERATURE (F)   80        98      1944
 MINIMUM TEMPERATURE (F)   58        33      1919


SUNRISE AND SUNSET
JUNE 29 2017..........SUNRISE   507 AM EDT   SUNSET   836 PM EDT
JUNE 30 2017..........SUNRISE   507 AM EDT   SUNSET   836 PM EDT


-  INDICATES NEGATIVE NUMBERS.
R  INDICATES RECORD WAS SET OR TIED.
MM INDICATES DATA IS MISSING.
T  INDICATES TRACE AMOUNT.




$$
