000
CDUS41 KBTV 060600
CLI1V4


CLIMATE REPORT
NATIONAL WEATHER SERVICE BURLINGTON VT
158 AM EDT MON JUL 6 2015


...................................

...THE ST. JOHNSBURY VT CLIMATE SUMMARY FOR JULY 5 2015...

CLIMATE NORMAL PERIOD 1981 TO 2010
CLIMATE RECORD PERIOD 1894 TO 2015


WEATHER ITEM   OBSERVED TIME   RECORD YEAR NORMAL DEPARTURE LAST
                VALUE   (LST)  VALUE       VALUE  FROM      YEAR
                                                  NORMAL
..................................................................
TEMPERATURE (F)
 YESTERDAY
  MAXIMUM         80        MM  99    1911  81     -1       78
  MINIMUM         58        MM  38    1979  58      0       59
  AVERAGE         69                        70     -1       69

PRECIPITATION (IN)
  YESTERDAY        0.00          1.70 1951   0.13  -0.13     0.00
  MONTH TO DATE    0.62                      0.62   0.00     1.10
  SINCE JUN 1      8.32                      4.63   3.69     4.37
  SINCE JAN 1     19.69                     18.04   1.65    20.07

DEGREE DAYS
 HEATING
  YESTERDAY        0                         1     -1        0
  MONTH TO DATE   11                         5      6        1
  SINCE JUN 1    120                        77     43       70
  SINCE JUL 1     11                         5      6        1

 COOLING
  YESTERDAY        4                         5     -1        4
  MONTH TO DATE    5                        25    -20       41
  SINCE JUN 1     38                       115    -77       88
  SINCE JAN 1     76                       133    -57       92
..................................................................


WIND (MPH)
  HIGHEST WIND SPEED    MM   HIGHEST WIND DIRECTION    MM
  HIGHEST GUST SPEED    MM   HIGHEST GUST DIRECTION    MM
  AVERAGE WIND SPEED    MM


SKY COVER
  AVERAGE SKY COVER 0.0


WEATHER CONDITIONS
 THE FOLLOWING WEATHER WAS RECORDED YESTERDAY.
  NO SIGNIFICANT WEATHER WAS OBSERVED.


RELATIVE HUMIDITY (PERCENT)
 HIGHEST    93           200 AM
 LOWEST     42           400 PM
 AVERAGE    68

..........................................................


THE ST. JOHNSBURY VT CLIMATE NORMALS FOR TODAY
                         NORMAL    RECORD    YEAR
 MAXIMUM TEMPERATURE (F)   81        97      1911
 MINIMUM TEMPERATURE (F)   59        40      1906


SUNRISE AND SUNSET
JULY  6 2015..........SUNRISE   510 AM EDT   SUNSET   835 PM EDT
JULY  7 2015..........SUNRISE   511 AM EDT   SUNSET   834 PM EDT


-  INDICATES NEGATIVE NUMBERS.
R  INDICATES RECORD WAS SET OR TIED.
MM INDICATES DATA IS MISSING.
T  INDICATES TRACE AMOUNT.




$$
