000
CDUS41 KBTV 190612
CLI1V4


CLIMATE REPORT
NATIONAL WEATHER SERVICE BURLINGTON VT
210 AM EDT SAT AUG 19 2017


...................................

...THE ST. JOHNSBURY VT CLIMATE SUMMARY FOR AUGUST 18 2017...

CLIMATE NORMAL PERIOD 1981 TO 2010
CLIMATE RECORD PERIOD 1894 TO 2017


WEATHER ITEM   OBSERVED TIME   RECORD YEAR NORMAL DEPARTURE LAST
                VALUE   (LST)  VALUE       VALUE  FROM      YEAR
                                                  NORMAL
..................................................................
TEMPERATURE (F)
 YESTERDAY
  MAXIMUM         66        MM  94    1935  79    -13       83
  MINIMUM         57        MM  36    1918  57      0       59
  AVERAGE         62                        68     -6       71

PRECIPITATION (IN)
  YESTERDAY        0.86          1.49 1937   0.14   0.72     0.01
  MONTH TO DATE    2.09                      2.75  -0.66     3.53
  SINCE JUN 1     12.20                     10.88   1.32    13.35
  SINCE JAN 1     29.10                     24.29   4.81    25.93

DEGREE DAYS
 HEATING
  YESTERDAY        3                         1      2        0
  MONTH TO DATE   12                        17     -5        3
  SINCE JUN 1    142                       104     38      110
  SINCE JUL 1     37                        32      5       19

 COOLING
  YESTERDAY        0                         4     -4        6
  MONTH TO DATE   46                        80    -34      101
  SINCE JUN 1    228                       339   -111      320
  SINCE JAN 1    241                       357   -116      363
..................................................................


WIND (MPH)
  HIGHEST WIND SPEED    MM   HIGHEST WIND DIRECTION    MM
  HIGHEST GUST SPEED    MM   HIGHEST GUST DIRECTION    MM
  AVERAGE WIND SPEED    MM


SKY COVER
  AVERAGE SKY COVER 0.0


WEATHER CONDITIONS
 THE FOLLOWING WEATHER WAS RECORDED YESTERDAY.
  NO SIGNIFICANT WEATHER WAS OBSERVED.


RELATIVE HUMIDITY (PERCENT)
 HIGHEST   100          1200 AM
 LOWEST     93           200 AM
 AVERAGE    97

..........................................................


THE ST. JOHNSBURY VT CLIMATE NORMALS FOR TODAY
                         NORMAL    RECORD    YEAR
 MAXIMUM TEMPERATURE (F)   79        96      1906
 MINIMUM TEMPERATURE (F)   57        38      1918


SUNRISE AND SUNSET
AUGUST 19 2017........SUNRISE   556 AM EDT   SUNSET   746 PM EDT
AUGUST 20 2017........SUNRISE   557 AM EDT   SUNSET   745 PM EDT


-  INDICATES NEGATIVE NUMBERS.
R  INDICATES RECORD WAS SET OR TIED.
MM INDICATES DATA IS MISSING.
T  INDICATES TRACE AMOUNT.




$$
