000
CDUS41 KBTV 220526
CLI1V4


CLIMATE REPORT
NATIONAL WEATHER SERVICE BURLINGTON VT
124 AM EDT SUN OCT 22 2017


...................................

...THE ST. JOHNSBURY VT CLIMATE SUMMARY FOR OCTOBER 21 2017...

CLIMATE NORMAL PERIOD 1981 TO 2010
CLIMATE RECORD PERIOD 1894 TO 2017


WEATHER ITEM   OBSERVED TIME   RECORD YEAR NORMAL DEPARTURE LAST
                VALUE   (LST)  VALUE       VALUE  FROM      YEAR
                                                  NORMAL
..................................................................
TEMPERATURE (F)
 YESTERDAY
  MAXIMUM         72    346 PM  77    1963  56     16       66
  MINIMUM         34    656 AM  14    1972  35     -1       51
  AVERAGE         53                        45      8       59

PRECIPITATION (IN)
  YESTERDAY        0.00          2.55 1996   0.12  -0.12     0.93
  MONTH TO DATE    1.55                      2.67  -1.12     1.13
  SINCE SEP 1      4.76                      6.06  -1.30     2.62
  SINCE JAN 1     34.30                     31.82   2.48    30.56

DEGREE DAYS
 HEATING
  YESTERDAY       12                        20     -8        6
  MONTH TO DATE  219                       336   -117      238
  SINCE SEP 1    349                       520   -171      384
  SINCE JUL 1    440                       570   -130      411

 COOLING
  YESTERDAY        0                         0      0        0
  MONTH TO DATE    1                         0      1        0
  SINCE SEP 1     68                        34     34       49
  SINCE JAN 1    330                       432   -102      457
..................................................................


WIND (MPH)
  HIGHEST WIND SPEED    MM   HIGHEST WIND DIRECTION    MM
  HIGHEST GUST SPEED    MM   HIGHEST GUST DIRECTION    MM
  AVERAGE WIND SPEED    MM


SKY COVER
  AVERAGE SKY COVER 0.0


WEATHER CONDITIONS
 THE FOLLOWING WEATHER WAS RECORDED YESTERDAY.
  NO SIGNIFICANT WEATHER WAS OBSERVED.


RELATIVE HUMIDITY (PERCENT)
 HIGHEST   100           200 AM
 LOWEST     35           200 PM
 AVERAGE    68

..........................................................


THE ST. JOHNSBURY VT CLIMATE NORMALS FOR TODAY
                         NORMAL    RECORD    YEAR
 MAXIMUM TEMPERATURE (F)   55        82      1979
 MINIMUM TEMPERATURE (F)   34        16      1959


SUNRISE AND SUNSET
OCTOBER 22 2017.......SUNRISE   712 AM EDT   SUNSET   552 PM EDT
OCTOBER 23 2017.......SUNRISE   714 AM EDT   SUNSET   550 PM EDT


-  INDICATES NEGATIVE NUMBERS.
R  INDICATES RECORD WAS SET OR TIED.
MM INDICATES DATA IS MISSING.
T  INDICATES TRACE AMOUNT.




$$
