000
CDUS41 KBTV 210639
CLI1V4


CLIMATE REPORT
NATIONAL WEATHER SERVICE BURLINGTON VT
117 AM EST TUE FEB 21 2017


...................................

...THE ST. JOHNSBURY VT CLIMATE SUMMARY FOR FEBRUARY 20 2017...

CLIMATE NORMAL PERIOD 1981 TO 2010
CLIMATE RECORD PERIOD 1894 TO 2017


WEATHER ITEM   OBSERVED TIME   RECORD YEAR NORMAL DEPARTURE LAST
                VALUE   (LST)  VALUE       VALUE  FROM      YEAR
                                                  NORMAL
..................................................................
TEMPERATURE (F)
 YESTERDAY
  MAXIMUM         37        MM  60    1981  32      5       45
  MINIMUM         18        MM -23    1903   9      9       30
  AVERAGE         28                        21      7       38

PRECIPITATION (IN)
  YESTERDAY        0.00          0.80 1946   0.07  -0.07     0.19
  MONTH TO DATE    2.86                      1.57   1.29     1.47
  SINCE DEC 1      8.29                      7.16   1.13     7.56
  SINCE JAN 1      4.72                      4.08   0.64     2.66

DEGREE DAYS
 HEATING
  YESTERDAY       37                        44     -7       27
  MONTH TO DATE  876                       932    -56      841
  SINCE DEC 1   3326                      3725   -399     3089
  SINCE JUL 1   4786                      5381   -595     4566

 COOLING
  YESTERDAY        0                         0      0        0
  MONTH TO DATE    0                         0      0        0
  SINCE DEC 1      0                         0      0        0
  SINCE JAN 1      0                         0      0        0
..................................................................


WIND (MPH)
  HIGHEST WIND SPEED    MM   HIGHEST WIND DIRECTION    MM
  HIGHEST GUST SPEED    MM   HIGHEST GUST DIRECTION    MM
  AVERAGE WIND SPEED    MM


SKY COVER
  AVERAGE SKY COVER 0.0


WEATHER CONDITIONS
 THE FOLLOWING WEATHER WAS RECORDED YESTERDAY.
  NO SIGNIFICANT WEATHER WAS OBSERVED.


RELATIVE HUMIDITY (PERCENT)
 HIGHEST    77          1000 PM
 LOWEST     35           200 PM
 AVERAGE    56

..........................................................


THE ST. JOHNSBURY VT CLIMATE NORMALS FOR TODAY
                         NORMAL    RECORD    YEAR
 MAXIMUM TEMPERATURE (F)   33        62      1981
 MINIMUM TEMPERATURE (F)    9       -20      1993


SUNRISE AND SUNSET
FEBRUARY 21 2017......SUNRISE   638 AM EST   SUNSET   526 PM EST
FEBRUARY 22 2017......SUNRISE   637 AM EST   SUNSET   527 PM EST


-  INDICATES NEGATIVE NUMBERS.
R  INDICATES RECORD WAS SET OR TIED.
MM INDICATES DATA IS MISSING.
T  INDICATES TRACE AMOUNT.




$$
