000
CDUS43 KUNR 220845
CLI2WX


CLIMATE REPORT
NATIONAL WEATHER SERVICE RAPID CITY SD
243 AM MDT TUE JUL 22 2014


...................................

...THE BUFFALO SD CLIMATE SUMMARY FOR JULY 21 2014...

CLIMATE NORMAL PERIOD 1981 TO 2010
CLIMATE RECORD PERIOD 9999 TO 9999


WEATHER ITEM   OBSERVED TIME   RECORD YEAR NORMAL DEPARTURE LAST
                VALUE   (LST)  VALUE       VALUE  FROM      YEAR
                                                  NORMAL
..................................................................
TEMPERATURE (F)
 YESTERDAY
  MAXIMUM         92    148 PM              86      6       98
  MINIMUM         63   1159 PM              58      5       57
  AVERAGE         78                        72      6       78

PRECIPITATION (IN)
  YESTERDAY        0.00         MM      MM   0.06  -0.06     0.00
  MONTH TO DATE    0.46                      1.44  -0.98     0.78
  SINCE JUN 1      6.00                      4.07   1.93     2.48
  SINCE JAN 1     10.34                     10.11   0.23     6.64

DEGREE DAYS
 HEATING
  YESTERDAY        0                         1     -1        0
  MONTH TO DATE   16                        21     -5        2
  SINCE JUN 1    151                       135     16       91
  SINCE JUL 1     16                        21     -5        2

 COOLING
  YESTERDAY       13                         8      5       13
  MONTH TO DATE  107                       129    -22      189
  SINCE JUN 1    123                       191    -68      235
  SINCE JAN 1    153                       197    -44      245
..................................................................


WIND (MPH)
  HIGHEST WIND SPEED    31   HIGHEST WIND DIRECTION    NW (300)
  HIGHEST GUST SPEED    33   HIGHEST GUST DIRECTION    NW (300)
  AVERAGE WIND SPEED    10.5




RELATIVE HUMIDITY (PERCENT)
 HIGHEST    93          1000 PM
 LOWEST     29           200 PM
 AVERAGE    61

..........................................................




SUNRISE AND SUNSET
JULY 22 2014..........SUNRISE   527 AM MDT   SUNSET   834 PM MDT
JULY 23 2014..........SUNRISE   528 AM MDT   SUNSET   833 PM MDT


-  INDICATES NEGATIVE NUMBERS.
R  INDICATES RECORD WAS SET OR TIED.
MM INDICATES DATA IS MISSING.
T  INDICATES TRACE AMOUNT.




$$
