000
CDUS43 KUNR 060837
CLI2WX


CLIMATE REPORT
NATIONAL WEATHER SERVICE RAPID CITY SD
132 AM MST FRI MAR 6 2015


...................................

...THE BUFFALO SD CLIMATE SUMMARY FOR MARCH 5 2015...

CLIMATE NORMAL PERIOD 1981 TO 2010
CLIMATE RECORD PERIOD 9999 TO 9999


WEATHER ITEM   OBSERVED TIME   NORMAL DEPARTURE LAST
                VALUE   (LST)  VALUE  FROM      YEAR
                                      NORMAL
......................................................
TEMPERATURE (F)
 YESTERDAY
  MAXIMUM         46    325 PM  39      7       31
  MINIMUM          1    305 AM  18    -17       14
  AVERAGE         24            29     -5       23

PRECIPITATION (IN)
  YESTERDAY        0.00          0.03  -0.03     0.00
  MONTH TO DATE    0.00          0.09  -0.09     0.15
  SINCE MAR 1      0.00          0.09  -0.09     0.15
  SINCE JAN 1      0.47          0.66  -0.19     0.73

DEGREE DAYS
 HEATING
  YESTERDAY       41            36      5       42
  MONTH TO DATE  239           185     54      313
  SINCE MAR 1    239           185     54      313
  SINCE JUL 1   5697          5982   -285     6370

 COOLING
  YESTERDAY        0             0      0        0
  MONTH TO DATE    0             0      0        0
  SINCE MAR 1      0             0      0        0
  SINCE JAN 1      0             0      0        0
......................................................


WIND (MPH)
  HIGHEST WIND SPEED    36   HIGHEST WIND DIRECTION    NW (310)
  HIGHEST GUST SPEED    44   HIGHEST GUST DIRECTION     W (280)
  AVERAGE WIND SPEED    13.6




RELATIVE HUMIDITY (PERCENT)
 HIGHEST    76           700 AM
 LOWEST     25           200 PM
 AVERAGE    51

..........................................................




SUNRISE AND SUNSET
MARCH  6 2015.........SUNRISE   624 AM MST   SUNSET   548 PM MST
MARCH  7 2015.........SUNRISE   622 AM MST   SUNSET   549 PM MST


-  INDICATES NEGATIVE NUMBERS.
R  INDICATES RECORD WAS SET OR TIED.
MM INDICATES DATA IS MISSING.
T  INDICATES TRACE AMOUNT.




$$
