000
CDUS43 KUNR 250832
CLI2WX


CLIMATE REPORT
NATIONAL WEATHER SERVICE RAPID CITY SD
231 AM MDT TUE APR 25 2017


...................................

...THE BUFFALO SD CLIMATE SUMMARY FOR APRIL 24 2017...

CLIMATE NORMAL PERIOD 1981 TO 2010
CLIMATE RECORD PERIOD 9999 TO 9999


WEATHER ITEM   OBSERVED TIME   NORMAL DEPARTURE LAST
                VALUE   (LST)  VALUE  FROM      YEAR
                                      NORMAL
......................................................
TEMPERATURE (F)
 YESTERDAY
  MAXIMUM         54    322 PM  59     -5       50
  MINIMUM         33   1159 PM  34     -1       39
  AVERAGE         44            46     -2       45

PRECIPITATION (IN)
  YESTERDAY        0.01          0.05  -0.04     0.09
  MONTH TO DATE    3.19          1.09   2.10     1.23
  SINCE MAR 1      4.70          1.86   2.84     1.48
  SINCE JAN 1      5.00          2.43   2.57     2.14

DEGREE DAYS
 HEATING
  YESTERDAY       21            19      2       20
  MONTH TO DATE  429           546   -117      412
  SINCE MAR 1   1269          1552   -283     1153
  SINCE JUL 1   6620          7349   -729     5931

 COOLING
  YESTERDAY        0             0      0        0
  MONTH TO DATE    0             0      0        0
  SINCE MAR 1      0             0      0        0
  SINCE JAN 1      0             0      0        0
......................................................


WIND (MPH)
  HIGHEST WIND SPEED    22   HIGHEST WIND DIRECTION    NE (40)
  HIGHEST GUST SPEED    27   HIGHEST GUST DIRECTION    NW (320)
  AVERAGE WIND SPEED    13.0




RELATIVE HUMIDITY (PERCENT)
 HIGHEST   100          1200 AM
 LOWEST     63          1200 PM
 AVERAGE    82

..........................................................




SUNRISE AND SUNSET
APRIL 25 2017.........SUNRISE   551 AM MDT   SUNSET   754 PM MDT
APRIL 26 2017.........SUNRISE   549 AM MDT   SUNSET   755 PM MDT


-  INDICATES NEGATIVE NUMBERS.
R  INDICATES RECORD WAS SET OR TIED.
MM INDICATES DATA IS MISSING.
T  INDICATES TRACE AMOUNT.




$$
