000
CDUS43 KUNR 240839
CLI2WX


CLIMATE REPORT
NATIONAL WEATHER SERVICE RAPID CITY SD
238 AM MDT WED MAY 24 2017


...................................

...THE BUFFALO SD CLIMATE SUMMARY FOR MAY 23 2017...

CLIMATE NORMAL PERIOD 1981 TO 2010
CLIMATE RECORD PERIOD 9999 TO 9999


WEATHER ITEM   OBSERVED TIME   NORMAL DEPARTURE LAST
                VALUE   (LST)  VALUE  FROM      YEAR
                                      NORMAL
......................................................
TEMPERATURE (F)
 YESTERDAY
  MAXIMUM         67    309 PM  68     -1       75
  MINIMUM         38    457 AM  44     -6       40
  AVERAGE         53            56     -3       58

PRECIPITATION (IN)
  YESTERDAY        0.00          0.15  -0.15     0.00
  MONTH TO DATE    1.42          1.95  -0.53     0.47
  SINCE MAR 1      6.13          4.27   1.86     2.87
  SINCE JAN 1      6.43          4.84   1.59     3.53

DEGREE DAYS
 HEATING
  YESTERDAY       12            10      2        7
  MONTH TO DATE  233           296    -63      237
  SINCE MAR 1   1650          1952   -302     1536
  SINCE JUL 1   7001          7749   -748     6314

 COOLING
  YESTERDAY        0             0      0        0
  MONTH TO DATE   13             0     13        2
  SINCE MAR 1     13             0     13        2
  SINCE JAN 1     13             0     13        2
......................................................


WIND (MPH)
  HIGHEST WIND SPEED    21   HIGHEST WIND DIRECTION     N (360)
  HIGHEST GUST SPEED    28   HIGHEST GUST DIRECTION    NE (30)
  AVERAGE WIND SPEED    10.1




RELATIVE HUMIDITY (PERCENT)
 HIGHEST    85           500 AM
 LOWEST     30           300 PM
 AVERAGE    58

..........................................................




SUNRISE AND SUNSET
MAY 24 2017...........SUNRISE   514 AM MDT   SUNSET   829 PM MDT
MAY 25 2017...........SUNRISE   513 AM MDT   SUNSET   830 PM MDT


-  INDICATES NEGATIVE NUMBERS.
R  INDICATES RECORD WAS SET OR TIED.
MM INDICATES DATA IS MISSING.
T  INDICATES TRACE AMOUNT.




$$
