000
CDUS43 KUNR 260837
CLI2WX


CLIMATE REPORT
NATIONAL WEATHER SERVICE RAPID CITY SD
233 AM MDT SUN MAR 26 2017


...................................

...THE BUFFALO SD CLIMATE SUMMARY FOR MARCH 25 2017...

CLIMATE NORMAL PERIOD 1981 TO 2010
CLIMATE RECORD PERIOD 9999 TO 9999


WEATHER ITEM   OBSERVED TIME   NORMAL DEPARTURE LAST
                VALUE   (LST)  VALUE  FROM      YEAR
                                      NORMAL
......................................................
TEMPERATURE (F)
 YESTERDAY
  MAXIMUM         63    251 PM  47     16       39
  MINIMUM         35    556 AM  25     10       21
  AVERAGE         49            36     13       30

PRECIPITATION (IN)
  YESTERDAY        0.00          0.03  -0.03     0.20
  MONTH TO DATE    0.82          0.62   0.20     0.22
  SINCE MAR 1      0.82          0.62   0.20     0.22
  SINCE JAN 1      1.12          1.19  -0.07     0.88

DEGREE DAYS
 HEATING
  YESTERDAY       16            29    -13       35
  MONTH TO DATE  743           838    -95      595
  SINCE MAR 1    743           838    -95      595
  SINCE JUL 1   6094          6635   -541     5373

 COOLING
  YESTERDAY        0             0      0        0
  MONTH TO DATE    0             0      0        0
  SINCE MAR 1      0             0      0        0
  SINCE JAN 1      0             0      0        0
......................................................


WIND (MPH)
  HIGHEST WIND SPEED    25   HIGHEST WIND DIRECTION    SE (150)
  HIGHEST GUST SPEED    30   HIGHEST GUST DIRECTION    SE (150)
  AVERAGE WIND SPEED    11.5




RELATIVE HUMIDITY (PERCENT)
 HIGHEST    82           500 AM
 LOWEST     32           100 PM
 AVERAGE    57

..........................................................




SUNRISE AND SUNSET
MARCH 26 2017.........SUNRISE   645 AM MDT   SUNSET   715 PM MDT
MARCH 27 2017.........SUNRISE   643 AM MDT   SUNSET   716 PM MDT


-  INDICATES NEGATIVE NUMBERS.
R  INDICATES RECORD WAS SET OR TIED.
MM INDICATES DATA IS MISSING.
T  INDICATES TRACE AMOUNT.




$$
