000
CDUS43 KUNR 180831
CLI2WX


CLIMATE REPORT
NATIONAL WEATHER SERVICE RAPID CITY SD
131 AM MST THU JAN 18 2018


...................................

...THE BUFFALO SD CLIMATE SUMMARY FOR JANUARY 17 2018...

CLIMATE NORMAL PERIOD 1981 TO 2010
CLIMATE RECORD PERIOD 9999 TO 9999


WEATHER ITEM   OBSERVED TIME   NORMAL DEPARTURE LAST
                VALUE   (LST)  VALUE  FROM      YEAR
                                      NORMAL
......................................................
TEMPERATURE (F)
 YESTERDAY
  MAXIMUM         36    225 PM  31      5       38
  MINIMUM          0   1212 AM  10    -10       15
  AVERAGE         18            20     -2       27

PRECIPITATION (IN)
  YESTERDAY        0.00          0.01  -0.01     0.00
  MONTH TO DATE    0.20          0.16   0.04     0.00
  SINCE DEC 1      0.74          0.45   0.29     1.17
  SINCE JAN 1      0.20          0.16   0.04     0.00

DEGREE DAYS
 HEATING
  YESTERDAY       47            45      2       38
  MONTH TO DATE  870           765    105      997
  SINCE DEC 1   2186          2127     59     2552
  SINCE JUL 1   3854          4025   -171     3842

 COOLING
  YESTERDAY        0             0      0        0
  MONTH TO DATE    0             0      0        0
  SINCE DEC 1      0             0      0        0
  SINCE JAN 1      0             0      0        0
......................................................


WIND (MPH)
  HIGHEST WIND SPEED    24   HIGHEST WIND DIRECTION     W (250)
  HIGHEST GUST SPEED    28   HIGHEST GUST DIRECTION     W (250)
  AVERAGE WIND SPEED    11.8




RELATIVE HUMIDITY (PERCENT)
 HIGHEST    72           100 AM
 LOWEST     54           300 AM
 AVERAGE    63

..........................................................




SUNRISE AND SUNSET
JANUARY 18 2018.......SUNRISE   729 AM MST   SUNSET   441 PM MST
JANUARY 19 2018.......SUNRISE   728 AM MST   SUNSET   442 PM MST


-  INDICATES NEGATIVE NUMBERS.
R  INDICATES RECORD WAS SET OR TIED.
MM INDICATES DATA IS MISSING.
T  INDICATES TRACE AMOUNT.




$$
