000
CDUS43 KABR 281008
CLI8D3


CLIMATE REPORT
NATIONAL WEATHER SERVICE ABERDEEN SD
408 AM CST TUE FEB 28 2017


...................................

...THE SISSETON SD CLIMATE SUMMARY FOR FEBRUARY 27 2017...

CLIMATE NORMAL PERIOD 1981 TO 2010
CLIMATE RECORD PERIOD 1900 TO 2017


WEATHER ITEM   OBSERVED TIME   RECORD YEAR NORMAL DEPARTURE LAST
                VALUE   (LST)  VALUE       VALUE  FROM      YEAR
                                                  NORMAL
..................................................................
TEMPERATURE (F)
 YESTERDAY
  MAXIMUM         40    527 PM  63    2016  31      9       63
  MINIMUM         18    738 AM -17    1962  14      4       36
  AVERAGE         29                        23      6       50

PRECIPITATION (IN)
  YESTERDAY        0.03          0.98 1958   0.03   0.00     0.00
  MONTH TO DATE    0.21                      0.41  -0.20     0.89
  SINCE DEC 1      2.42                      1.23   1.19     2.24
  SINCE JAN 1      1.00                      0.84   0.16     1.17

SNOWFALL (IN)
  YESTERDAY       MM
  MONTH TO DATE    0.5
  SINCE OCT 1     23.8
  SINCE JUL 1     23.8
  SNOW DEPTH       0

DEGREE DAYS
 HEATING
  YESTERDAY       36                        42     -6       15
  MONTH TO DATE  981                      1271   -290     1098
  SINCE DEC 1   3944                      4366   -422     3835
  SINCE JUL 1   5225                      6217   -992     5231

 COOLING
  YESTERDAY        0                         0      0        0
  MONTH TO DATE    0                         0      0        0
  SINCE DEC 1      0                         0      0        0
  SINCE JAN 1      0                         0      0        0
..................................................................


WIND (MPH)
  HIGHEST WIND SPEED    17   HIGHEST WIND DIRECTION     N (360)
  HIGHEST GUST SPEED    21   HIGHEST GUST DIRECTION     N (360)
  AVERAGE WIND SPEED     6.6


SKY COVER
  POSSIBLE SUNSHINE  MM
  AVERAGE SKY COVER 0.0


WEATHER CONDITIONS
 THE FOLLOWING WEATHER WAS RECORDED YESTERDAY.
  NO SIGNIFICANT WEATHER WAS OBSERVED.


RELATIVE HUMIDITY (PERCENT)
 HIGHEST   100           400 AM
 LOWEST     64           300 PM
 AVERAGE    82

..........................................................


THE SISSETON SD CLIMATE NORMALS FOR TODAY
                         NORMAL    RECORD    YEAR
 MAXIMUM TEMPERATURE (F)   32        66      1932
 MINIMUM TEMPERATURE (F)   14       -25      1962


SUNRISE AND SUNSET
FEBRUARY 28 2017......SUNRISE   708 AM CST   SUNSET   614 PM CST
MARCH  1 2017.........SUNRISE   706 AM CST   SUNSET   615 PM CST


-  INDICATES NEGATIVE NUMBERS.
R  INDICATES RECORD WAS SET OR TIED.
MM INDICATES DATA IS MISSING.
T  INDICATES TRACE AMOUNT.




$$
