742
CDUS43 KABR 151048
CLI8D3


CLIMATE REPORT
NATIONAL WEATHER SERVICE ABERDEEN SD
448 AM CST FRI DEC 15 2017


...................................

...THE SISSETON SD CLIMATE SUMMARY FOR DECEMBER 14 2017...

CLIMATE NORMAL PERIOD 1981 TO 2010
CLIMATE RECORD PERIOD 1900 TO 2017


WEATHER ITEM   OBSERVED TIME   RECORD YEAR NORMAL DEPARTURE LAST
                VALUE   (LST)  VALUE       VALUE  FROM      YEAR
                                                  NORMAL
..................................................................
TEMPERATURE (F)
 YESTERDAY
  MAXIMUM         32   1159 PM  54    1998  26      6       10
  MINIMUM         21    718 AM -29    1901   8     13       -4
  AVERAGE         27                        17     10        3

PRECIPITATION (IN)
  YESTERDAY        0.02          0.49 1973   0.01   0.01     0.00
  MONTH TO DATE    0.14                      0.19  -0.05     0.43
  SINCE DEC 1      0.14                      0.19  -0.05     0.43
  SINCE JAN 1     18.82                     22.13  -3.31    22.56

SNOWFALL (IN)
  YESTERDAY       MM
  MONTH TO DATE    0.7
  SINCE OCT 1      1.2
  SINCE JUL 1      1.2
  SNOW DEPTH       0

DEGREE DAYS
 HEATING
  YESTERDAY       38                        48    -10       62
  MONTH TO DATE  518                       638   -120      710
  SINCE DEC 1    518                       638   -120      710
  SINCE JUL 1   2161                      2489   -328     1991

 COOLING
  YESTERDAY        0                         0      0        0
  MONTH TO DATE    0                         0      0        0
  SINCE DEC 1      0                         0      0        0
  SINCE JAN 1    554                       527     27      625
..................................................................


WIND (MPH)
  HIGHEST WIND SPEED    16   HIGHEST WIND DIRECTION     W (280)
  HIGHEST GUST SPEED    20   HIGHEST GUST DIRECTION    NW (300)
  AVERAGE WIND SPEED     6.7


SKY COVER
  POSSIBLE SUNSHINE  MM
  AVERAGE SKY COVER 0.0


WEATHER CONDITIONS
 THE FOLLOWING WEATHER WAS RECORDED YESTERDAY.
  NO SIGNIFICANT WEATHER WAS OBSERVED.


RELATIVE HUMIDITY (PERCENT)
 HIGHEST    96          1000 AM
 LOWEST     78           900 PM
 AVERAGE    87

..........................................................


THE SISSETON SD CLIMATE NORMALS FOR TODAY
                         NORMAL    RECORD    YEAR
 MAXIMUM TEMPERATURE (F)   26        57      1939
 MINIMUM TEMPERATURE (F)    8       -22      1901


SUNRISE AND SUNSET
DECEMBER 15 2017......SUNRISE   802 AM CST   SUNSET   444 PM CST
DECEMBER 16 2017......SUNRISE   803 AM CST   SUNSET   445 PM CST


-  INDICATES NEGATIVE NUMBERS.
R  INDICATES RECORD WAS SET OR TIED.
MM INDICATES DATA IS MISSING.
T  INDICATES TRACE AMOUNT.




$$
