000
CDUS43 KABR 200926
CLI8D3


CLIMATE REPORT
NATIONAL WEATHER SERVICE ABERDEEN SD
426 AM CDT WED AUG 20 2014


...................................

...THE SISSETON SD CLIMATE SUMMARY FOR AUGUST 19 2014...

CLIMATE NORMAL PERIOD 1981 TO 2010
CLIMATE RECORD PERIOD 1900 TO 2014


WEATHER ITEM   OBSERVED TIME   RECORD YEAR NORMAL DEPARTURE LAST
                VALUE   (LST)  VALUE       VALUE  FROM      YEAR
                                                  NORMAL
..................................................................
TEMPERATURE (F)
 YESTERDAY
  MAXIMUM         84    515 PM 104    1976  81      3       87
  MINIMUM         58    313 AM  37    1956  57      1       69
  AVERAGE         71                        69      2       78

PRECIPITATION (IN)
  YESTERDAY        0.00          0.93 1975   0.06  -0.06     0.00
  MONTH TO DATE    0.48                      1.49  -1.01     0.64
  SINCE JUN 1     10.89                      8.81   2.08     9.02
  SINCE JAN 1     19.26                     15.79   3.47    18.36

DEGREE DAYS
 HEATING
  YESTERDAY        0                         1     -1        0
  MONTH TO DATE    3                        10     -7       23
  SINCE JUN 1     58                        85    -27      118
  SINCE JUL 1     23                        23      0       49

 COOLING
  YESTERDAY        6                         5      1       13
  MONTH TO DATE   81                       110    -29       40
  SINCE JUN 1    299                       409   -110      363
  SINCE JAN 1    360                       432    -72      388
..................................................................


WIND (MPH)
  HIGHEST WIND SPEED    13   HIGHEST WIND DIRECTION     N (10)
  HIGHEST GUST SPEED    17   HIGHEST GUST DIRECTION     N (350)
  AVERAGE WIND SPEED     5.2


SKY COVER
  POSSIBLE SUNSHINE  MM
  AVERAGE SKY COVER 0.0


WEATHER CONDITIONS
 THE FOLLOWING WEATHER WAS RECORDED YESTERDAY.
  NO SIGNIFICANT WEATHER WAS OBSERVED.


RELATIVE HUMIDITY (PERCENT)
 HIGHEST   100           100 AM
 LOWEST     51           200 PM
 AVERAGE    76

..........................................................


THE SISSETON SD CLIMATE NORMALS FOR TODAY
                         NORMAL    RECORD    YEAR
 MAXIMUM TEMPERATURE (F)   80       102      1976
 MINIMUM TEMPERATURE (F)   57        39      2004


SUNRISE AND SUNSET
AUGUST 20 2014........SUNRISE   634 AM CDT   SUNSET   827 PM CDT
AUGUST 21 2014........SUNRISE   636 AM CDT   SUNSET   826 PM CDT


-  INDICATES NEGATIVE NUMBERS.
R  INDICATES RECORD WAS SET OR TIED.
MM INDICATES DATA IS MISSING.
T  INDICATES TRACE AMOUNT.




$$
