000
CDUS43 KABR 251200
CLI8D3


CLIMATE REPORT
NATIONAL WEATHER SERVICE ABERDEEN SD
700 AM CDT SUN JUN 25 2017


...................................

...THE SISSETON SD CLIMATE SUMMARY FOR JUNE 24 2017...

CLIMATE NORMAL PERIOD 1981 TO 2010
CLIMATE RECORD PERIOD 1900 TO 2017


WEATHER ITEM   OBSERVED TIME   RECORD YEAR NORMAL DEPARTURE LAST
                VALUE   (LST)  VALUE       VALUE  FROM      YEAR
                                                  NORMAL
..................................................................
TEMPERATURE (F)
 YESTERDAY
  MAXIMUM         67    319 PM 104    1988  80    -13       92
  MINIMUM         48    454 AM  42    2004  57     -9       54
  AVERAGE         58                        68    -10       73

PRECIPITATION (IN)
  YESTERDAY        0.02          1.53 1993   0.11  -0.09     0.01
  MONTH TO DATE    1.97                      3.10  -1.13     1.12
  SINCE JUN 1      1.97                      3.10  -1.13     1.12
  SINCE JAN 1      6.14                     10.08  -3.94     6.16

DEGREE DAYS
 HEATING
  YESTERDAY        7                         1      6        0
  MONTH TO DATE   12                        57    -45       18
  SINCE JUN 1     12                        57    -45       18
  SINCE JUL 1   7162                      8278  -1116     6928

 COOLING
  YESTERDAY        0                         4     -4        8
  MONTH TO DATE  141                        66     75      145
  SINCE JUN 1    141                        66     75      145
  SINCE JAN 1    157                        89     68      182
..................................................................


WIND (MPH)
  HIGHEST WIND SPEED    26   HIGHEST WIND DIRECTION    NW (320)
  HIGHEST GUST SPEED    34   HIGHEST GUST DIRECTION    NW (320)
  AVERAGE WIND SPEED    16.7


SKY COVER
  POSSIBLE SUNSHINE  MM
  AVERAGE SKY COVER 0.0


WEATHER CONDITIONS
 THE FOLLOWING WEATHER WAS RECORDED YESTERDAY.
  NO SIGNIFICANT WEATHER WAS OBSERVED.


RELATIVE HUMIDITY (PERCENT)
 HIGHEST    77           500 AM
 LOWEST     40           200 PM
 AVERAGE    59

..........................................................


THE SISSETON SD CLIMATE NORMALS FOR TODAY
                         NORMAL    RECORD    YEAR
 MAXIMUM TEMPERATURE (F)   80       103      1936
 MINIMUM TEMPERATURE (F)   57        43      1958


SUNRISE AND SUNSET
JUNE 25 2017..........SUNRISE   540 AM CDT   SUNSET   922 PM CDT
JUNE 26 2017..........SUNRISE   540 AM CDT   SUNSET   922 PM CDT


-  INDICATES NEGATIVE NUMBERS.
R  INDICATES RECORD WAS SET OR TIED.
MM INDICATES DATA IS MISSING.
T  INDICATES TRACE AMOUNT.




$$
