000
CDUS43 KABR 030912
CLI8D3


CLIMATE REPORT
NATIONAL WEATHER SERVICE ABERDEEN SD
411 AM CDT FRI JUL 3 2015


...................................

...THE SISSETON SD CLIMATE SUMMARY FOR JULY 2 2015...

CLIMATE NORMAL PERIOD 1981 TO 2010
CLIMATE RECORD PERIOD 1900 TO 2015


WEATHER ITEM   OBSERVED TIME   RECORD YEAR NORMAL DEPARTURE LAST
                VALUE   (LST)  VALUE       VALUE  FROM      YEAR
                                                  NORMAL
..................................................................
TEMPERATURE (F)
 YESTERDAY
  MAXIMUM         76    433 PM 100    1949  81     -5       73
  MINIMUM         54    552 AM  44    1994  59     -5       54
  AVERAGE         65                        70     -5       64

PRECIPITATION (IN)
  YESTERDAY        0.00          3.65 1903   0.11  -0.11     0.00
  MONTH TO DATE    0.09                      0.22  -0.13     0.10
  SINCE JUN 1      1.47                      3.96  -2.49     8.77
  SINCE JAN 1      9.12                     10.94  -1.82    17.14

DEGREE DAYS
 HEATING
  YESTERDAY        0                         1     -1        1
  MONTH TO DATE    0                         2     -2        6
  SINCE JUN 1     14                        64    -50       41
  SINCE JUL 1      0                         2     -2        6

 COOLING
  YESTERDAY        0                         6     -6        0
  MONTH TO DATE    1                        11    -10        0
  SINCE JUN 1    125                       105     20       88
  SINCE JAN 1    142                       128     14      149
..................................................................


WIND (MPH)
  HIGHEST WIND SPEED    12   HIGHEST WIND DIRECTION     S (190)
  HIGHEST GUST SPEED    14   HIGHEST GUST DIRECTION     S (180)
  AVERAGE WIND SPEED     6.0


SKY COVER
  POSSIBLE SUNSHINE  MM
  AVERAGE SKY COVER 0.0


WEATHER CONDITIONS
 THE FOLLOWING WEATHER WAS RECORDED YESTERDAY.
  NO SIGNIFICANT WEATHER WAS OBSERVED.


RELATIVE HUMIDITY (PERCENT)
 HIGHEST   100           500 AM
 LOWEST     43           200 PM
 AVERAGE    72

..........................................................


THE SISSETON SD CLIMATE NORMALS FOR TODAY
                         NORMAL    RECORD    YEAR
 MAXIMUM TEMPERATURE (F)   82       105      1949
 MINIMUM TEMPERATURE (F)   59        45      1969


SUNRISE AND SUNSET
JULY  3 2015..........SUNRISE   543 AM CDT   SUNSET   921 PM CDT
JULY  4 2015..........SUNRISE   544 AM CDT   SUNSET   920 PM CDT


-  INDICATES NEGATIVE NUMBERS.
R  INDICATES RECORD WAS SET OR TIED.
MM INDICATES DATA IS MISSING.
T  INDICATES TRACE AMOUNT.




$$
