000
CDUS43 KABR 011155
CLI8D3


CLIMATE REPORT
NATIONAL WEATHER SERVICE ABERDEEN SD
655 AM CDT TUE SEP 1 2015


...................................

...THE SISSETON SD CLIMATE SUMMARY FOR AUGUST 31 2015...

CLIMATE NORMAL PERIOD 1981 TO 2010
CLIMATE RECORD PERIOD 1900 TO 2015


WEATHER ITEM   OBSERVED TIME   RECORD YEAR NORMAL DEPARTURE LAST
                VALUE   (LST)  VALUE       VALUE  FROM      YEAR
                                                  NORMAL
..................................................................
TEMPERATURE (F)
 YESTERDAY
  MAXIMUM         86    136 PM  94    1948  78      8       77
  MINIMUM         64   1159 PM  39    1987  54     10       59
  AVERAGE         75                        66      9       68

PRECIPITATION (IN)
  YESTERDAY        0.00          1.54 1942   0.09  -0.09     0.14
  MONTH TO DATE    2.19                      2.44  -0.25     2.18
  SINCE JUN 1      6.74                      9.76  -3.02    12.59
  SINCE JAN 1     14.39                     16.74  -2.35    20.96

DEGREE DAYS
 HEATING
  YESTERDAY        0                         2     -2        0
  MONTH TO DATE   45                        28     17       17
  SINCE JUN 1     72                       105    -33       72
  SINCE JUL 1     58                        43     15       37

 COOLING
  YESTERDAY       10                         3      7        3
  MONTH TO DATE  152                       157     -5      121
  SINCE JUN 1    484                       456     28      339
  SINCE JAN 1    501                       479     22      400
..................................................................


WIND (MPH)
  HIGHEST WIND SPEED    31   HIGHEST WIND DIRECTION    SW (230)
  HIGHEST GUST SPEED    41   HIGHEST GUST DIRECTION    SW (220)
  AVERAGE WIND SPEED    12.5


SKY COVER
  POSSIBLE SUNSHINE  MM
  AVERAGE SKY COVER 0.0


WEATHER CONDITIONS
 THE FOLLOWING WEATHER WAS RECORDED YESTERDAY.
  NO SIGNIFICANT WEATHER WAS OBSERVED.


RELATIVE HUMIDITY (PERCENT)
 HIGHEST    93          1000 PM
 LOWEST     48          1200 PM
 AVERAGE    71

..........................................................


THE SISSETON SD CLIMATE NORMALS FOR TODAY
                         NORMAL    RECORD    YEAR
 MAXIMUM TEMPERATURE (F)   78        98      1937
 MINIMUM TEMPERATURE (F)   53        39      1974


SUNRISE AND SUNSET
SEPTEMBER  1 2015.....SUNRISE   649 AM CDT   SUNSET   806 PM CDT
SEPTEMBER  2 2015.....SUNRISE   650 AM CDT   SUNSET   804 PM CDT


-  INDICATES NEGATIVE NUMBERS.
R  INDICATES RECORD WAS SET OR TIED.
MM INDICATES DATA IS MISSING.
T  INDICATES TRACE AMOUNT.




$$
