000
CDUS43 KABR 251029
CLI8D3


CLIMATE REPORT
NATIONAL WEATHER SERVICE ABERDEEN SD
529 AM CDT FRI JUL 25 2014


...................................

...THE SISSETON SD CLIMATE SUMMARY FOR JULY 24 2014...

CLIMATE NORMAL PERIOD 1981 TO 2010
CLIMATE RECORD PERIOD 1900 TO 2014


WEATHER ITEM   OBSERVED TIME   RECORD YEAR NORMAL DEPARTURE LAST
                VALUE   (LST)  VALUE       VALUE  FROM      YEAR
                                                  NORMAL
..................................................................
TEMPERATURE (F)
 YESTERDAY
  MAXIMUM         75   1047 AM 105    1940  84     -9       82
  MINIMUM         56    424 AM  47    1955  60     -4       52
  AVERAGE         66                        72     -6       67

PRECIPITATION (IN)
  YESTERDAY        0.60          3.18 1993   0.10   0.50     0.00
  MONTH TO DATE    1.58                      2.86  -1.28     2.51
  SINCE JUN 1     10.25                      6.60   3.65     8.09
  SINCE JAN 1     18.62                     13.58   5.04    17.43

DEGREE DAYS
 HEATING
  YESTERDAY        0                         0      0        0
  MONTH TO DATE   15                         3     12        1
  SINCE JUN 1     50                        65    -15       70
  SINCE JUL 1     15                         3     12        1

 COOLING
  YESTERDAY        1                         7     -6        2
  MONTH TO DATE  116                       157    -41      197
  SINCE JUN 1    204                       251    -47      314
  SINCE JAN 1    265                       274     -9      339
..................................................................


WIND (MPH)
  HIGHEST WIND SPEED    30   HIGHEST WIND DIRECTION     S (170)
  HIGHEST GUST SPEED    38   HIGHEST GUST DIRECTION     S (180)
  AVERAGE WIND SPEED    11.0


SKY COVER
  POSSIBLE SUNSHINE  MM
  AVERAGE SKY COVER 0.0


WEATHER CONDITIONS
 THE FOLLOWING WEATHER WAS RECORDED YESTERDAY.
  NO SIGNIFICANT WEATHER WAS OBSERVED.


RELATIVE HUMIDITY (PERCENT)
 HIGHEST   100           300 AM
 LOWEST     61           900 AM
 AVERAGE    81

..........................................................


THE SISSETON SD CLIMATE NORMALS FOR TODAY
                         NORMAL    RECORD    YEAR
 MAXIMUM TEMPERATURE (F)   83       105      1976
 MINIMUM TEMPERATURE (F)   60        49      2004


SUNRISE AND SUNSET
JULY 25 2014..........SUNRISE   603 AM CDT   SUNSET   905 PM CDT
JULY 26 2014..........SUNRISE   605 AM CDT   SUNSET   904 PM CDT


-  INDICATES NEGATIVE NUMBERS.
R  INDICATES RECORD WAS SET OR TIED.
MM INDICATES DATA IS MISSING.
T  INDICATES TRACE AMOUNT.




$$
