000
CDUS43 KABR 051040
CLI8D3


CLIMATE REPORT
NATIONAL WEATHER SERVICE ABERDEEN SD
439 AM CST THU MAR 5 2015


...................................

...THE SISSETON SD CLIMATE SUMMARY FOR MARCH 4 2015...

CLIMATE NORMAL PERIOD 1981 TO 2010
CLIMATE RECORD PERIOD 1900 TO 2015


WEATHER ITEM   OBSERVED TIME   RECORD YEAR NORMAL DEPARTURE LAST
                VALUE   (LST)  VALUE       VALUE  FROM      YEAR
                                                  NORMAL
..................................................................
TEMPERATURE (F)
 YESTERDAY
  MAXIMUM          4    420 PM  61    2000  33    -29       14
  MINIMUM         -6   1159 PM -16    1952  16    -22        8
  AVERAGE         -1                        25    -26       11

PRECIPITATION (IN)
  YESTERDAY        0.00          0.57 1985   0.04  -0.04     0.09
                                      1966
  MONTH TO DATE    0.14                      0.15  -0.01     0.09
  SINCE MAR 1      0.14                      0.15  -0.01     0.09
  SINCE JAN 1      1.02                      1.01   0.01     0.71

SNOWFALL (IN)
  YESTERDAY        0.0
  MONTH TO DATE    3.1
  SINCE OCT 1     26.2
  SINCE JUL 1     26.2
  SNOW DEPTH       3

DEGREE DAYS
 HEATING
  YESTERDAY       66                        40     26       54
  MONTH TO DATE  210                       164     46      248
  SINCE MAR 1    210                       164     46      248
  SINCE JUL 1   6479                      6423     56     7065

 COOLING
  YESTERDAY        0                         0      0        0
  MONTH TO DATE    0                         0      0        0
  SINCE MAR 1      0                         0      0        0
  SINCE JAN 1      0                         0      0        0
..................................................................


WIND (MPH)
  HIGHEST WIND SPEED    28   HIGHEST WIND DIRECTION     N (340)
  HIGHEST GUST SPEED    32   HIGHEST GUST DIRECTION     N (340)
  AVERAGE WIND SPEED    14.4


SKY COVER
  POSSIBLE SUNSHINE  MM
  AVERAGE SKY COVER 0.0


WEATHER CONDITIONS
 THE FOLLOWING WEATHER WAS RECORDED YESTERDAY.
  NO SIGNIFICANT WEATHER WAS OBSERVED.


RELATIVE HUMIDITY (PERCENT)
 HIGHEST    75           600 AM
 LOWEST     62          1100 AM
 AVERAGE    69

..........................................................


THE SISSETON SD CLIMATE NORMALS FOR TODAY
                         NORMAL    RECORD    YEAR
 MAXIMUM TEMPERATURE (F)   34        72      2000
 MINIMUM TEMPERATURE (F)   17       -13      2003


SUNRISE AND SUNSET
MARCH  5 2015.........SUNRISE   700 AM CST   SUNSET   620 PM CST
MARCH  6 2015.........SUNRISE   658 AM CST   SUNSET   621 PM CST


-  INDICATES NEGATIVE NUMBERS.
R  INDICATES RECORD WAS SET OR TIED.
MM INDICATES DATA IS MISSING.
T  INDICATES TRACE AMOUNT.




$$
