546
CDUS46 KMFR 240843
CLIAAT


CLIMATE REPORT
NATIONAL WEATHER SERVICE MEDFORD, OR
142 AM PDT SUN JUL 24 2016


...................................

...THE ALTURAS CA CLIMATE SUMMARY FOR JULY 23 2016...

CLIMATE NORMAL PERIOD 1981 TO 2010
CLIMATE RECORD PERIOD 1905 TO 2016


WEATHER ITEM   OBSERVED TIME   RECORD YEAR NORMAL DEPARTURE LAST
                VALUE   (LST)  VALUE       VALUE  FROM      YEAR
                                                  NORMAL
..................................................................
TEMPERATURE (F)
 YESTERDAY
  MAXIMUM         90    503 PM 107    1905  90      0       84
                                      2003
                                      1996
  MINIMUM         43    503 AM  34    1999  45     -2       46
  AVERAGE         67                        68     -1       65

PRECIPITATION (IN)
  YESTERDAY        0.00          0.09 1993   0.02  -0.02     0.00
  MONTH TO DATE    0.05                      0.21  -0.16     1.14
  SINCE OCT 1     13.42                     13.16   0.26    11.05
  SINCE JAN 1      7.44                      8.65  -1.21     6.54

SNOWFALL (IN)
  YESTERDAY       MM                        MM     MM       MM
  MONTH TO DATE   MM                        MM     MM       MM
  SINCE JUL 1     MM                        MM     MM       MM
  SNOW DEPTH      MM

DEGREE DAYS
 HEATING
  YESTERDAY        0                         1     -1        0
  MONTH TO DATE   40                        33      7        6
  SINCE JUN 1    158                       213    -55       36
  SINCE JUL 1     40                        33      7        6

 COOLING
  YESTERDAY        2                         3     -1        0
  MONTH TO DATE   37                        55    -18      113
  SINCE JUN 1     85                        66     19      216
  SINCE JAN 1     85                        66     19      216
..................................................................


WIND (MPH)
  HIGHEST WIND SPEED    12   HIGHEST WIND DIRECTION    NW (320)
  HIGHEST GUST SPEED    15   HIGHEST GUST DIRECTION    NW (320)
  AVERAGE WIND SPEED     2.7


SKY COVER
  POSSIBLE SUNSHINE  MM
  AVERAGE SKY COVER 0.0


WEATHER CONDITIONS
 THE FOLLOWING WEATHER WAS RECORDED YESTERDAY.
  NO SIGNIFICANT WEATHER WAS OBSERVED.


RELATIVE HUMIDITY (PERCENT)
 HIGHEST    70           500 AM
 LOWEST      9           200 PM
 AVERAGE    40

..........................................................


THE ALTURAS CA CLIMATE NORMALS FOR TODAY
                         NORMAL    RECORD    YEAR
 MAXIMUM TEMPERATURE (F)   90       102      1905
 MINIMUM TEMPERATURE (F)   45        36      1989


SUNRISE AND SUNSET
JULY 24 2016..........SUNRISE   550 AM PDT   SUNSET   827 PM PDT
JULY 25 2016..........SUNRISE   551 AM PDT   SUNSET   826 PM PDT


-  INDICATES NEGATIVE NUMBERS.
R  INDICATES RECORD WAS SET OR TIED.
MM INDICATES DATA IS MISSING.
T  INDICATES TRACE AMOUNT.




$$
