000
CDUS46 KMFR 210836
CLIAAT


CLIMATE REPORT
NATIONAL WEATHER SERVICE MEDFORD, OR
136 AM PDT SAT OCT 21 2017


...................................

...THE ALTURAS CA CLIMATE SUMMARY FOR OCTOBER 20 2017...

CLIMATE NORMAL PERIOD 1981 TO 2010
CLIMATE RECORD PERIOD 1905 TO 2017


WEATHER ITEM   OBSERVED TIME   RECORD YEAR NORMAL DEPARTURE LAST
                VALUE   (LST)  VALUE       VALUE  FROM      YEAR
                                                  NORMAL
..................................................................
TEMPERATURE (F)
 YESTERDAY
  MAXIMUM         41    337 PM  85    1915  63    -22       50
                                      1964
  MINIMUM         29    635 AM  11    1996  28      1       30
  AVERAGE         35                        46    -11       40

PRECIPITATION (IN)
  YESTERDAY        0.58R         0.52 1941   0.04   0.54     0.00
  MONTH TO DATE    0.92                      0.53   0.39     1.11
  SINCE OCT 1      0.92                      0.53   0.39     1.11
  SINCE JAN 1     13.11                     10.19   2.92     8.58

SNOWFALL (IN)
  YESTERDAY       MM                        MM     MM       MM
  MONTH TO DATE   MM                        MM     MM       MM
  SINCE JUL 1     MM                        MM     MM       MM
  SNOW DEPTH      MM

DEGREE DAYS
 HEATING
  YESTERDAY       30                        19     11       25
  MONTH TO DATE  417                       328     89      355
  SINCE SEP 1    660                       594     66      583
  SINCE JUL 1    661                       705    -44      640

 COOLING
  YESTERDAY        0                         0      0        0
  MONTH TO DATE    0                         0      0        0
  SINCE SEP 1     75                         5     70        0
  SINCE JAN 1    516                       156    360      254
..................................................................


WIND (MPH)
  HIGHEST WIND SPEED    17   HIGHEST WIND DIRECTION     W (250)
  HIGHEST GUST SPEED    22   HIGHEST GUST DIRECTION     W (250)
  AVERAGE WIND SPEED     4.1


SKY COVER
  POSSIBLE SUNSHINE  MM
  AVERAGE SKY COVER 0.9


WEATHER CONDITIONS
 THE FOLLOWING WEATHER WAS RECORDED YESTERDAY.
  HEAVY RAIN
  LIGHT RAIN
  SNOW
  LIGHT SNOW
  FOG


RELATIVE HUMIDITY (PERCENT)
 HIGHEST   100           100 AM
 LOWEST     79          1200 PM
 AVERAGE    90

..........................................................


THE ALTURAS CA CLIMATE NORMALS FOR TODAY
                         NORMAL    RECORD    YEAR
 MAXIMUM TEMPERATURE (F)   63        86      2003
 MINIMUM TEMPERATURE (F)   28         8      1996


SUNRISE AND SUNSET
OCTOBER 21 2017.......SUNRISE   721 AM PDT   SUNSET   612 PM PDT
OCTOBER 22 2017.......SUNRISE   723 AM PDT   SUNSET   610 PM PDT


-  INDICATES NEGATIVE NUMBERS.
R  INDICATES RECORD WAS SET OR TIED.
MM INDICATES DATA IS MISSING.
T  INDICATES TRACE AMOUNT.




$$
