000
CDUS46 KMFR 010036
CLIAAT


CLIMATE REPORT
NATIONAL WEATHER SERVICE MEDFORD, OR
536 PM PDT SUN APR 30 2017


...................................

...THE ALTURAS CA CLIMATE SUMMARY FOR APRIL 30 2017...
VALID TODAY AS OF 0500 PM LOCAL TIME.

CLIMATE NORMAL PERIOD 1981 TO 2010
CLIMATE RECORD PERIOD 1905 TO 2017


WEATHER ITEM   OBSERVED TIME   RECORD YEAR NORMAL DEPARTURE LAST
                VALUE   (LST)  VALUE       VALUE  FROM      YEAR
                                                  NORMAL
..................................................................
TEMPERATURE (F)
 TODAY
  MAXIMUM         65    307 PM  83    1981  62      3       61
  MINIMUM         34    244 AM  18    2011  32      2       38
                                      1946
  AVERAGE         50                        47      3       50

PRECIPITATION (IN)
  TODAY            0.00          0.50 1987   0.05  -0.05     0.00
  MONTH TO DATE    1.51                      1.56  -0.05     1.32
  SINCE OCT 1     12.93                     10.69   2.24    11.64
  SINCE JAN 1      9.18                      6.18   3.00     5.66

SNOWFALL (IN)
  TODAY           MM                        MM     MM       MM
  MONTH TO DATE   MM                        MM     MM       MM
  SINCE JUL 1     MM                        MM     MM       MM
  SNOW DEPTH      MM

DEGREE DAYS
 HEATING
  TODAY           15                        18     -3       15
  MONTH TO DATE  602                       652    -50      437
  SINCE MAR 1   1296                      1477   -181     1144
  SINCE JUL 1   5958                      6344   -386     5531

 COOLING
  TODAY            0                         0      0        0
  MONTH TO DATE    0                         0      0        0
  SINCE MAR 1      0                         0      0        0
  SINCE JAN 1      0                         0      0        0
..................................................................


WIND (MPH)
  HIGHEST WIND SPEED    20   HIGHEST WIND DIRECTION    NW (300)
  HIGHEST GUST SPEED    27   HIGHEST GUST DIRECTION    NW (320)
  AVERAGE WIND SPEED     5.0


SKY COVER
  POSSIBLE SUNSHINE  MM
  AVERAGE SKY COVER 0.5


WEATHER CONDITIONS
 THE FOLLOWING WEATHER WAS RECORDED TODAY.
  NO SIGNIFICANT WEATHER WAS OBSERVED.


RELATIVE HUMIDITY (PERCENT)
 HIGHEST    92           500 AM
 LOWEST     30           400 PM
 AVERAGE    61

..........................................................


THE ALTURAS CA CLIMATE NORMALS FOR TOMORROW
                         NORMAL    RECORD    YEAR
 MAXIMUM TEMPERATURE (F)   63        85      1981
 MINIMUM TEMPERATURE (F)   32        17      2008


SUNRISE AND SUNSET
APRIL 30 2017.........SUNRISE   600 AM PDT   SUNSET   759 PM PDT
MAY  1 2017...........SUNRISE   559 AM PDT   SUNSET   800 PM PDT


-  INDICATES NEGATIVE NUMBERS.
R  INDICATES RECORD WAS SET OR TIED.
MM INDICATES DATA IS MISSING.
T  INDICATES TRACE AMOUNT.




$$
