000
CDUS46 KMFR 100835
CLIAAT


CLIMATE REPORT
NATIONAL WEATHER SERVICE MEDFORD, OR
1235 AM PST SAT DEC 10 2016


...................................

...THE ALTURAS CA CLIMATE SUMMARY FOR DECEMBER 9 2016...

CLIMATE NORMAL PERIOD 1981 TO 2010
CLIMATE RECORD PERIOD 1905 TO 2016


WEATHER ITEM   OBSERVED TIME   RECORD YEAR NORMAL DEPARTURE LAST
                VALUE   (LST)  VALUE       VALUE  FROM      YEAR
                                                  NORMAL
..................................................................
TEMPERATURE (F)
 YESTERDAY
  MAXIMUM         49    305 PM  65    1959  41      8       46
  MINIMUM         37    806 AM -34    1972  19     18       36
  AVERAGE         43                        30     13       41

PRECIPITATION (IN)
  YESTERDAY        0.11          0.53 1964   0.06   0.05     0.18
  MONTH TO DATE    0.37                      0.47  -0.10     0.53
  SINCE OCT 1      2.37                      3.27  -0.90     3.00
  SINCE JAN 1      9.84                     12.93  -3.09    10.20

SNOWFALL (IN)
  YESTERDAY       MM                        MM     MM       MM
  MONTH TO DATE   MM                        MM     MM       MM
  SINCE JUL 1     MM                        MM     MM       MM
  SNOW DEPTH      MM

DEGREE DAYS
 HEATING
  YESTERDAY       22                        35    -13       24
  MONTH TO DATE  320                       310     10      241
  SINCE DEC 1    320                       310     10      241
  SINCE JUL 1   1828                      2120   -292     1768

 COOLING
  YESTERDAY        0                         0      0        0
  MONTH TO DATE    0                         0      0        0
  SINCE DEC 1      0                         0      0        0
  SINCE JAN 1    254                       156     98      333
..................................................................


WIND (MPH)
  HIGHEST WIND SPEED    20   HIGHEST WIND DIRECTION    SW (240)
  HIGHEST GUST SPEED    24   HIGHEST GUST DIRECTION    SW (240)
  AVERAGE WIND SPEED     5.4


SKY COVER
  POSSIBLE SUNSHINE  MM
  AVERAGE SKY COVER 0.9


WEATHER CONDITIONS
 THE FOLLOWING WEATHER WAS RECORDED YESTERDAY.
  LIGHT RAIN
  FOG


RELATIVE HUMIDITY (PERCENT)
 HIGHEST   100           900 PM
 LOWEST     61           200 PM
 AVERAGE    81

..........................................................


THE ALTURAS CA CLIMATE NORMALS FOR TODAY
                         NORMAL    RECORD    YEAR
 MAXIMUM TEMPERATURE (F)   40        65      1962
 MINIMUM TEMPERATURE (F)   19       -28      1972


SUNRISE AND SUNSET
DECEMBER 10 2016......SUNRISE   718 AM PST   SUNSET   432 PM PST
DECEMBER 11 2016......SUNRISE   719 AM PST   SUNSET   433 PM PST


-  INDICATES NEGATIVE NUMBERS.
R  INDICATES RECORD WAS SET OR TIED.
MM INDICATES DATA IS MISSING.
T  INDICATES TRACE AMOUNT.




$$
