000
CDUS46 KMFR 190840
CLIAAT


CLIMATE REPORT
NATIONAL WEATHER SERVICE MEDFORD, OR
140 AM PDT SAT AUG 19 2017


...................................

...THE ALTURAS CA CLIMATE SUMMARY FOR AUGUST 18 2017...

CLIMATE NORMAL PERIOD 1981 TO 2010
CLIMATE RECORD PERIOD 1905 TO 2017


WEATHER ITEM   OBSERVED TIME   RECORD YEAR NORMAL DEPARTURE LAST
                VALUE   (LST)  VALUE       VALUE  FROM      YEAR
                                                  NORMAL
..................................................................
TEMPERATURE (F)
 YESTERDAY
  MAXIMUM         94    213 PM 104    1967  86      8       97
  MINIMUM         45    538 AM  27    1978  43      2       50
  AVERAGE         70                        64      6       74

PRECIPITATION (IN)
  YESTERDAY        0.00          0.38 1975   0.02  -0.02     0.00
  MONTH TO DATE    0.13                      0.21  -0.08     0.00
  SINCE OCT 1     15.23                     13.50   1.73    13.42
  SINCE JAN 1     11.48                      8.99   2.49     7.44

SNOWFALL (IN)
  YESTERDAY       MM                        MM     MM       MM
  MONTH TO DATE   MM                        MM     MM       MM
  SINCE JUL 1     MM                        MM     MM       MM
  SNOW DEPTH      MM

DEGREE DAYS
 HEATING
  YESTERDAY        0                         2     -2        0
  MONTH TO DATE    0                        26    -26        7
  SINCE JUN 1    110                       247   -137      165
  SINCE JUL 1      1                        67    -66       47

 COOLING
  YESTERDAY        5                         1      4        9
  MONTH TO DATE  107                        43     64       65
  SINCE JUN 1    368                       138    230      225
  SINCE JAN 1    368                       138    230      225
..................................................................


WIND (MPH)
  HIGHEST WIND SPEED    15   HIGHEST WIND DIRECTION    NW (320)
  HIGHEST GUST SPEED    22   HIGHEST GUST DIRECTION    NW (310)
  AVERAGE WIND SPEED     4.5


SKY COVER
  POSSIBLE SUNSHINE  MM
  AVERAGE SKY COVER 0.1


WEATHER CONDITIONS
 THE FOLLOWING WEATHER WAS RECORDED YESTERDAY.
  HAZE


RELATIVE HUMIDITY (PERCENT)
 HIGHEST    76           500 AM
 LOWEST     10           200 PM
 AVERAGE    43

..........................................................


THE ALTURAS CA CLIMATE NORMALS FOR TODAY
                         NORMAL    RECORD    YEAR
 MAXIMUM TEMPERATURE (F)   86       105      1967
 MINIMUM TEMPERATURE (F)   42        29      1973


SUNRISE AND SUNSET
AUGUST 19 2017........SUNRISE   616 AM PDT   SUNSET   755 PM PDT
AUGUST 20 2017........SUNRISE   617 AM PDT   SUNSET   754 PM PDT


-  INDICATES NEGATIVE NUMBERS.
R  INDICATES RECORD WAS SET OR TIED.
MM INDICATES DATA IS MISSING.
T  INDICATES TRACE AMOUNT.




$$
