099
CDUS46 KMFR 250835
CLIAAT


CLIMATE REPORT
NATIONAL WEATHER SERVICE MEDFORD, OR
1235 AM PST SAT FEB 25 2017


...................................

...THE ALTURAS CA CLIMATE SUMMARY FOR FEBRUARY 24 2017...

CLIMATE NORMAL PERIOD 1981 TO 2010
CLIMATE RECORD PERIOD 1905 TO 2017


WEATHER ITEM   OBSERVED TIME   RECORD YEAR NORMAL DEPARTURE LAST
                VALUE   (LST)  VALUE       VALUE  FROM      YEAR
                                                  NORMAL
..................................................................
TEMPERATURE (F)
 YESTERDAY
  MAXIMUM         33    308 PM  67    1995  48    -15       62
  MINIMUM         13    419 AM  -4    1933  23    -10       28
  AVERAGE         23                        36    -13       45

PRECIPITATION (IN)
  YESTERDAY        T             0.82 1972   0.06  -0.06     0.00
  MONTH TO DATE    3.05                      1.23   1.82     0.45
  SINCE OCT 1     10.06                      7.39   2.67     8.43
  SINCE JAN 1      6.31                      2.88   3.43     2.45

SNOWFALL (IN)
  YESTERDAY       MM                        MM     MM       MM
  MONTH TO DATE   MM                        MM     MM       MM
  SINCE JUL 1     MM                        MM     MM       MM
  SNOW DEPTH      MM

DEGREE DAYS
 HEATING
  YESTERDAY       42                        29     13       20
  MONTH TO DATE  642                       753   -111      635
  SINCE DEC 1   2995                      2941     54     2751
  SINCE JUL 1   4503                      4751   -248     4278

 COOLING
  YESTERDAY        0                         0      0        0
  MONTH TO DATE    0                         0      0        0
  SINCE DEC 1      0                         0      0        0
  SINCE JAN 1      0                         0      0        0
..................................................................


WIND (MPH)
  HIGHEST WIND SPEED    13   HIGHEST WIND DIRECTION     S (170)
  HIGHEST GUST SPEED    15   HIGHEST GUST DIRECTION     S (170)
  AVERAGE WIND SPEED     2.6


SKY COVER
  POSSIBLE SUNSHINE  MM
  AVERAGE SKY COVER 0.7


WEATHER CONDITIONS
 THE FOLLOWING WEATHER WAS RECORDED YESTERDAY.
  LIGHT SNOW
  FOG


RELATIVE HUMIDITY (PERCENT)
 HIGHEST   100           500 AM
 LOWEST     45           300 PM
 AVERAGE    73

..........................................................


THE ALTURAS CA CLIMATE NORMALS FOR TODAY
                         NORMAL    RECORD    YEAR
 MAXIMUM TEMPERATURE (F)   48        69      1986
 MINIMUM TEMPERATURE (F)   23        -6      1933


SUNRISE AND SUNSET
FEBRUARY 25 2017......SUNRISE   642 AM PST   SUNSET   549 PM PST
FEBRUARY 26 2017......SUNRISE   641 AM PST   SUNSET   550 PM PST


-  INDICATES NEGATIVE NUMBERS.
R  INDICATES RECORD WAS SET OR TIED.
MM INDICATES DATA IS MISSING.
T  INDICATES TRACE AMOUNT.




$$
