000
CDUS46 KMFR 020836
CLIAAT


CLIMATE REPORT
NATIONAL WEATHER SERVICE MEDFORD, OR
136 AM PDT SAT AUG 2 2014


...................................

...THE ALTURAS CA CLIMATE SUMMARY FOR AUGUST 1 2014...

CLIMATE NORMAL PERIOD 1981 TO 2010
CLIMATE RECORD PERIOD 1905 TO 2014


WEATHER ITEM   OBSERVED TIME   RECORD YEAR NORMAL DEPARTURE LAST
                VALUE   (LST)  VALUE       VALUE  FROM      YEAR
                                                  NORMAL
..................................................................
TEMPERATURE (F)
 YESTERDAY
  MAXIMUM         94    316 PM 100    1908  90      4       81
  MINIMUM         51    515 AM  33    1937  45      6       42
  AVERAGE         73                        67      6       62

PRECIPITATION (IN)
  YESTERDAY        0.00          0.15 2009   0.01  -0.01     0.00
  MONTH TO DATE    0.00                      0.01  -0.01     0.00
  SINCE SEP 1      6.96                     13.82  -6.86     8.77
  SINCE JAN 1      5.82                      8.79  -2.97     4.43

SNOWFALL (IN)
  YESTERDAY       MM                        MM     MM       MM
  MONTH TO DATE   MM                        MM     MM       MM
  SINCE JUL 1     MM                        MM     MM       MM
  SNOW DEPTH      MM

DEGREE DAYS
 HEATING
  YESTERDAY        0                         1     -1        3
  MONTH TO DATE    0                         1     -1        3
  SINCE JUN 1     95                       222   -127      163
  SINCE JUL 1      6                        42    -36        7

 COOLING
  YESTERDAY        8                         3      5        0
  MONTH TO DATE    8                         3      5        0
  SINCE JUN 1    281                        98    183      216
  SINCE JAN 1    281                        98    183      216
..................................................................


WIND (MPH)
  HIGHEST WIND SPEED    21   HIGHEST WIND DIRECTION     W (250)
  HIGHEST GUST SPEED    25   HIGHEST GUST DIRECTION     W (280)
  AVERAGE WIND SPEED     4.4


SKY COVER
  POSSIBLE SUNSHINE  MM
  AVERAGE SKY COVER 0.3


WEATHER CONDITIONS
 THE FOLLOWING WEATHER WAS RECORDED YESTERDAY.
  HAZE


RELATIVE HUMIDITY (PERCENT)
 HIGHEST    66           400 AM
 LOWEST     11           400 PM
 AVERAGE    39

..........................................................


THE ALTURAS CA CLIMATE NORMALS FOR TODAY
                         NORMAL    RECORD    YEAR
 MAXIMUM TEMPERATURE (F)   90       101      1914
 MINIMUM TEMPERATURE (F)   45        34      1985


SUNRISE AND SUNSET
AUGUST  2 2014........SUNRISE   558 AM PDT   SUNSET   818 PM PDT
AUGUST  3 2014........SUNRISE   559 AM PDT   SUNSET   817 PM PDT


-  INDICATES NEGATIVE NUMBERS.
R  INDICATES RECORD WAS SET OR TIED.
MM INDICATES DATA IS MISSING.
T  INDICATES TRACE AMOUNT.




$$
