000
CDUS46 KMFR 290837
CLIAAT


CLIMATE REPORT
NATIONAL WEATHER SERVICE MEDFORD, OR
137 AM PDT WED JUL 29 2015


...................................

...THE ALTURAS CA CLIMATE SUMMARY FOR JULY 28 2015...

CLIMATE NORMAL PERIOD 1981 TO 2010
CLIMATE RECORD PERIOD 1905 TO 2015


WEATHER ITEM   OBSERVED TIME   RECORD YEAR NORMAL DEPARTURE LAST
                VALUE   (LST)  VALUE       VALUE  FROM      YEAR
                                                  NORMAL
..................................................................
TEMPERATURE (F)
 YESTERDAY
  MAXIMUM         85    432 PM 103    1968  90     -5       98
  MINIMUM         38    457 AM  32    1965  45     -7       51
  AVERAGE         62                        68     -6       75

PRECIPITATION (IN)
  YESTERDAY        0.00          0.46 1952   0.01  -0.01     0.00
  MONTH TO DATE    1.17                      0.29   0.88     0.41
  SINCE OCT 1     11.08                     13.24  -2.16     6.45
  SINCE JAN 1      6.57                      8.73  -2.16     5.82

SNOWFALL (IN)
  YESTERDAY       MM                        MM     MM       MM
  MONTH TO DATE   MM                        MM     MM       MM
  SINCE JUL 1     MM                        MM     MM       MM
  SNOW DEPTH      MM

DEGREE DAYS
 HEATING
  YESTERDAY        3                         1      2        0
  MONTH TO DATE   23                        38    -15        6
  SINCE JUN 1     53                       218   -165       95
  SINCE JUL 1     23                        38    -15        6

 COOLING
  YESTERDAY        0                         3     -3       10
  MONTH TO DATE  113                        70     43      227
  SINCE JUN 1    216                        81    135      247
  SINCE JAN 1    216                        81    135      247
..................................................................


WIND (MPH)
  HIGHEST WIND SPEED    12   HIGHEST WIND DIRECTION     N (20)
  HIGHEST GUST SPEED    16   HIGHEST GUST DIRECTION     N (10)
  AVERAGE WIND SPEED     3.6


SKY COVER
  POSSIBLE SUNSHINE  MM
  AVERAGE SKY COVER 0.0


WEATHER CONDITIONS
 THE FOLLOWING WEATHER WAS RECORDED YESTERDAY.
  NO SIGNIFICANT WEATHER WAS OBSERVED.


RELATIVE HUMIDITY (PERCENT)
 HIGHEST    70           500 AM
 LOWEST     10           500 PM
 AVERAGE    40

..........................................................


THE ALTURAS CA CLIMATE NORMALS FOR TODAY
                         NORMAL    RECORD    YEAR
 MAXIMUM TEMPERATURE (F)   90       104      1968
 MINIMUM TEMPERATURE (F)   45        33      1916


SUNRISE AND SUNSET
JULY 29 2015..........SUNRISE   554 AM PDT   SUNSET   823 PM PDT
JULY 30 2015..........SUNRISE   555 AM PDT   SUNSET   822 PM PDT


-  INDICATES NEGATIVE NUMBERS.
R  INDICATES RECORD WAS SET OR TIED.
MM INDICATES DATA IS MISSING.
T  INDICATES TRACE AMOUNT.




$$
