000
CDUS46 KMFR 200839
CLIAAT


CLIMATE REPORT
NATIONAL WEATHER SERVICE MEDFORD, OR
138 AM PDT SAT SEP 20 2014


...................................

...THE ALTURAS CA CLIMATE SUMMARY FOR SEPTEMBER 19 2014...

CLIMATE NORMAL PERIOD 1981 TO 2010
CLIMATE RECORD PERIOD 1905 TO 2014


WEATHER ITEM   OBSERVED TIME   RECORD YEAR NORMAL DEPARTURE LAST
                VALUE   (LST)  VALUE       VALUE  FROM      YEAR
                                                  NORMAL
..................................................................
TEMPERATURE (F)
 YESTERDAY
  MAXIMUM         85    323 PM  93    1991  77      8       80
  MINIMUM         36    554 AM  19    1947  34      2       27
  AVERAGE         61                        55      6       54

PRECIPITATION (IN)
  YESTERDAY        0.00          0.53 1956   0.01  -0.01     0.00
  MONTH TO DATE    0.00                      0.29  -0.29     0.14
  SINCE SEP 1      0.00                      0.29  -0.29     0.14
  SINCE JAN 1      6.28                      9.43  -3.15     5.29

SNOWFALL (IN)
  YESTERDAY       MM                        MM     MM       MM
  MONTH TO DATE   MM                        MM     MM       MM
  SINCE JUL 1     MM                        MM     MM       MM
  SNOW DEPTH      MM

DEGREE DAYS
 HEATING
  YESTERDAY        4                        10     -6       11
  MONTH TO DATE   51                       137    -86       68
  SINCE SEP 1     51                       137    -86       68
  SINCE JUL 1     76                       248   -172      138

 COOLING
  YESTERDAY        0                         0      0        0
  MONTH TO DATE    5                         3      2       25
  SINCE SEP 1      5                         3      2       25
  SINCE JAN 1    373                       154    219      280
..................................................................


WIND (MPH)
  HIGHEST WIND SPEED    12   HIGHEST WIND DIRECTION     N (10)
  HIGHEST GUST SPEED    17   HIGHEST GUST DIRECTION     N (10)
  AVERAGE WIND SPEED     3.2


SKY COVER
  POSSIBLE SUNSHINE  MM
  AVERAGE SKY COVER 0.0


WEATHER CONDITIONS
 THE FOLLOWING WEATHER WAS RECORDED YESTERDAY.
  NO SIGNIFICANT WEATHER WAS OBSERVED.


RELATIVE HUMIDITY (PERCENT)
 HIGHEST    79           400 AM
 LOWEST     17           300 PM
 AVERAGE    48

..........................................................


THE ALTURAS CA CLIMATE NORMALS FOR TODAY
                         NORMAL    RECORD    YEAR
 MAXIMUM TEMPERATURE (F)   76        97      1953
 MINIMUM TEMPERATURE (F)   34        20      1978


SUNRISE AND SUNSET
SEPTEMBER 20 2014.....SUNRISE   648 AM PDT   SUNSET   703 PM PDT
SEPTEMBER 21 2014.....SUNRISE   649 AM PDT   SUNSET   701 PM PDT


-  INDICATES NEGATIVE NUMBERS.
R  INDICATES RECORD WAS SET OR TIED.
MM INDICATES DATA IS MISSING.
T  INDICATES TRACE AMOUNT.




$$
