000
CDUS41 KPHI 172135
CLIABE


CLIMATE REPORT
NATIONAL WEATHER SERVICE MOUNT HOLLY NJ
434 PM EST SAT FEB 17 2018


...................................

...THE ALLENTOWN PA CLIMATE SUMMARY FOR FEBRUARY 17 2018...
VALID TODAY AS OF 0400 PM LOCAL TIME.

CLIMATE NORMAL PERIOD 1981 TO 2010
CLIMATE RECORD PERIOD 1922 TO 2018


WEATHER ITEM   OBSERVED TIME   RECORD YEAR NORMAL DEPARTURE LAST
                VALUE   (LST)  VALUE       VALUE  FROM      YEAR
                                                  NORMAL
..................................................................
TEMPERATURE (F)
 TODAY
  MAXIMUM         40    108 PM  63    1976  40      0       45
  MINIMUM         23    700 AM  -3    1979  22      1       25
  AVERAGE         32                        31      1       35

PRECIPITATION (IN)
  TODAY            0.00          1.00 2003   0.10  -0.10     0.00
  MONTH TO DATE    3.41                      1.64   1.77     1.20
  SINCE DEC 1      8.46                      8.25   0.21     7.02
  SINCE JAN 1      6.58                      4.67   1.91     4.59

SNOWFALL (IN)
  TODAY            0.0          18.0  2003   0.4   -0.4      0.0
                                      1994
  MONTH TO DATE    2.9                       7.0   -4.1      7.1
  SINCE DEC 1     18.8                      22.2   -3.4     10.0
  SINCE JUL 1     18.8                      22.9   -4.1     10.0
  SNOW DEPTH       0

DEGREE DAYS
 HEATING
  TODAY           33                        34     -1       30
  MONTH TO DATE  524                       602    -78      529
  SINCE DEC 1   2682                      2772    -90     2409
  SINCE JUL 1   3595                      3952   -357     3314

 COOLING
  TODAY            0                         0      0        0
  MONTH TO DATE    0                         0      0        0
  SINCE DEC 1      0                         0      0        0
  SINCE JAN 1      0                         0      0        0
..................................................................


WIND (MPH)
  HIGHEST WIND SPEED    16   HIGHEST WIND DIRECTION     S (170)
  HIGHEST GUST SPEED    21   HIGHEST GUST DIRECTION    NW (330)
  AVERAGE WIND SPEED     7.4


SKY COVER
  POSSIBLE SUNSHINE  MM
  AVERAGE SKY COVER 0.1


WEATHER CONDITIONS
 THE FOLLOWING WEATHER WAS RECORDED TODAY.
  NO SIGNIFICANT WEATHER WAS OBSERVED.


RELATIVE HUMIDITY (PERCENT)
 HIGHEST    68           800 AM
 LOWEST     44           100 PM
 AVERAGE    56

..........................................................


THE ALLENTOWN PA CLIMATE NORMALS FOR TOMORROW
                         NORMAL    RECORD    YEAR
 MAXIMUM TEMPERATURE (F)   41        67      2017
                                             2011
 MINIMUM TEMPERATURE (F)   22        -6      1979


SUNRISE AND SUNSET
FEBRUARY 17 2018......SUNRISE   653 AM EST   SUNSET   539 PM EST
FEBRUARY 18 2018......SUNRISE   651 AM EST   SUNSET   540 PM EST


-  INDICATES NEGATIVE NUMBERS.
R  INDICATES RECORD WAS SET OR TIED.
MM INDICATES DATA IS MISSING.
T  INDICATES TRACE AMOUNT.




$$
