000
CDUS41 KPHI 270630
CLIABE


CLIMATE REPORT
NATIONAL WEATHER SERVICE MOUNT HOLLY NJ
229 AM EDT MON MAR 27 2017


...................................

...THE ALLENTOWN PA CLIMATE SUMMARY FOR MARCH 26 2017...

CLIMATE NORMAL PERIOD 1981 TO 2010
CLIMATE RECORD PERIOD 1922 TO 2017


WEATHER ITEM   OBSERVED TIME   RECORD YEAR NORMAL DEPARTURE LAST
                VALUE   (LST)  VALUE       VALUE  FROM      YEAR
                                                  NORMAL
..................................................................
TEMPERATURE (F)
 YESTERDAY
  MAXIMUM         44    215 PM  74    1963  53     -9       59
                                      1925
  MINIMUM         39    611 AM  17    1960  32      7       30
  AVERAGE         42                        43     -1       45

PRECIPITATION (IN)
  YESTERDAY        0.02          1.82 1978   0.12  -0.10     0.00
  MONTH TO DATE    2.78                      2.79  -0.01     0.53
  SINCE MAR 1      2.78                      2.79  -0.01     0.53
  SINCE JAN 1      7.87                      8.52  -0.65     9.56

SNOWFALL (IN)
  YESTERDAY        0.0           2.0  1933   0.1   -0.1      0.0
  MONTH TO DATE   18.3                       4.5   13.8      0.3
  SINCE MAR 1     18.3                       4.5   13.8      0.3
  SINCE JUL 1     28.3                      31.5   -3.2     36.2
  SNOW DEPTH       0

DEGREE DAYS
 HEATING
  YESTERDAY       23                        22      1       20
  MONTH TO DATE  737                       697     40      491
  SINCE MAR 1    737                       697     40      491
  SINCE JUL 1   4239                      5006   -767     3948

 COOLING
  YESTERDAY        0                         0      0        0
  MONTH TO DATE    0                         0      0        2
  SINCE MAR 1      0                         0      0        2
  SINCE JAN 1      0                         0      0        2
..................................................................


WIND (MPH)
  HIGHEST WIND SPEED    18   HIGHEST WIND DIRECTION     E (110)
  HIGHEST GUST SPEED    24   HIGHEST GUST DIRECTION     E (110)
  AVERAGE WIND SPEED    11.6


SKY COVER
  POSSIBLE SUNSHINE  MM
  AVERAGE SKY COVER 1.0


WEATHER CONDITIONS
 THE FOLLOWING WEATHER WAS RECORDED YESTERDAY.
  LIGHT RAIN
  FOG
  HAZE


RELATIVE HUMIDITY (PERCENT)
 HIGHEST    92          1000 PM
 LOWEST     65           200 PM
 AVERAGE    79

..........................................................


THE ALLENTOWN PA CLIMATE NORMALS FOR TODAY
                         NORMAL    RECORD    YEAR
 MAXIMUM TEMPERATURE (F)   54        83      1998
 MINIMUM TEMPERATURE (F)   32        15      2001


SUNRISE AND SUNSET
MARCH 27 2017.........SUNRISE   653 AM EDT   SUNSET   722 PM EDT
MARCH 28 2017.........SUNRISE   651 AM EDT   SUNSET   723 PM EDT


-  INDICATES NEGATIVE NUMBERS.
R  INDICATES RECORD WAS SET OR TIED.
MM INDICATES DATA IS MISSING.
T  INDICATES TRACE AMOUNT.




$$
