000
CDUS41 KPHI 230627
CLIABE


CLIMATE REPORT
NATIONAL WEATHER SERVICE MOUNT HOLLY NJ
226 AM EDT SAT AUG 23 2014


...................................

...THE ALLENTOWN PA CLIMATE SUMMARY FOR AUGUST 22 2014...

CLIMATE NORMAL PERIOD 1981 TO 2010
CLIMATE RECORD PERIOD 1922 TO 2014


WEATHER ITEM   OBSERVED TIME   RECORD YEAR NORMAL DEPARTURE LAST
                VALUE   (LST)  VALUE       VALUE  FROM      YEAR
                                                  NORMAL
..................................................................
TEMPERATURE (F)
 YESTERDAY
  MAXIMUM         77    315 PM  93    1937  82     -5       82
  MINIMUM         66    347 AM  46    1988  60      6       68
  AVERAGE         72                        71      1       75

PRECIPITATION (IN)
  YESTERDAY        0.16          1.96 1994   0.12   0.04     0.10
  MONTH TO DATE    1.62                      2.76  -1.14     6.09
  SINCE JUN 1     11.34                     12.02  -0.68    17.09
  SINCE JAN 1     33.64                     28.84   4.80    30.64

SNOWFALL (IN)
  YESTERDAY        0.0           0.0  2002   0.0    0.0      0.0
                                      2001
  MONTH TO DATE    0.0                       0.0    0.0      0.0
  SINCE JUN 1      0.0                       0.0    0.0      0.0
  SINCE JUL 1      0.0                       0.0    0.0      0.0
  SNOW DEPTH       0

DEGREE DAYS
 HEATING
  YESTERDAY        0                         0      0        0
  MONTH TO DATE    4                         0      4        4
  SINCE JUN 1      8                        36    -28       13
  SINCE JUL 1      4                         3      1        4

 COOLING
  YESTERDAY        7                         6      1       10
  MONTH TO DATE  135                       164    -29      115
  SINCE JUN 1    596                       584     12      686
  SINCE JAN 1    635                       629      6      758
..................................................................


WIND (MPH)
  HIGHEST WIND SPEED    13   HIGHEST WIND DIRECTION     E (100)
  HIGHEST GUST SPEED    17   HIGHEST GUST DIRECTION     E (110)
  AVERAGE WIND SPEED     5.3


SKY COVER
  POSSIBLE SUNSHINE  MM
  AVERAGE SKY COVER 0.9


WEATHER CONDITIONS
 THE FOLLOWING WEATHER WAS RECORDED YESTERDAY.
  RAIN
  LIGHT RAIN
  FOG
  HAZE


RELATIVE HUMIDITY (PERCENT)
 HIGHEST    93           200 AM
 LOWEST     66           900 PM
 AVERAGE    80

..........................................................


THE ALLENTOWN PA CLIMATE NORMALS FOR TODAY
                         NORMAL    RECORD    YEAR
 MAXIMUM TEMPERATURE (F)   82        96      1936
 MINIMUM TEMPERATURE (F)   60        47      1923


SUNRISE AND SUNSET
AUGUST 23 2014........SUNRISE   620 AM EDT   SUNSET   748 PM EDT
AUGUST 24 2014........SUNRISE   621 AM EDT   SUNSET   746 PM EDT


-  INDICATES NEGATIVE NUMBERS.
R  INDICATES RECORD WAS SET OR TIED.
MM INDICATES DATA IS MISSING.
T  INDICATES TRACE AMOUNT.




$$
