000
CDUS41 KPHI 290630
CLIABE


CLIMATE REPORT
NATIONAL WEATHER SERVICE MOUNT HOLLY NJ
230 AM EDT TUE JUL 29 2014


...................................

...THE ALLENTOWN PA CLIMATE SUMMARY FOR JULY 28 2014...

CLIMATE NORMAL PERIOD 1981 TO 2010
CLIMATE RECORD PERIOD 1922 TO 2014


WEATHER ITEM   OBSERVED TIME   RECORD YEAR NORMAL DEPARTURE LAST
                VALUE   (LST)  VALUE       VALUE  FROM      YEAR
                                                  NORMAL
..................................................................
TEMPERATURE (F)
 YESTERDAY
  MAXIMUM         81    310 PM  97    1949  84     -3       81
                                      1941
  MINIMUM         63   1159 PM  52    1962  63      0       67
  AVERAGE         72                        74     -2       74

PRECIPITATION (IN)
  YESTERDAY        T             3.00 1969   0.16  -0.16     0.75
  MONTH TO DATE    4.32                      4.48  -0.16     4.17
  SINCE JUN 1      9.72                      8.79   0.93    11.00
  SINCE JAN 1     32.02                     25.61   6.41    24.55

SNOWFALL (IN)
  YESTERDAY        0.0           0.0  2002   0.0    0.0      0.0
                                      2001
  MONTH TO DATE    0.0                       0.0    0.0      0.0
  SINCE JUN 1      0.0                       0.0    0.0      0.0
  SINCE JUL 1      0.0                       0.0    0.0      0.0
  SNOW DEPTH       0

DEGREE DAYS
 HEATING
  YESTERDAY        0                         0      0        0
  MONTH TO DATE    0                         0      0        0
  SINCE JUN 1      4                        33    -29        9
  SINCE JUL 1      0                         0      0        0

 COOLING
  YESTERDAY        7                         9     -2        9
  MONTH TO DATE  273                       244     29      368
  SINCE JUN 1    455                       399     56      559
  SINCE JAN 1    494                       444     50      631
..................................................................


WIND (MPH)
  HIGHEST WIND SPEED    22   HIGHEST WIND DIRECTION     W (250)
  HIGHEST GUST SPEED    30   HIGHEST GUST DIRECTION     W (260)
  AVERAGE WIND SPEED     9.1


SKY COVER
  POSSIBLE SUNSHINE  MM
  AVERAGE SKY COVER 0.7


WEATHER CONDITIONS
 THE FOLLOWING WEATHER WAS RECORDED YESTERDAY.
  LIGHT RAIN
  FOG


RELATIVE HUMIDITY (PERCENT)
 HIGHEST    87          1200 AM
 LOWEST     45           300 PM
 AVERAGE    66

..........................................................


THE ALLENTOWN PA CLIMATE NORMALS FOR TODAY
                         NORMAL    RECORD    YEAR
 MAXIMUM TEMPERATURE (F)   84        96      1954
 MINIMUM TEMPERATURE (F)   63        53      1928


SUNRISE AND SUNSET
JULY 29 2014..........SUNRISE   556 AM EDT   SUNSET   820 PM EDT
JULY 30 2014..........SUNRISE   557 AM EDT   SUNSET   819 PM EDT


-  INDICATES NEGATIVE NUMBERS.
R  INDICATES RECORD WAS SET OR TIED.
MM INDICATES DATA IS MISSING.
T  INDICATES TRACE AMOUNT.




$$
