000
CDUS41 KPHI 270626
CLIABE


CLIMATE REPORT
NATIONAL WEATHER SERVICE MOUNT HOLLY NJ
226 AM EDT FRI MAR 27 2015


...................................

...THE ALLENTOWN PA CLIMATE SUMMARY FOR MARCH 26 2015...

CLIMATE NORMAL PERIOD 1981 TO 2010
CLIMATE RECORD PERIOD 1922 TO 2015


WEATHER ITEM   OBSERVED TIME   RECORD YEAR NORMAL DEPARTURE LAST
                VALUE   (LST)  VALUE       VALUE  FROM      YEAR
                                                  NORMAL
..................................................................
TEMPERATURE (F)
 YESTERDAY
  MAXIMUM         53    644 PM  74    1963  53      0       33
                                      1925
  MINIMUM         33    641 AM  17    1960  32      1       22
  AVERAGE         43                        43      0       28

PRECIPITATION (IN)
  YESTERDAY        0.61          1.82 1978   0.12   0.49     0.00
  MONTH TO DATE    4.21                      2.79   1.42     0.93
  SINCE MAR 1      4.21                      2.79   1.42     0.93
  SINCE JAN 1      8.76                      8.52   0.24     9.92

SNOWFALL (IN)
  YESTERDAY        0.0           2.0  1933   0.1   -0.1      0.0
  MONTH TO DATE   17.4                       4.5   12.9      1.1
  SINCE MAR 1     17.4                       4.5   12.9      1.1
  SINCE JUL 1     49.7                      31.5   18.2     67.8
  SNOW DEPTH       0

DEGREE DAYS
 HEATING
  YESTERDAY       22                        22      0       37
  MONTH TO DATE  819                       697    122      846
  SINCE MAR 1    819                       697    122      846
  SINCE JUL 1   5300                      5006    294     5444

 COOLING
  YESTERDAY        0                         0      0        0
  MONTH TO DATE    0                         0      0        0
  SINCE MAR 1      0                         0      0        0
  SINCE JAN 1      0                         0      0        0
..................................................................


WIND (MPH)
  HIGHEST WIND SPEED    17   HIGHEST WIND DIRECTION     N (340)
  HIGHEST GUST SPEED    25   HIGHEST GUST DIRECTION    NW (310)
  AVERAGE WIND SPEED     3.1


SKY COVER
  POSSIBLE SUNSHINE  MM
  AVERAGE SKY COVER 0.8


WEATHER CONDITIONS
 THE FOLLOWING WEATHER WAS RECORDED YESTERDAY.
  HEAVY RAIN
  RAIN
  LIGHT RAIN
  FOG
  HAZE


RELATIVE HUMIDITY (PERCENT)
 HIGHEST   100           400 AM
 LOWEST     82          1000 AM
 AVERAGE    91

..........................................................


THE ALLENTOWN PA CLIMATE NORMALS FOR TODAY
                         NORMAL    RECORD    YEAR
 MAXIMUM TEMPERATURE (F)   54        83      1998
 MINIMUM TEMPERATURE (F)   32        15      2001


SUNRISE AND SUNSET
MARCH 27 2015.........SUNRISE   654 AM EDT   SUNSET   721 PM EDT
MARCH 28 2015.........SUNRISE   652 AM EDT   SUNSET   722 PM EDT


-  INDICATES NEGATIVE NUMBERS.
R  INDICATES RECORD WAS SET OR TIED.
MM INDICATES DATA IS MISSING.
T  INDICATES TRACE AMOUNT.




$$
