000
CDUS41 KPHI 270629
CLIABE


CLIMATE REPORT
NATIONAL WEATHER SERVICE MOUNT HOLLY NJ
228 AM EDT SAT AUG 27 2016


...................................

...THE ALLENTOWN PA CLIMATE SUMMARY FOR AUGUST 26 2016...

CLIMATE NORMAL PERIOD 1981 TO 2010
CLIMATE RECORD PERIOD 1922 TO 2016


WEATHER ITEM   OBSERVED TIME   RECORD YEAR NORMAL DEPARTURE LAST
                VALUE   (LST)  VALUE       VALUE  FROM      YEAR
                                                  NORMAL
..................................................................
TEMPERATURE (F)
 YESTERDAY
  MAXIMUM         91    323 PM  99    1948  81     10       78
  MINIMUM         68   1050 PM  45    1944  60      8       56
  AVERAGE         80                        70     10       67

PRECIPITATION (IN)
  YESTERDAY        0.00          1.20 1999   0.10  -0.10     0.00
  MONTH TO DATE    1.93                      3.18  -1.25     2.56
  SINCE JUN 1     10.52                     12.44  -1.92    15.58
  SINCE JAN 1     26.35                     29.26  -2.91    27.19

SNOWFALL (IN)
  YESTERDAY        0.0           0.0  2002   0.0    0.0      0.0
                                      2001
  MONTH TO DATE    0.0                       0.0    0.0      0.0
  SINCE JUN 1      0.0                       0.0    0.0      0.0
  SINCE JUL 1      0.0                       0.0    0.0      0.0
  SNOW DEPTH       0

DEGREE DAYS
 HEATING
  YESTERDAY        0                         0      0        0
  MONTH TO DATE    0                         0      0        0
  SINCE JUN 1      9                        36    -27       21
  SINCE JUL 1      0                         3     -3        0

 COOLING
  YESTERDAY       15                         6      9        2
  MONTH TO DATE  313                       188    125      217
  SINCE JUN 1    892                       608    284      723
  SINCE JAN 1    979                       653    326      856
..................................................................


WIND (MPH)
  HIGHEST WIND SPEED    14   HIGHEST WIND DIRECTION    NW (310)
  HIGHEST GUST SPEED    20   HIGHEST GUST DIRECTION     N (340)
  AVERAGE WIND SPEED     5.1


SKY COVER
  POSSIBLE SUNSHINE  MM
  AVERAGE SKY COVER 0.2


WEATHER CONDITIONS
 THE FOLLOWING WEATHER WAS RECORDED YESTERDAY.
  FOG
  HAZE


RELATIVE HUMIDITY (PERCENT)
 HIGHEST    93          1200 AM
 LOWEST     41           300 PM
 AVERAGE    67

..........................................................


THE ALLENTOWN PA CLIMATE NORMALS FOR TODAY
                         NORMAL    RECORD    YEAR
 MAXIMUM TEMPERATURE (F)   81        98      1948
 MINIMUM TEMPERATURE (F)   59        43      1944


SUNRISE AND SUNSET
AUGUST 27 2016........SUNRISE   624 AM EDT   SUNSET   741 PM EDT
AUGUST 28 2016........SUNRISE   625 AM EDT   SUNSET   739 PM EDT


-  INDICATES NEGATIVE NUMBERS.
R  INDICATES RECORD WAS SET OR TIED.
MM INDICATES DATA IS MISSING.
T  INDICATES TRACE AMOUNT.




$$
