000
CDUS41 KPHI 010633
CLIABE


CLIMATE REPORT
NATIONAL WEATHER SERVICE MOUNT HOLLY NJ
231 AM EDT SAT AUG 1 2015


...................................

...THE ALLENTOWN PA CLIMATE SUMMARY FOR JULY 31 2015...

CLIMATE NORMAL PERIOD 1981 TO 2010
CLIMATE RECORD PERIOD 1922 TO 2015


WEATHER ITEM   OBSERVED TIME   RECORD YEAR NORMAL DEPARTURE LAST
                VALUE   (LST)  VALUE       VALUE  FROM      YEAR
                                                  NORMAL
..................................................................
TEMPERATURE (F)
 YESTERDAY
  MAXIMUM         87    333 PM 101    1954  84      3       82
  MINIMUM         61    503 AM  51    1936  63     -2       60
  AVERAGE         74                        73      1       71

PRECIPITATION (IN)
  YESTERDAY        0.00          1.61 1970   0.16  -0.16      T
  MONTH TO DATE    5.43                      4.95   0.48     4.32
  SINCE JUN 1     13.02                      9.26   3.76     9.72
  SINCE JAN 1     24.63                     26.08  -1.45    32.02

SNOWFALL (IN)
  YESTERDAY        0.0           0.0  2002   0.0    0.0      0.0
                                      2001
  MONTH TO DATE    0.0                       0.0    0.0      0.0
  SINCE JUN 1      0.0                       0.0    0.0      0.0
  SINCE JUL 1      0.0                       0.0    0.0      0.0
  SNOW DEPTH       0

DEGREE DAYS
 HEATING
  YESTERDAY        0                         0      0        0
  MONTH TO DATE    0                         0      0        0
  SINCE JUN 1     21                        36    -15        4
  SINCE JUL 1      0                         3     -3        0

 COOLING
  YESTERDAY        9                         8      1        6
  MONTH TO DATE  307                       265     42      279
  SINCE JUN 1    506                       420     86      461
  SINCE JAN 1    639                       465    174      500
..................................................................


WIND (MPH)
  HIGHEST WIND SPEED    13   HIGHEST WIND DIRECTION     W (250)
  HIGHEST GUST SPEED    17   HIGHEST GUST DIRECTION     W (270)
  AVERAGE WIND SPEED     4.9


SKY COVER
  POSSIBLE SUNSHINE  MM
  AVERAGE SKY COVER 0.0


WEATHER CONDITIONS
 THE FOLLOWING WEATHER WAS RECORDED YESTERDAY.
  NO SIGNIFICANT WEATHER WAS OBSERVED.


RELATIVE HUMIDITY (PERCENT)
 HIGHEST    93           300 AM
 LOWEST     37           200 PM
 AVERAGE    65

..........................................................


THE ALLENTOWN PA CLIMATE NORMALS FOR TODAY
                         NORMAL    RECORD    YEAR
 MAXIMUM TEMPERATURE (F)   84        98      1955
 MINIMUM TEMPERATURE (F)   63        52      1998
                                             1964


SUNRISE AND SUNSET
AUGUST  1 2015........SUNRISE   558 AM EDT   SUNSET   817 PM EDT
AUGUST  2 2015........SUNRISE   559 AM EDT   SUNSET   816 PM EDT


-  INDICATES NEGATIVE NUMBERS.
R  INDICATES RECORD WAS SET OR TIED.
MM INDICATES DATA IS MISSING.
T  INDICATES TRACE AMOUNT.




$$
