000
CDUS44 KSJT 242325
CLIABI


CLIMATE REPORT
NATIONAL WEATHER SERVICE SAN ANGELO TX
525 PM CST SAT FEB 24 2018


...................................

...THE ABILENE CLIMATE SUMMARY FOR FEBRUARY 24 2018...
VALID TODAY AS OF 0500 PM LOCAL TIME.

CLIMATE NORMAL PERIOD 1981 TO 2010
CLIMATE RECORD PERIOD 1886 TO 2018


WEATHER ITEM   OBSERVED TIME   RECORD YEAR NORMAL DEPARTURE LAST
                VALUE   (LST)  VALUE       VALUE  FROM      YEAR
                                                  NORMAL
..................................................................
TEMPERATURE (F)
 TODAY
  MAXIMUM         68    458 PM  91    1918  63      5       64
  MINIMUM         39    713 AM  14    1889  39      0       40
  AVERAGE         54                        51      3       52

PRECIPITATION (IN)
  TODAY            0.00          1.77 1992   0.04  -0.04     0.00
  MONTH TO DATE    2.40                      1.14   1.26     1.45
  SINCE DEC 1      3.45                      3.39   0.06     4.77
  SINCE JAN 1      2.40                      2.16   0.24     3.38

SNOWFALL (IN)
  TODAY            0.0           1.2  2004   0.0    0.0      0.0
                                      1960
  MONTH TO DATE    0.5                       0.7   -0.2      0.0
  SINCE NOV 1      0.5                       4.0   -3.5       T
  SINCE JUL 1      0.5                       4.0   -3.5       T

DEGREE DAYS
 HEATING
  TODAY           11                        15     -4       13
  MONTH TO DATE  462                       409     53      244
  SINCE DEC 1   1775                      1645    130     1358
  SINCE JUL 1   2170                      2078     92     1549

 COOLING
  TODAY            0                         0      0        0
  MONTH TO DATE   12                         0     12       24
  SINCE DEC 1     13                         2     11       27
  SINCE JAN 1     12                         1     11       27
..................................................................


WIND (MPH)
  HIGHEST WIND SPEED    20   HIGHEST WIND DIRECTION     W (260)
  HIGHEST GUST SPEED    25   HIGHEST GUST DIRECTION     W (270)
  AVERAGE WIND SPEED     7.9


SKY COVER
  POSSIBLE SUNSHINE  MM
  AVERAGE SKY COVER 0.7


WEATHER CONDITIONS
 THE FOLLOWING WEATHER WAS RECORDED TODAY.
  FOG


RELATIVE HUMIDITY (PERCENT)
 HIGHEST   100          1200 AM
 LOWEST     22           500 PM
 AVERAGE    61

..........................................................


THE ABILENE CLIMATE NORMALS FOR TOMORROW
                         NORMAL    RECORD    YEAR
 MAXIMUM TEMPERATURE (F)   63        94      1904
 MINIMUM TEMPERATURE (F)   39         9      1960


SUNRISE AND SUNSET
FEBRUARY 24 2018......SUNRISE   712 AM CST   SUNSET   632 PM CST
FEBRUARY 25 2018......SUNRISE   711 AM CST   SUNSET   633 PM CST


-  INDICATES NEGATIVE NUMBERS.
R  INDICATES RECORD WAS SET OR TIED.
MM INDICATES DATA IS MISSING.
T  INDICATES TRACE AMOUNT.




$$
