000
CDUS44 KSJT 240826
CLIABI


CLIMATE REPORT
NATIONAL WEATHER SERVICE SAN ANGELO TX
224 AM CST FRI NOV 24 2017


...................................

...THE ABILENE CLIMATE SUMMARY FOR NOVEMBER 23 2017...

CLIMATE NORMAL PERIOD 1981 TO 2010
CLIMATE RECORD PERIOD 1886 TO 2017


WEATHER ITEM   OBSERVED TIME   RECORD YEAR NORMAL DEPARTURE LAST
                VALUE   (LST)  VALUE       VALUE  FROM      YEAR
                                                  NORMAL
..................................................................
TEMPERATURE (F)
 YESTERDAY
  MAXIMUM         74    405 PM  85    1965  63     11       66
  MINIMUM         35   1255 AM  19    1970  40     -5       41
  AVERAGE         55                        51      4       54

PRECIPITATION (IN)
  YESTERDAY        0.00          1.10 1913   0.03  -0.03     0.00
  MONTH TO DATE    0.90                      1.14  -0.24     2.47
  SINCE SEP 1      5.44                      6.36  -0.92     8.46
  SINCE JAN 1     19.89                     23.32  -3.43    35.57

SNOWFALL (IN)
  YESTERDAY        0.0           T    2013   0.0    0.0      0.0
  MONTH TO DATE    0.0                       0.5   -0.5      0.0
  SINCE NOV 1      0.0                       0.5   -0.5      0.0
  SINCE JUL 1      T                         0.5   -0.5      0.0

DEGREE DAYS
 HEATING
  YESTERDAY       10                        14     -4       11
  MONTH TO DATE  199                       222    -23      108
  SINCE SEP 1    342                       326     16      127
  SINCE JUL 1    342                       326     16      127

 COOLING
  YESTERDAY        0                         0      0        0
  MONTH TO DATE   37                        15     22       31
  SINCE SEP 1    508                       459     49      602
  SINCE JAN 1   2424                      2404     20     2601
..................................................................


WIND (MPH)
  HIGHEST WIND SPEED    10   HIGHEST WIND DIRECTION     S (170)
  HIGHEST GUST SPEED    14   HIGHEST GUST DIRECTION    SW (220)
  AVERAGE WIND SPEED     6.8


SKY COVER
  POSSIBLE SUNSHINE  MM
  AVERAGE SKY COVER 0.0


WEATHER CONDITIONS
 THE FOLLOWING WEATHER WAS RECORDED YESTERDAY.
  NO SIGNIFICANT WEATHER WAS OBSERVED.


RELATIVE HUMIDITY (PERCENT)
 HIGHEST    70          1200 AM
 LOWEST     20           400 PM
 AVERAGE    45

..........................................................


THE ABILENE CLIMATE NORMALS FOR TODAY
                         NORMAL    RECORD    YEAR
 MAXIMUM TEMPERATURE (F)   63        84      1965
 MINIMUM TEMPERATURE (F)   39        15      1970


SUNRISE AND SUNSET
NOVEMBER 24 2017......SUNRISE   716 AM CST   SUNSET   534 PM CST
NOVEMBER 25 2017......SUNRISE   717 AM CST   SUNSET   534 PM CST


-  INDICATES NEGATIVE NUMBERS.
R  INDICATES RECORD WAS SET OR TIED.
MM INDICATES DATA IS MISSING.
T  INDICATES TRACE AMOUNT.




$$
