000
CDUS44 KSJT 310703
CLIABI


CLIMATE REPORT
NATIONAL WEATHER SERVICE SAN ANGELO TX
202 AM CDT WED AUG 31 2016


...................................

...THE ABILENE CLIMATE SUMMARY FOR AUGUST 30 2016...

CLIMATE NORMAL PERIOD 1981 TO 2010
CLIMATE RECORD PERIOD 1886 TO 2016


WEATHER ITEM   OBSERVED TIME   RECORD YEAR NORMAL DEPARTURE LAST
                VALUE   (LST)  VALUE       VALUE  FROM      YEAR
                                                  NORMAL
..................................................................
TEMPERATURE (F)
 YESTERDAY
  MAXIMUM         89    434 PM 105    1959  92     -3       94
                                      1956
                                      1943
  MINIMUM         70    150 AM  53    1917  70      0       68
                                      1915
  AVERAGE         80                        81     -1       81

PRECIPITATION (IN)
  YESTERDAY        0.00          2.87 1963   0.10  -0.10     0.00
  MONTH TO DATE    5.27                      2.50   2.77     0.62
  SINCE JUN 1      9.04                      7.93   1.11    12.54
  SINCE JAN 1     26.84                     16.87   9.97    25.17

DEGREE DAYS
 HEATING
  YESTERDAY        0                         0      0        0
  MONTH TO DATE    0                         0      0        0
  SINCE JUN 1      0                         1     -1        0
  SINCE JUL 1      0                         0      0        0

 COOLING
  YESTERDAY       15                        16     -1       16
  MONTH TO DATE  544                       538      6      607
  SINCE JUN 1   1675                      1534    141     1679
  SINCE JAN 1   1984                      1931     53     2068
..................................................................


WIND (MPH)
  HIGHEST WIND SPEED    15   HIGHEST WIND DIRECTION     E (110)
  HIGHEST GUST SPEED    20   HIGHEST GUST DIRECTION     E (110)
  AVERAGE WIND SPEED     6.1


SKY COVER
  POSSIBLE SUNSHINE  MM
  AVERAGE SKY COVER 0.4


WEATHER CONDITIONS
 THE FOLLOWING WEATHER WAS RECORDED YESTERDAY.
  NO SIGNIFICANT WEATHER WAS OBSERVED.


RELATIVE HUMIDITY (PERCENT)
 HIGHEST    93          1200 AM
 LOWEST     46           300 PM
 AVERAGE    70

..........................................................


THE ABILENE CLIMATE NORMALS FOR TODAY
                         NORMAL    RECORD    YEAR
 MAXIMUM TEMPERATURE (F)   92       107      1952
 MINIMUM TEMPERATURE (F)   69        48      1915


SUNRISE AND SUNSET
AUGUST 31 2016........SUNRISE   713 AM CDT   SUNSET   804 PM CDT
SEPTEMBER  1 2016.....SUNRISE   714 AM CDT   SUNSET   802 PM CDT


-  INDICATES NEGATIVE NUMBERS.
R  INDICATES RECORD WAS SET OR TIED.
MM INDICATES DATA IS MISSING.
T  INDICATES TRACE AMOUNT.




$$
