000
CDUS44 KSJT 240808
CLIABI


CLIMATE REPORT
NATIONAL WEATHER SERVICE SAN ANGELO TX
307 AM CDT SUN SEP 24 2017


...................................

...THE ABILENE CLIMATE SUMMARY FOR SEPTEMBER 23 2017...

CLIMATE NORMAL PERIOD 1981 TO 2010
CLIMATE RECORD PERIOD 1886 TO 2017


WEATHER ITEM   OBSERVED TIME   RECORD YEAR NORMAL DEPARTURE LAST
                VALUE   (LST)  VALUE       VALUE  FROM      YEAR
                                                  NORMAL
..................................................................
TEMPERATURE (F)
 YESTERDAY
  MAXIMUM         91    405 PM  99    1926  84      7       89
  MINIMUM         69    705 AM  44    1989  62      7       68
  AVERAGE         80                        73      7       79

PRECIPITATION (IN)
  YESTERDAY        0.00          1.50 1971   0.07  -0.07     0.00
  MONTH TO DATE    T                         1.73  -1.73     2.94
  SINCE SEP 1      T                         1.73  -1.73     2.94
  SINCE JAN 1     14.45                     18.69  -4.24    30.05

DEGREE DAYS
 HEATING
  YESTERDAY        0                         1     -1        0
  MONTH TO DATE    0                         4     -4        0
  SINCE SEP 1      0                         4     -4        0
  SINCE JUL 1      0                         4     -4        0

 COOLING
  YESTERDAY       15                         9      6       14
  MONTH TO DATE  305                       274     31      328
  SINCE SEP 1    305                       274     31      328
  SINCE JAN 1   2221                      2219      2     2327
..................................................................


WIND (MPH)
  HIGHEST WIND SPEED    25   HIGHEST WIND DIRECTION    SE (140)
  HIGHEST GUST SPEED    35   HIGHEST GUST DIRECTION    SE (140)
  AVERAGE WIND SPEED    16.1


SKY COVER
  POSSIBLE SUNSHINE  MM
  AVERAGE SKY COVER 0.2


WEATHER CONDITIONS
 THE FOLLOWING WEATHER WAS RECORDED YESTERDAY.
  NO SIGNIFICANT WEATHER WAS OBSERVED.


RELATIVE HUMIDITY (PERCENT)
 HIGHEST    90           400 AM
 LOWEST     37           500 PM
 AVERAGE    64

..........................................................


THE ABILENE CLIMATE NORMALS FOR TODAY
                         NORMAL    RECORD    YEAR
 MAXIMUM TEMPERATURE (F)   84        99      2011
                                             1979
 MINIMUM TEMPERATURE (F)   61        38      1989


SUNRISE AND SUNSET
SEPTEMBER 24 2017.....SUNRISE   728 AM CDT   SUNSET   732 PM CDT
SEPTEMBER 25 2017.....SUNRISE   729 AM CDT   SUNSET   731 PM CDT


-  INDICATES NEGATIVE NUMBERS.
R  INDICATES RECORD WAS SET OR TIED.
MM INDICATES DATA IS MISSING.
T  INDICATES TRACE AMOUNT.




$$
