000
CDUS44 KSJT 080702
CLIABI


CLIMATE REPORT
NATIONAL WEATHER SERVICE SAN ANGELO TX
102 AM CST THU DEC 8 2016


...................................

...THE ABILENE CLIMATE SUMMARY FOR DECEMBER 7 2016...

CLIMATE NORMAL PERIOD 1981 TO 2010
CLIMATE RECORD PERIOD 1886 TO 2016


WEATHER ITEM   OBSERVED TIME   RECORD YEAR NORMAL DEPARTURE LAST
                VALUE   (LST)  VALUE       VALUE  FROM      YEAR
                                                  NORMAL
..................................................................
TEMPERATURE (F)
 YESTERDAY
  MAXIMUM         45    251 PM  83    1966  58    -13       67
  MINIMUM         32    428 AM  14    2013  35     -3       33
  AVERAGE         39                        46     -7       50

PRECIPITATION (IN)
  YESTERDAY        0.00          0.67 1980   0.05  -0.05     0.00
                                      1960
  MONTH TO DATE    1.33                      0.28   1.05     0.00
  SINCE DEC 1      1.33                      0.28   1.05     0.00
  SINCE JAN 1     36.94                     23.87  13.07    38.21

SNOWFALL (IN)
  YESTERDAY        0.0           T    1989   0.1   -0.1      0.0
  MONTH TO DATE    0.0                       0.2   -0.2      0.0
  SINCE NOV 1      0.0                       0.9   -0.9       T
  SINCE JUL 1      0.0                       0.9   -0.9       T

DEGREE DAYS
 HEATING
  YESTERDAY       26                        18      8       15
  MONTH TO DATE  132                       123      9      115
  SINCE DEC 1    132                       123      9      115
  SINCE JUL 1    323                       556   -233      458

 COOLING
  YESTERDAY        0                         0      0        0
  MONTH TO DATE    0                         0      0        0
  SINCE DEC 1      0                         0      0        0
  SINCE JAN 1   2601                      2408    193     2739
..................................................................


WIND (MPH)
  HIGHEST WIND SPEED    20   HIGHEST WIND DIRECTION     N (20)
  HIGHEST GUST SPEED    27   HIGHEST GUST DIRECTION    NE (30)
  AVERAGE WIND SPEED     8.1


SKY COVER
  POSSIBLE SUNSHINE  MM
  AVERAGE SKY COVER 0.6


WEATHER CONDITIONS
 THE FOLLOWING WEATHER WAS RECORDED YESTERDAY.
  FOG


RELATIVE HUMIDITY (PERCENT)
 HIGHEST   100          1000 AM
 LOWEST     70          1000 PM
 AVERAGE    85

..........................................................


THE ABILENE CLIMATE NORMALS FOR TODAY
                         NORMAL    RECORD    YEAR
 MAXIMUM TEMPERATURE (F)   58        79      1897
 MINIMUM TEMPERATURE (F)   35        10      2005


SUNRISE AND SUNSET
DECEMBER  8 2016......SUNRISE   728 AM CST   SUNSET   533 PM CST
DECEMBER  9 2016......SUNRISE   729 AM CST   SUNSET   534 PM CST


-  INDICATES NEGATIVE NUMBERS.
R  INDICATES RECORD WAS SET OR TIED.
MM INDICATES DATA IS MISSING.
T  INDICATES TRACE AMOUNT.




$$
