000
CDUS44 KSJT 300700
CLIABI


CLIMATE REPORT
NATIONAL WEATHER SERVICE SAN ANGELO TX
159 AM CDT SAT APR 30 2016


...................................

...THE ABILENE CLIMATE SUMMARY FOR APRIL 29 2016...

CLIMATE NORMAL PERIOD 1981 TO 2010
CLIMATE RECORD PERIOD 1886 TO 2016


WEATHER ITEM   OBSERVED TIME   RECORD YEAR NORMAL DEPARTURE LAST
                VALUE   (LST)  VALUE       VALUE  FROM      YEAR
                                                  NORMAL
..................................................................
TEMPERATURE (F)
 YESTERDAY
  MAXIMUM         86    328 PM  99    1928  81      5       74
  MINIMUM         60   1159 PM  37    1908  56      4       40
                                      1907
  AVERAGE         73                        68      5       57

PRECIPITATION (IN)
  YESTERDAY        0.00          1.53 1954   0.07  -0.07     0.00
  MONTH TO DATE    6.24                      1.56   4.68     2.18
  SINCE MAR 1      8.55                      3.30   5.25     3.78
  SINCE JAN 1      9.27                      5.68   3.59     7.29

SNOWFALL (IN)
  YESTERDAY        0.0           0.0  2000   0.0    0.0      0.0
  MONTH TO DATE    T                         0.3   -0.3      0.0
  SINCE NOV 1      5.1                       4.7    0.4      3.7
  SINCE JUL 1      5.1                       4.7    0.4      3.7

DEGREE DAYS
 HEATING
  YESTERDAY        0                         2     -2        8
  MONTH TO DATE   79                       111    -32       63
  SINCE MAR 1    266                       409   -143      389
  SINCE JUL 1   2020                      2542   -522     2466

 COOLING
  YESTERDAY        8                         5      3        0
  MONTH TO DATE   63                        93    -30      120
  SINCE MAR 1     81                       122    -41      167
  SINCE JAN 1     95                       127    -32      171
..................................................................


WIND (MPH)
  HIGHEST WIND SPEED    25   HIGHEST WIND DIRECTION     S (160)
  HIGHEST GUST SPEED    32   HIGHEST GUST DIRECTION     S (160)
  AVERAGE WIND SPEED    14.0


SKY COVER
  POSSIBLE SUNSHINE  MM
  AVERAGE SKY COVER 0.2


WEATHER CONDITIONS
 THE FOLLOWING WEATHER WAS RECORDED YESTERDAY.
  FOG
  HAZE


RELATIVE HUMIDITY (PERCENT)
 HIGHEST    90           300 AM
 LOWEST     22           900 PM
 AVERAGE    56

..........................................................


THE ABILENE CLIMATE NORMALS FOR TODAY
                         NORMAL    RECORD    YEAR
 MAXIMUM TEMPERATURE (F)   81        99      1948
 MINIMUM TEMPERATURE (F)   56        34      1903


SUNRISE AND SUNSET
APRIL 30 2016.........SUNRISE   653 AM CDT   SUNSET   820 PM CDT
MAY  1 2016...........SUNRISE   652 AM CDT   SUNSET   820 PM CDT


-  INDICATES NEGATIVE NUMBERS.
R  INDICATES RECORD WAS SET OR TIED.
MM INDICATES DATA IS MISSING.
T  INDICATES TRACE AMOUNT.




$$
