000
CDUS44 KSJT 011438
CLIABI


CLIMATE REPORT
NATIONAL WEATHER SERVICE SAN ANGELO TX
838 AM CST SUN FEB 1 2015


...................................

...THE ABILENE CLIMATE SUMMARY FOR JANUARY 31 2015...

CLIMATE NORMAL PERIOD 1981 TO 2010
CLIMATE RECORD PERIOD 1886 TO 2015


WEATHER ITEM   OBSERVED TIME   RECORD YEAR NORMAL DEPARTURE LAST
                VALUE   (LST)  VALUE       VALUE  FROM      YEAR
                                                  NORMAL
..................................................................
TEMPERATURE (F)
 YESTERDAY
  MAXIMUM         54   1159 PM  90    1911  58     -4       83
  MINIMUM         44   1027 AM   8    1899  34     10       41
  AVERAGE         49                        46      3       62

PRECIPITATION (IN)
  YESTERDAY        0.30          1.31 1923   0.04   0.26     0.00
  MONTH TO DATE    1.77                      1.02   0.75      T
  SINCE DEC 1      2.30                      2.25   0.05     1.11
  SINCE JAN 1      1.77                      1.02   0.75      T

SNOWFALL (IN)
  YESTERDAY        0.0           2.8  1985   0.0    0.0      0.0
  MONTH TO DATE    T                         1.5   -1.5      0.0
  SINCE NOV 1      0.1                       3.3   -3.2      1.3
  SINCE JUL 1      0.1                       3.3   -3.2      1.3

DEGREE DAYS
 HEATING
  YESTERDAY       16                        19     -3        3
  MONTH TO DATE  676                       624     52      627
  SINCE DEC 1   1129                      1236   -107     1325
  SINCE JUL 1   1546                      1669   -123     1797

 COOLING
  YESTERDAY        0                         0      0        0
  MONTH TO DATE    0                         1     -1        0
  SINCE DEC 1      0                         2     -2        1
  SINCE JAN 1      0                         1     -1        0
..................................................................


WIND (MPH)
  HIGHEST WIND SPEED    21   HIGHEST WIND DIRECTION     S (160)
  HIGHEST GUST SPEED    25   HIGHEST GUST DIRECTION     S (160)
  AVERAGE WIND SPEED    11.9


SKY COVER
  POSSIBLE SUNSHINE  MM
  AVERAGE SKY COVER 1.0


WEATHER CONDITIONS
 THE FOLLOWING WEATHER WAS RECORDED YESTERDAY.
  LIGHT RAIN
  FOG
  HAZE


RELATIVE HUMIDITY (PERCENT)
 HIGHEST   100           700 PM
 LOWEST     58          1200 AM
 AVERAGE    79

..........................................................


THE ABILENE CLIMATE NORMALS FOR TODAY
                         NORMAL    RECORD    YEAR
 MAXIMUM TEMPERATURE (F)   58        89      1911
 MINIMUM TEMPERATURE (F)   34         1      1951


SUNRISE AND SUNSET
FEBRUARY  1 2015......SUNRISE   733 AM CST   SUNSET   612 PM CST
FEBRUARY  2 2015......SUNRISE   732 AM CST   SUNSET   613 PM CST


-  INDICATES NEGATIVE NUMBERS.
R  INDICATES RECORD WAS SET OR TIED.
MM INDICATES DATA IS MISSING.
T  INDICATES TRACE AMOUNT.




$$
