000
CDUS44 KSJT 190808
CLIABI


CLIMATE REPORT
NATIONAL WEATHER SERVICE SAN ANGELO TX
206 AM CST FRI DEC 19 2014


...................................

...THE ABILENE CLIMATE SUMMARY FOR DECEMBER 18 2014...

CLIMATE NORMAL PERIOD 1981 TO 2010
CLIMATE RECORD PERIOD 1886 TO 2014


WEATHER ITEM   OBSERVED TIME   RECORD YEAR NORMAL DEPARTURE LAST
                VALUE   (LST)  VALUE       VALUE  FROM      YEAR
                                                  NORMAL
..................................................................
TEMPERATURE (F)
 YESTERDAY
  MAXIMUM         65    203 PM  78    1980  56      9       70
                                      1977
  MINIMUM         42    800 AM  12    1983  33      9       40
                                      1975
  AVERAGE         54                        44     10       55

PRECIPITATION (IN)
  YESTERDAY        0.00          0.84 1952   0.04  -0.04     0.00
  MONTH TO DATE    0.01                      0.73  -0.72     0.20
  SINCE DEC 1      0.01                      0.73  -0.72     0.20
  SINCE JAN 1     14.50                     24.32  -9.82    22.28

SNOWFALL (IN)
  YESTERDAY        0.0           1.6  1983   0.0    0.0      0.0
  MONTH TO DATE    0.0                       0.5   -0.5      0.8
  SINCE NOV 1      0.1                       1.2   -1.1      1.3
  SINCE JUL 1      0.1                       1.2   -1.1      1.3

DEGREE DAYS
 HEATING
  YESTERDAY       11                        20     -9       10
  MONTH TO DATE  183                       339   -156      406
  SINCE DEC 1    183                       339   -156      406
  SINCE JUL 1    600                       772   -172      878

 COOLING
  YESTERDAY        0                         0      0        0
  MONTH TO DATE    0                         0      0        1
  SINCE DEC 1      0                         0      0        1
  SINCE JAN 1   2819                      2408    411     2723
..................................................................


WIND (MPH)
  HIGHEST WIND SPEED    14   HIGHEST WIND DIRECTION     N (10)
  HIGHEST GUST SPEED    18   HIGHEST GUST DIRECTION     N (20)
  AVERAGE WIND SPEED     7.4


SKY COVER
  POSSIBLE SUNSHINE  MM
  AVERAGE SKY COVER 0.2


WEATHER CONDITIONS
 THE FOLLOWING WEATHER WAS RECORDED YESTERDAY.
  FOG


RELATIVE HUMIDITY (PERCENT)
 HIGHEST   100           800 AM
 LOWEST     34           200 PM
 AVERAGE    67

..........................................................


THE ABILENE CLIMATE NORMALS FOR TODAY
                         NORMAL    RECORD    YEAR
 MAXIMUM TEMPERATURE (F)   56        80      1978
 MINIMUM TEMPERATURE (F)   33         5      1924


SUNRISE AND SUNSET
DECEMBER 19 2014......SUNRISE   735 AM CST   SUNSET   537 PM CST
DECEMBER 20 2014......SUNRISE   736 AM CST   SUNSET   537 PM CST


-  INDICATES NEGATIVE NUMBERS.
R  INDICATES RECORD WAS SET OR TIED.
MM INDICATES DATA IS MISSING.
T  INDICATES TRACE AMOUNT.




$$
