000
CDUS45 KABQ 310013
CLIABQ


CLIMATE REPORT
NATIONAL WEATHER SERVICE ALBUQUERQUE NM
613 PM MDT SAT JUL 30 2016


...................................

...THE ALBUQUERQUE  NM CLIMATE SUMMARY FOR JULY 30 2016...
VALID TODAY AS OF 0500 PM LOCAL TIME.

CLIMATE NORMAL PERIOD 1981 TO 2010
CLIMATE RECORD PERIOD 1891 TO 2016


WEATHER ITEM   OBSERVED TIME   RECORD YEAR NORMAL DEPARTURE LAST
                VALUE   (LST)  VALUE       VALUE  FROM      YEAR
                                                  NORMAL
..................................................................
TEMPERATURE (F)
 TODAY
  MAXIMUM         93    319 PM 102    1951  89      4       83
  MINIMUM         65    521 AM  53    1913  66     -1       65
  AVERAGE         79                        78      1       74

PRECIPITATION (IN)
  TODAY            0.00          0.72 1962   0.06  -0.06
  MONTH TO DATE    0.70                      1.44  -0.74
  SINCE JUN 1      0.87                      2.10  -1.23
  SINCE JAN 1      2.06                      4.64  -2.58

SNOWFALL (IN)
  TODAY            0.0
  MONTH TO DATE    0.0
  SINCE JUN 1      0.0
  SINCE JUL 1      0.0
  SNOW DEPTH       0

DEGREE DAYS
 HEATING
  TODAY            0                         0      0        0
  MONTH TO DATE    0                         0      0        0
  SINCE JUN 1      0                         4     -4        0
  SINCE JUL 1      0                         0      0        0

 COOLING
  TODAY           14                        13      1        9
  MONTH TO DATE  498                       401     97      363
  SINCE JUN 1    937                       703    234      750
  SINCE JAN 1   1008                       801    207      783
..................................................................


WIND (MPH)
  HIGHEST WIND SPEED    14   HIGHEST WIND DIRECTION    SW (230)
  HIGHEST GUST SPEED    20   HIGHEST GUST DIRECTION    SW (240)
  AVERAGE WIND SPEED     6.2


SKY COVER
  POSSIBLE SUNSHINE  MM
  AVERAGE SKY COVER 0.6



RELATIVE HUMIDITY (PERCENT)
 HIGHEST    73           500 AM
 LOWEST     18           300 PM
 AVERAGE    46

..........................................................


THE ALBUQUERQUE  NM CLIMATE NORMALS FOR TOMORROW
                         NORMAL    RECORD    YEAR
 MAXIMUM TEMPERATURE (F)   89       103      1972
 MINIMUM TEMPERATURE (F)   66        49      1911


SUNRISE AND SUNSET
JULY 30 2016..........SUNRISE   615 AM MDT   SUNSET   811 PM MDT
JULY 31 2016..........SUNRISE   615 AM MDT   SUNSET   810 PM MDT


-  INDICATES NEGATIVE NUMBERS.
R  INDICATES RECORD WAS SET OR TIED.
MM INDICATES DATA IS MISSING.
T  INDICATES TRACE AMOUNT.




$$
