000
CDUS45 KABQ 280831
CLIABQ


CLIMATE REPORT
NATIONAL WEATHER SERVICE ALBUQUERQUE NM
229 AM MDT WED SEP 28 2016


...................................

...THE ALBUQUERQUE  NM CLIMATE SUMMARY FOR SEPTEMBER 27 2016...

CLIMATE NORMAL PERIOD 1981 TO 2010
CLIMATE RECORD PERIOD 1891 TO 2016


WEATHER ITEM   OBSERVED TIME   RECORD YEAR NORMAL DEPARTURE LAST
                VALUE   (LST)  VALUE       VALUE  FROM      YEAR
                                                  NORMAL
..................................................................
TEMPERATURE (F)
 YESTERDAY
  MAXIMUM         77    517 PM  91    2015  76      1       91
  MINIMUM         51    604 AM  31    1912  54     -3       59
  AVERAGE         64                        65     -1       75

PRECIPITATION (IN)
  YESTERDAY        0.00          0.25 1941   0.04  -0.04
  MONTH TO DATE    1.01                      0.97   0.04
  SINCE SEP 1      1.01                      0.97   0.04
  SINCE JAN 1      4.37                      7.25  -2.88

SNOWFALL (IN)
  YESTERDAY        0.0
  MONTH TO DATE    0.0
  SINCE SEP 1      0.0
  SINCE JUL 1      0.0
  SNOW DEPTH       0

DEGREE DAYS
 HEATING
  YESTERDAY        1                         2     -1        0
  MONTH TO DATE   14                        18     -4        0
  SINCE SEP 1     14                        18     -4        0
  SINCE JUL 1     14                        18     -4        0

 COOLING
  YESTERDAY        0                         2     -2       10
  MONTH TO DATE  182                       151     31      238
  SINCE SEP 1    182                       151     31      238
  SINCE JAN 1   1494                      1308    186     1464
..................................................................


WIND (MPH)
  HIGHEST WIND SPEED    15   HIGHEST WIND DIRECTION     N (350)
  HIGHEST GUST SPEED    18   HIGHEST GUST DIRECTION     N (350)
  AVERAGE WIND SPEED     5.8


SKY COVER
  POSSIBLE SUNSHINE  MM
  AVERAGE SKY COVER 0.4


WEATHER CONDITIONS
 THE FOLLOWING WEATHER WAS RECORDED YESTERDAY.
  NO SIGNIFICANT WEATHER WAS OBSERVED.


RELATIVE HUMIDITY (PERCENT)
 HIGHEST    54           500 AM
 LOWEST     21           300 PM
 AVERAGE    38

..........................................................


THE ALBUQUERQUE  NM CLIMATE NORMALS FOR TODAY
                         NORMAL    RECORD    YEAR
 MAXIMUM TEMPERATURE (F)   76        90      2015
 MINIMUM TEMPERATURE (F)   53        33      1916


SUNRISE AND SUNSET
SEPTEMBER 28 2016.....SUNRISE   659 AM MDT   SUNSET   654 PM MDT
SEPTEMBER 29 2016.....SUNRISE   700 AM MDT   SUNSET   652 PM MDT


-  INDICATES NEGATIVE NUMBERS.
R  INDICATES RECORD WAS SET OR TIED.
MM INDICATES DATA IS MISSING.
T  INDICATES TRACE AMOUNT.

$$
