000
CDUS45 KABQ 010830
CLIABQ


CLIMATE REPORT
NATIONAL WEATHER SERVICE ALBUQUERQUE NM
230 AM MDT WED OCT 1 2014


...................................

...THE ALBUQUERQUE  NM CLIMATE SUMMARY FOR SEPTEMBER 30 2014...

CLIMATE NORMAL PERIOD 1981 TO 2010
CLIMATE RECORD PERIOD 1897 TO 2014


WEATHER ITEM   OBSERVED TIME   RECORD YEAR NORMAL DEPARTURE LAST
                VALUE   (LST)  VALUE       VALUE  FROM      YEAR
                                                  NORMAL
..................................................................
TEMPERATURE (F)
 YESTERDAY
  MAXIMUM         76    436 PM  91    1979  75      1       82
  MINIMUM         46    632 AM  35    1928  52     -6       46
  AVERAGE         61                        64     -3       64

PRECIPITATION (IN)
  YESTERDAY        0.00          0.32 1911   0.04  -0.04
  MONTH TO DATE    0.73                      1.08  -0.35
  SINCE SEP 1      0.73                      1.08  -0.35
  SINCE JAN 1      6.79                      7.36  -0.57

SNOWFALL (IN)
  YESTERDAY        0.0
  MONTH TO DATE    0.0
  SINCE SEP 1      0.0
  SINCE JUL 1      0.0
  SNOW DEPTH       0

DEGREE DAYS
 HEATING
  YESTERDAY        4                         3      1        1
  MONTH TO DATE    9                        26    -17       24
  SINCE SEP 1      9                        26    -17       24
  SINCE JUL 1      9                        26    -17       24

 COOLING
  YESTERDAY        0                         2     -2        0
  MONTH TO DATE  211                       155     56      189
  SINCE SEP 1    211                       155     56      189
  SINCE JAN 1   1441                      1312    129     1564
..................................................................


WIND (MPH)
  HIGHEST WIND SPEED    14   HIGHEST WIND DIRECTION     N (360)
  HIGHEST GUST SPEED    20   HIGHEST GUST DIRECTION     W (260)
  AVERAGE WIND SPEED     4.7


SKY COVER
  POSSIBLE SUNSHINE  MM
  AVERAGE SKY COVER 0.1


WEATHER CONDITIONS
 THE FOLLOWING WEATHER WAS RECORDED YESTERDAY.
  NO SIGNIFICANT WEATHER WAS OBSERVED.


RELATIVE HUMIDITY (PERCENT)
 HIGHEST    61           300 AM
 LOWEST     19           500 PM
 AVERAGE    40

..........................................................


THE ALBUQUERQUE  NM CLIMATE NORMALS FOR TODAY
                         NORMAL    RECORD    YEAR
 MAXIMUM TEMPERATURE (F)   75        90      1980
 MINIMUM TEMPERATURE (F)   52        32      1907


SUNRISE AND SUNSET
OCTOBER  1 2014.......SUNRISE   701 AM MDT   SUNSET   650 PM MDT
OCTOBER  2 2014.......SUNRISE   702 AM MDT   SUNSET   649 PM MDT


-  INDICATES NEGATIVE NUMBERS.
R  INDICATES RECORD WAS SET OR TIED.
MM INDICATES DATA IS MISSING.
T  INDICATES TRACE AMOUNT.




$$
