000
CDUS45 KABQ 220835
CLIABQ


CLIMATE REPORT
NATIONAL WEATHER SERVICE ALBUQUERQUE NM
130 AM MST THU FEB 22 2018


...................................

...THE ALBUQUERQUE  NM CLIMATE SUMMARY FOR FEBRUARY 21 2018...

CLIMATE NORMAL PERIOD 1981 TO 2010
CLIMATE RECORD PERIOD 1891 TO 2018


WEATHER ITEM   OBSERVED TIME   RECORD YEAR NORMAL DEPARTURE LAST
                VALUE   (LST)  VALUE       VALUE  FROM      YEAR
                                                  NORMAL
..................................................................
TEMPERATURE (F)
 YESTERDAY
  MAXIMUM         52    423 PM  72    1972  54     -2       69
  MINIMUM         30    605 AM   8    1912  32     -2       42
  AVERAGE         41                        43     -2       56

PRECIPITATION (IN)
  YESTERDAY        T             0.32 1975   0.02  -0.02
  MONTH TO DATE    0.50                      0.36   0.14
  SINCE DEC 1      0.53                      1.24  -0.71
  SINCE JAN 1      0.53                      0.74  -0.21

SNOWFALL (IN)
  YESTERDAY        0.0
  MONTH TO DATE    0.3
  SINCE DEC 1      0.3
  SINCE JUL 1      0.3
  SNOW DEPTH       0

DEGREE DAYS
 HEATING
  YESTERDAY       24                        22      2        9
  MONTH TO DATE  397                       513   -116      376
  SINCE DEC 1   1953                      2288   -335     1962
  SINCE JUL 1   2522                      3155   -633     2539

 COOLING
  YESTERDAY        0                         0      0        0
  MONTH TO DATE    0                         0      0        0
  SINCE DEC 1      0                         0      0        0
  SINCE JAN 1      0                         0      0        0
..................................................................


WIND (MPH)
  HIGHEST WIND SPEED    29   HIGHEST WIND DIRECTION     S (190)
  HIGHEST GUST SPEED    35   HIGHEST GUST DIRECTION     S (180)
  AVERAGE WIND SPEED     9.1


SKY COVER
  POSSIBLE SUNSHINE  MM
  AVERAGE SKY COVER 0.6


WEATHER CONDITIONS
 THE FOLLOWING WEATHER WAS RECORDED YESTERDAY.
  NO SIGNIFICANT WEATHER WAS OBSERVED.


RELATIVE HUMIDITY (PERCENT)
 HIGHEST    63           100 AM
 LOWEST     35           300 PM
 AVERAGE    49

..........................................................


THE ALBUQUERQUE  NM CLIMATE NORMALS FOR TODAY
                         NORMAL    RECORD    YEAR
 MAXIMUM TEMPERATURE (F)   55        71      1918
                                             1904
 MINIMUM TEMPERATURE (F)   32        12      1975
                                             1955
                                             1953


SUNRISE AND SUNSET
FEBRUARY 22 2018......SUNRISE   644 AM MST   SUNSET   556 PM MST
FEBRUARY 23 2018......SUNRISE   643 AM MST   SUNSET   557 PM MST


-  INDICATES NEGATIVE NUMBERS.
R  INDICATES RECORD WAS SET OR TIED.
MM INDICATES DATA IS MISSING.
T  INDICATES TRACE AMOUNT.




$$
