990
CDUS45 KABQ 040846
CLIABQ


CLIMATE REPORT
NATIONAL WEATHER SERVICE ALBUQUERQUE NM
145 AM MST SUN DEC 4 2016


...................................

...THE ALBUQUERQUE  NM CLIMATE SUMMARY FOR DECEMBER 3 2016...

CLIMATE NORMAL PERIOD 1981 TO 2010
CLIMATE RECORD PERIOD 1891 TO 2016


WEATHER ITEM   OBSERVED TIME   RECORD YEAR NORMAL DEPARTURE LAST
                VALUE   (LST)  VALUE       VALUE  FROM      YEAR
                                                  NORMAL
..................................................................
TEMPERATURE (F)
 YESTERDAY
  MAXIMUM         48    413 PM  65    2012  48      0       53
                                      1917
  MINIMUM         32    820 AM  12    1968  28      4       23
                                      1934
  AVERAGE         40                        38      2       38

PRECIPITATION (IN)
  YESTERDAY        T             0.60 1904   0.02  -0.02
  MONTH TO DATE    T                         0.05  -0.05
  SINCE DEC 1      T                         0.05  -0.05
  SINCE JAN 1      6.17                      9.00  -2.83

SNOWFALL (IN)
  YESTERDAY        0.1
  MONTH TO DATE    0.1
  SINCE DEC 1      0.1
  SINCE JUL 1      0.2
  SNOW DEPTH       0

DEGREE DAYS
 HEATING
  YESTERDAY       25                        27     -2       27
  MONTH TO DATE   81                        79      2       85
  SINCE DEC 1     81                        79      2       85
  SINCE JUL 1    658                       946   -288      802

 COOLING
  YESTERDAY        0                         0      0        0
  MONTH TO DATE    0                         0      0        0
  SINCE DEC 1      0                         0      0        0
  SINCE JAN 1   1525                      1322    203     1534
..................................................................


WIND (MPH)
  HIGHEST WIND SPEED    31   HIGHEST WIND DIRECTION     E (80)
  HIGHEST GUST SPEED    35   HIGHEST GUST DIRECTION     E (80)
  AVERAGE WIND SPEED     8.9


SKY COVER
  POSSIBLE SUNSHINE  MM
  AVERAGE SKY COVER 0.5


WEATHER CONDITIONS
 THE FOLLOWING WEATHER WAS RECORDED YESTERDAY.
  LIGHT SNOW
  FOG
  BLOWING SNOW


RELATIVE HUMIDITY (PERCENT)
 HIGHEST    92           700 AM
 LOWEST     41           500 PM
 AVERAGE    67

..........................................................


THE ALBUQUERQUE  NM CLIMATE NORMALS FOR TODAY
                         NORMAL    RECORD    YEAR
 MAXIMUM TEMPERATURE (F)   48        72      1958
 MINIMUM TEMPERATURE (F)   28        12      2009
                                             1934


SUNRISE AND SUNSET
DECEMBER  4 2016......SUNRISE   659 AM MST   SUNSET   454 PM MST
DECEMBER  5 2016......SUNRISE   700 AM MST   SUNSET   454 PM MST


-  INDICATES NEGATIVE NUMBERS.
R  INDICATES RECORD WAS SET OR TIED.
MM INDICATES DATA IS MISSING.
T  INDICATES TRACE AMOUNT.




$$
