000
CDUS45 KABQ 290827
CLIABQ


CLIMATE REPORT
NATIONAL WEATHER SERVICE ALBUQUERQUE NM
226 AM MDT FRI MAY 29 2015


...................................

...THE ALBUQUERQUE  NM CLIMATE SUMMARY FOR MAY 28 2015...

CLIMATE NORMAL PERIOD 1981 TO 2010
CLIMATE RECORD PERIOD 1891 TO 2015


WEATHER ITEM   OBSERVED TIME   RECORD YEAR NORMAL DEPARTURE LAST
                VALUE   (LST)  VALUE       VALUE  FROM      YEAR
                                                  NORMAL
..................................................................
TEMPERATURE (F)
 YESTERDAY
  MAXIMUM         86    429 PM  97    1951  83      3       92
  MINIMUM         54    513 AM  38    1916  56     -2       63
  AVERAGE         70                        69      1       78

PRECIPITATION (IN)
  YESTERDAY        0.00          0.77 1937   0.02  -0.02
  MONTH TO DATE    1.86                      0.45   1.41
  SINCE MAR 1      2.33                      1.63   0.70
  SINCE JAN 1      3.64                      2.49   1.15

SNOWFALL (IN)
  YESTERDAY        0.0
  MONTH TO DATE    T
  SINCE MAR 1      T
  SINCE JUL 1     15.2
  SNOW DEPTH       0

DEGREE DAYS
 HEATING
  YESTERDAY        0                         1     -1        0
  MONTH TO DATE  125                        69     56      113
  SINCE MAR 1    730                       870   -140      837
  SINCE JUL 1   3651                      4173   -522     3980

 COOLING
  YESTERDAY        5                         5      0       13
  MONTH TO DATE   12                        75    -63       71
  SINCE MAR 1     12                        82    -70       77
  SINCE JAN 1     12                        82    -70       77
..................................................................


WIND (MPH)
  HIGHEST WIND SPEED    23   HIGHEST WIND DIRECTION     W (270)
  HIGHEST GUST SPEED    29   HIGHEST GUST DIRECTION     W (290)
  AVERAGE WIND SPEED     7.3


SKY COVER
  POSSIBLE SUNSHINE  MM
  AVERAGE SKY COVER 0.2


WEATHER CONDITIONS
 THE FOLLOWING WEATHER WAS RECORDED YESTERDAY.
  NO SIGNIFICANT WEATHER WAS OBSERVED.


RELATIVE HUMIDITY (PERCENT)
 HIGHEST    47           600 AM
 LOWEST      7           500 PM
 AVERAGE    27

..........................................................


THE ALBUQUERQUE  NM CLIMATE NORMALS FOR TODAY
                         NORMAL    RECORD    YEAR
 MAXIMUM TEMPERATURE (F)   83        97      2000
                                             1910
 MINIMUM TEMPERATURE (F)   56        37      1909


SUNRISE AND SUNSET
MAY 29 2015...........SUNRISE   555 AM MDT   SUNSET   813 PM MDT
MAY 30 2015...........SUNRISE   554 AM MDT   SUNSET   814 PM MDT


-  INDICATES NEGATIVE NUMBERS.
R  INDICATES RECORD WAS SET OR TIED.
MM INDICATES DATA IS MISSING.
T  INDICATES TRACE AMOUNT.

$$
