000
CDUS45 KABQ 300019
CLIABQ


CLIMATE REPORT
NATIONAL WEATHER SERVICE ALBUQUERQUE NM
618 PM MDT MON JUN 29 2015


...................................

...THE ALBUQUERQUE  NM CLIMATE SUMMARY FOR JUNE 29 2015...
VALID TODAY AS OF 0500 PM LOCAL TIME.

CLIMATE NORMAL PERIOD 1981 TO 2010
CLIMATE RECORD PERIOD 1891 TO 2015


WEATHER ITEM   OBSERVED TIME   RECORD YEAR NORMAL DEPARTURE LAST
                VALUE   (LST)  VALUE       VALUE  FROM      YEAR
                                                  NORMAL
..................................................................
TEMPERATURE (F)
 TODAY
  MAXIMUM         95    310 PM 105    1980  91      4       99
  MINIMUM         66    502 AM  48    1915  65      1       64
  AVERAGE         81                        78      3       82

PRECIPITATION (IN)
  TODAY            0.00          0.93 1978   0.04  -0.04
  MONTH TO DATE    0.56                      0.63  -0.07
  SINCE JUN 1      0.56                      0.63  -0.07
  SINCE JAN 1      4.20                      3.17   1.03

SNOWFALL (IN)
  TODAY            0.0
  MONTH TO DATE    0.0
  SINCE JUN 1      0.0
  SINCE JUL 1     15.2
  SNOW DEPTH       0

DEGREE DAYS
 HEATING
  TODAY            0                         0      0        0
  MONTH TO DATE    0                         0      0        0
  SINCE JUN 1      0                         0      0        0
  SINCE JUL 1   3651                      4175   -524     3980

 COOLING
  TODAY           16                        13      3       17
  MONTH TO DATE  370                       288     82      366
  SINCE JUN 1    370                       288     82      366
  SINCE JAN 1    403                       386     17      478
..................................................................


WIND (MPH)
  HIGHEST WIND SPEED    14   HIGHEST WIND DIRECTION     N (10)
  HIGHEST GUST SPEED    20   HIGHEST GUST DIRECTION     N (350)
  AVERAGE WIND SPEED     5.1


SKY COVER
  POSSIBLE SUNSHINE  MM
  AVERAGE SKY COVER 0.3



RELATIVE HUMIDITY (PERCENT)
 HIGHEST    48           500 AM
 LOWEST     16           200 PM
 AVERAGE    32

..........................................................


THE ALBUQUERQUE  NM CLIMATE NORMALS FOR TOMORROW
                         NORMAL    RECORD    YEAR
 MAXIMUM TEMPERATURE (F)   91       103      1994
 MINIMUM TEMPERATURE (F)   65        48      1914


SUNRISE AND SUNSET
JUNE 29 2015..........SUNRISE   555 AM MDT   SUNSET   825 PM MDT
JUNE 30 2015..........SUNRISE   556 AM MDT   SUNSET   825 PM MDT


-  INDICATES NEGATIVE NUMBERS.
R  INDICATES RECORD WAS SET OR TIED.
MM INDICATES DATA IS MISSING.
T  INDICATES TRACE AMOUNT.




$$
