000
CDUS45 KABQ 130828
CLIABQ


CLIMATE REPORT
NATIONAL WEATHER SERVICE ALBUQUERQUE NM
126 AM MST SAT FEB 13 2016


...................................

...THE ALBUQUERQUE  NM CLIMATE SUMMARY FOR FEBRUARY 12 2016...

CLIMATE NORMAL PERIOD 1981 TO 2010
CLIMATE RECORD PERIOD 1891 TO 2016


WEATHER ITEM   OBSERVED TIME   RECORD YEAR NORMAL DEPARTURE LAST
                VALUE   (LST)  VALUE       VALUE  FROM      YEAR
                                                  NORMAL
..................................................................
TEMPERATURE (F)
 YESTERDAY
  MAXIMUM         68    422 PM  70    1918  52     16       54
  MINIMUM         32    548 AM  -1    1948  30      2       31
  AVERAGE         50                        41      9       43

PRECIPITATION (IN)
  YESTERDAY        0.00          0.56 2005   0.01  -0.01
  MONTH TO DATE    0.03                      0.19  -0.16
  SINCE DEC 1      1.38                      1.07   0.31
  SINCE JAN 1      0.40                      0.57  -0.17

SNOWFALL (IN)
  YESTERDAY        0.0
  MONTH TO DATE    0.2
  SINCE DEC 1      9.6
  SINCE JUL 1      9.6
  SNOW DEPTH       0

DEGREE DAYS
 HEATING
  YESTERDAY       15                        24     -9       22
  MONTH TO DATE  307                       305      2      204
  SINCE DEC 1   2036                      2080    -44     1842
  SINCE JUL 1   2753                      2947   -194     2525

 COOLING
  YESTERDAY        0                         0      0        0
  MONTH TO DATE    0                         0      0        0
  SINCE DEC 1      0                         0      0        0
  SINCE JAN 1      0                         0      0        0
..................................................................


WIND (MPH)
  HIGHEST WIND SPEED    12   HIGHEST WIND DIRECTION    NW (330)
  HIGHEST GUST SPEED    14   HIGHEST GUST DIRECTION    NW (330)
  AVERAGE WIND SPEED     3.9


SKY COVER
  POSSIBLE SUNSHINE  MM
  AVERAGE SKY COVER 0.0


WEATHER CONDITIONS
 THE FOLLOWING WEATHER WAS RECORDED YESTERDAY.
  NO SIGNIFICANT WEATHER WAS OBSERVED.


RELATIVE HUMIDITY (PERCENT)
 HIGHEST    56           700 AM
 LOWEST     15           500 PM
 AVERAGE    36

..........................................................


THE ALBUQUERQUE  NM CLIMATE NORMALS FOR TODAY
                         NORMAL    RECORD    YEAR
 MAXIMUM TEMPERATURE (F)   52        72      1979
 MINIMUM TEMPERATURE (F)   30         6      1905


SUNRISE AND SUNSET
FEBRUARY 13 2016......SUNRISE   655 AM MST   SUNSET   547 PM MST
FEBRUARY 14 2016......SUNRISE   654 AM MST   SUNSET   548 PM MST


-  INDICATES NEGATIVE NUMBERS.
R  INDICATES RECORD WAS SET OR TIED.
MM INDICATES DATA IS MISSING.
T  INDICATES TRACE AMOUNT.

$$
