000
CDUS45 KABQ 040829
CLIABQ


CLIMATE REPORT
NATIONAL WEATHER SERVICE ALBUQUERQUE NM
227 AM MDT TUE AUG 4 2015


...................................

...THE ALBUQUERQUE  NM CLIMATE SUMMARY FOR AUGUST 3 2015...

CLIMATE NORMAL PERIOD 1981 TO 2010
CLIMATE RECORD PERIOD 1891 TO 2015


WEATHER ITEM   OBSERVED TIME   RECORD YEAR NORMAL DEPARTURE LAST
                VALUE   (LST)  VALUE       VALUE  FROM      YEAR
                                                  NORMAL
..................................................................
TEMPERATURE (F)
 YESTERDAY
  MAXIMUM         90    318 PM  99    1981  88      2       81
                                      1977
  MINIMUM         63    616 AM  52    1913  66     -3       63
  AVERAGE         77                        77      0       72

PRECIPITATION (IN)
  YESTERDAY        0.01          0.84 1999   0.06  -0.05
  MONTH TO DATE    0.09                      0.18  -0.09
  SINCE JUN 1      3.93                      2.34   1.59
  SINCE JAN 1      7.57                      4.88   2.69

SNOWFALL (IN)
  YESTERDAY        0.0
  MONTH TO DATE    0.0
  SINCE JUN 1      0.0
  SINCE JUL 1      0.0
  SNOW DEPTH       0

DEGREE DAYS
 HEATING
  YESTERDAY        0                         0      0        0
  MONTH TO DATE    0                         0      0        0
  SINCE JUN 1      0                         4     -4        0
  SINCE JUL 1      0                         0      0        0

 COOLING
  YESTERDAY       12                        12      0        7
  MONTH TO DATE   34                        36     -2       19
  SINCE JUN 1    796                       749     47      844
  SINCE JAN 1    829                       847    -18      956
..................................................................


WIND (MPH)
  HIGHEST WIND SPEED    21   HIGHEST WIND DIRECTION    NW (310)
  HIGHEST GUST SPEED    26   HIGHEST GUST DIRECTION    NW (320)
  AVERAGE WIND SPEED     7.4


SKY COVER
  POSSIBLE SUNSHINE  MM
  AVERAGE SKY COVER 0.2


WEATHER CONDITIONS
 THE FOLLOWING WEATHER WAS RECORDED YESTERDAY.
  LIGHT RAIN


RELATIVE HUMIDITY (PERCENT)
 HIGHEST    87           300 AM
 LOWEST     19           500 PM
 AVERAGE    53

..........................................................


THE ALBUQUERQUE  NM CLIMATE NORMALS FOR TODAY
                         NORMAL    RECORD    YEAR
 MAXIMUM TEMPERATURE (F)   88       100      1944
 MINIMUM TEMPERATURE (F)   66        50      1913
                                             1911


SUNRISE AND SUNSET
AUGUST  4 2015........SUNRISE   618 AM MDT   SUNSET   807 PM MDT
AUGUST  5 2015........SUNRISE   619 AM MDT   SUNSET   806 PM MDT


-  INDICATES NEGATIVE NUMBERS.
R  INDICATES RECORD WAS SET OR TIED.
MM INDICATES DATA IS MISSING.
T  INDICATES TRACE AMOUNT.

$$
