000
CDUS45 KABQ 070019
CLIABQ


CLIMATE REPORT
NATIONAL WEATHER SERVICE ALBUQUERQUE NM
514 PM MST FRI MAR 6 2015


...................................

...THE ALBUQUERQUE  NM CLIMATE SUMMARY FOR MARCH 6 2015...
VALID TODAY AS OF 0500 PM LOCAL TIME.

CLIMATE NORMAL PERIOD 1981 TO 2010
CLIMATE RECORD PERIOD 1891 TO 2015


WEATHER ITEM   OBSERVED TIME   RECORD YEAR NORMAL DEPARTURE LAST
                VALUE   (LST)  VALUE       VALUE  FROM      YEAR
                                                  NORMAL
..................................................................
TEMPERATURE (F)
 TODAY
  MAXIMUM         60    416 PM  79    1910  58      2       62
  MINIMUM         28    619 AM  12    1939  34     -6       34
  AVERAGE         44                        46     -2       48

PRECIPITATION (IN)
  TODAY            0.00          0.09 2005   0.01  -0.01
                                      1958
                                      1931
  MONTH TO DATE    T                         0.10  -0.10
  SINCE MAR 1      T                         0.10  -0.10
  SINCE JAN 1      1.31                      0.96   0.35

SNOWFALL (IN)
  TODAY            0.0
  MONTH TO DATE    0.0
  SINCE MAR 1      0.0
  SINCE JUL 1     15.2
  SNOW DEPTH       0

DEGREE DAYS
 HEATING
  TODAY           21                        19      2       17
  MONTH TO DATE  124                       117      7      104
  SINCE MAR 1    124                       117      7      104
  SINCE JUL 1   3045                      3420   -375     3247

 COOLING
  TODAY            0                         0      0        0
  MONTH TO DATE    0                         0      0        0
  SINCE MAR 1      0                         0      0        0
  SINCE JAN 1      0                         0      0        0
..................................................................


WIND (MPH)
  HIGHEST WIND SPEED    12   HIGHEST WIND DIRECTION    NE (30)
  HIGHEST GUST SPEED    14   HIGHEST GUST DIRECTION     N (20)
  AVERAGE WIND SPEED     4.9


SKY COVER
  POSSIBLE SUNSHINE  MM
  AVERAGE SKY COVER 0.0



RELATIVE HUMIDITY (PERCENT)
 HIGHEST    53           700 AM
 LOWEST     14           400 PM
 AVERAGE    34

..........................................................


THE ALBUQUERQUE  NM CLIMATE NORMALS FOR TOMORROW
                         NORMAL    RECORD    YEAR
 MAXIMUM TEMPERATURE (F)   58        79      1972
 MINIMUM TEMPERATURE (F)   34        10      1971


SUNRISE AND SUNSET
MARCH  6 2015.........SUNRISE   630 AM MST   SUNSET   606 PM MST
MARCH  7 2015.........SUNRISE   628 AM MST   SUNSET   607 PM MST


-  INDICATES NEGATIVE NUMBERS.
R  INDICATES RECORD WAS SET OR TIED.
MM INDICATES DATA IS MISSING.
T  INDICATES TRACE AMOUNT.




$$
