294
CDUS43 KABR 071004
CLIABR


CLIMATE REPORT
NATIONAL WEATHER SERVICE ABERDEEN SD
403 AM CST SUN FEB 7 2016


...................................

...THE ABERDEEN SD CLIMATE SUMMARY FOR FEBRUARY 6 2016...

CLIMATE NORMAL PERIOD 1981 TO 2010
CLIMATE RECORD PERIOD 1893 TO 2016


WEATHER ITEM   OBSERVED TIME   RECORD YEAR NORMAL DEPARTURE LAST
                VALUE   (LST)  VALUE       VALUE  FROM      YEAR
                                                  NORMAL
..................................................................
TEMPERATURE (F)
 YESTERDAY
  MAXIMUM         44    930 PM  58    1987  25     19       36
  MINIMUM         18   1207 AM -33    1907   4     14       12
  AVERAGE         31                        15     16       24

PRECIPITATION (IN)
  YESTERDAY        T             1.00 1911   0.01  -0.01     0.00
  MONTH TO DATE    0.04                      0.09  -0.05     0.07
  SINCE DEC 1      0.82                      1.08  -0.26     1.00
  SINCE JAN 1      0.18                      0.56  -0.38     0.75

SNOWFALL (IN)
  YESTERDAY        0.0
  MONTH TO DATE    0.3
  SINCE OCT 1     17.7
  SINCE JUL 1     17.7
  SNOW DEPTH       T

DEGREE DAYS
 HEATING
  YESTERDAY       34                        50    -16       41
  MONTH TO DATE  224                       306    -82      337
  SINCE DEC 1   2995                      3477   -482     3091
  SINCE JUL 1   4407                      5440  -1033     5137

 COOLING
  YESTERDAY        0                         0      0        0
  MONTH TO DATE    0                         0      0        0
  SINCE DEC 1      0                         0      0        0
  SINCE JAN 1      0                         0      0        0
..................................................................


WIND (MPH)
  HIGHEST WIND SPEED    22   HIGHEST WIND DIRECTION     W (280)
  HIGHEST GUST SPEED    31   HIGHEST GUST DIRECTION     W (290)
  AVERAGE WIND SPEED    12.1


SKY COVER
  POSSIBLE SUNSHINE  MM
  AVERAGE SKY COVER 0.3


WEATHER CONDITIONS
 THE FOLLOWING WEATHER WAS RECORDED YESTERDAY.
  NO SIGNIFICANT WEATHER WAS OBSERVED.


RELATIVE HUMIDITY (PERCENT)
 HIGHEST    88           200 AM
 LOWEST     49          1000 PM
 AVERAGE    69

..........................................................


THE ABERDEEN SD CLIMATE NORMALS FOR TODAY
                         NORMAL    RECORD    YEAR
 MAXIMUM TEMPERATURE (F)   26        62      1987
 MINIMUM TEMPERATURE (F)    4       -34      1971


SUNRISE AND SUNSET
FEBRUARY  7 2016......SUNRISE   748 AM CST   SUNSET   549 PM CST
FEBRUARY  8 2016......SUNRISE   746 AM CST   SUNSET   550 PM CST


-  INDICATES NEGATIVE NUMBERS.
R  INDICATES RECORD WAS SET OR TIED.
MM INDICATES DATA IS MISSING.
T  INDICATES TRACE AMOUNT.




$$
