000
CDUS43 KABR 021040
CLIABR


CLIMATE REPORT
NATIONAL WEATHER SERVICE ABERDEEN SD
539 AM CDT THU JUL 2 2015


...................................

...THE ABERDEEN SD CLIMATE SUMMARY FOR JULY 1 2015...

CLIMATE NORMAL PERIOD 1981 TO 2010
CLIMATE RECORD PERIOD 1893 TO 2015


WEATHER ITEM   OBSERVED TIME   RECORD YEAR NORMAL DEPARTURE LAST
                VALUE   (LST)  VALUE       VALUE  FROM      YEAR
                                                  NORMAL
..................................................................
TEMPERATURE (F)
 YESTERDAY
  MAXIMUM         79    209 PM  99    2002  82     -3       62
                                      1974
  MINIMUM         63   1159 PM  41    1995  58      5       54
  AVERAGE         71                        70      1       58

PRECIPITATION (IN)
  YESTERDAY        0.08          2.24 1926   0.10  -0.02     0.14
  MONTH TO DATE    0.08                      0.10  -0.02     0.14
  SINCE JUN 1      2.18                      3.80  -1.62     3.45
  SINCE JAN 1     10.40                     10.94  -0.54     8.88

DEGREE DAYS
 HEATING
  YESTERDAY        0                         1     -1        7
  MONTH TO DATE    0                         1     -1        7
  SINCE JUN 1     14                        77    -63       90
  SINCE JUL 1      0                         1     -1        7

 COOLING
  YESTERDAY        6                         6      0        0
  MONTH TO DATE    6                         6      0        0
  SINCE JUN 1    145                        98     47       46
  SINCE JAN 1    159                       121     38       88
..................................................................


WIND (MPH)
  HIGHEST WIND SPEED    13   HIGHEST WIND DIRECTION     E (100)
  HIGHEST GUST SPEED    17   HIGHEST GUST DIRECTION     E (80)
  AVERAGE WIND SPEED     7.0


SKY COVER
  POSSIBLE SUNSHINE  MM
  AVERAGE SKY COVER 0.7


WEATHER CONDITIONS
 THE FOLLOWING WEATHER WAS RECORDED YESTERDAY.
  LIGHT RAIN
  FOG
  HAZE


RELATIVE HUMIDITY (PERCENT)
 HIGHEST    93           600 AM
 LOWEST     58           300 PM
 AVERAGE    76

..........................................................


THE ABERDEEN SD CLIMATE NORMALS FOR TODAY
                         NORMAL    RECORD    YEAR
 MAXIMUM TEMPERATURE (F)   82       103      1949
 MINIMUM TEMPERATURE (F)   58        37      1945


SUNRISE AND SUNSET
JULY  2 2015..........SUNRISE   550 AM CDT   SUNSET   926 PM CDT
JULY  3 2015..........SUNRISE   550 AM CDT   SUNSET   925 PM CDT


-  INDICATES NEGATIVE NUMBERS.
R  INDICATES RECORD WAS SET OR TIED.
MM INDICATES DATA IS MISSING.
T  INDICATES TRACE AMOUNT.




$$
