000
CDUS43 KABR 291030
CLIABR


CLIMATE REPORT
NATIONAL WEATHER SERVICE ABERDEEN SD
426 AM CST THU JAN 29 2015


...................................

...THE ABERDEEN SD CLIMATE SUMMARY FOR JANUARY 28 2015...

CLIMATE NORMAL PERIOD 1981 TO 2010
CLIMATE RECORD PERIOD 1893 TO 2015


WEATHER ITEM   OBSERVED TIME   RECORD YEAR NORMAL DEPARTURE LAST
                VALUE   (LST)  VALUE       VALUE  FROM      YEAR
                                                  NORMAL
..................................................................
TEMPERATURE (F)
 YESTERDAY
  MAXIMUM         43    341 PM  53    1931  23     20        5
  MINIMUM         28    628 AM -31    1915   2     26      -15
                                      1902
  AVERAGE         36                        13     23       -5

PRECIPITATION (IN)
  YESTERDAY        0.00          0.65 2013   0.01  -0.01     0.00
  MONTH TO DATE    0.68                      0.43   0.25     0.25
  SINCE DEC 1      0.93                      0.95  -0.02     1.13
  SINCE JAN 1      0.68                      0.43   0.25     0.25

SNOWFALL (IN)
  YESTERDAY        0.0
  MONTH TO DATE    4.6
  SINCE OCT 1     13.4
  SINCE JUL 1     13.4
  SNOW DEPTH       0

DEGREE DAYS
 HEATING
  YESTERDAY       29                        52    -23       70
  MONTH TO DATE 1316                      1482   -166     1552
  SINCE DEC 1   2629                      3010   -381     3357
  SINCE JUL 1   4675                      4973   -298     5348

 COOLING
  YESTERDAY        0                         0      0        0
  MONTH TO DATE    0                         0      0        0
  SINCE DEC 1      0                         0      0        0
  SINCE JAN 1      0                         0      0        0
..................................................................


WIND (MPH)
  HIGHEST WIND SPEED    32   HIGHEST WIND DIRECTION    NW (330)
  HIGHEST GUST SPEED    40   HIGHEST GUST DIRECTION    NW (330)
  AVERAGE WIND SPEED     9.7


SKY COVER
  POSSIBLE SUNSHINE  MM
  AVERAGE SKY COVER 0.3


WEATHER CONDITIONS
 THE FOLLOWING WEATHER WAS RECORDED YESTERDAY.
  FOG


RELATIVE HUMIDITY (PERCENT)
 HIGHEST    92           100 AM
 LOWEST     70           300 PM
 AVERAGE    81

..........................................................


THE ABERDEEN SD CLIMATE NORMALS FOR TODAY
                         NORMAL    RECORD    YEAR
 MAXIMUM TEMPERATURE (F)   24        58      1931
 MINIMUM TEMPERATURE (F)    2       -32      1951


SUNRISE AND SUNSET
JANUARY 29 2015.......SUNRISE   758 AM CST   SUNSET   536 PM CST
JANUARY 30 2015.......SUNRISE   757 AM CST   SUNSET   537 PM CST


-  INDICATES NEGATIVE NUMBERS.
R  INDICATES RECORD WAS SET OR TIED.
MM INDICATES DATA IS MISSING.
T  INDICATES TRACE AMOUNT.




$$
