000
CDUS43 KABR 291355
CLIABR


CLIMATE REPORT
NATIONAL WEATHER SERVICE ABERDEEN SD
855 AM CDT SAT AUG 29 2015


...................................

...THE ABERDEEN SD CLIMATE SUMMARY FOR AUGUST 28 2015...

CLIMATE NORMAL PERIOD 1981 TO 2010
CLIMATE RECORD PERIOD 1893 TO 2015


WEATHER ITEM   OBSERVED TIME   RECORD YEAR NORMAL DEPARTURE LAST
                VALUE   (LST)  VALUE       VALUE  FROM      YEAR
                                                  NORMAL
..................................................................
TEMPERATURE (F)
 YESTERDAY
  MAXIMUM         79    336 PM 104    1937  79      0       70
  MINIMUM         58    222 AM  31    1893  53      5       61
  AVERAGE         69                        66      3       66

PRECIPITATION (IN)
  YESTERDAY        0.00          1.25 2014   0.07  -0.07     1.25
  MONTH TO DATE    2.94                      2.19   0.75     6.18
  SINCE JUN 1      9.10                      8.91   0.19    10.19
  SINCE JAN 1     17.32                     16.05   1.27    15.62

DEGREE DAYS
 HEATING
  YESTERDAY        0                         2     -2        0
  MONTH TO DATE   37                        30      7       24
  SINCE JUN 1     56                       120    -64      144
  SINCE JUL 1     42                        44     -2       61

 COOLING
  YESTERDAY        4                         4      0        1
  MONTH TO DATE  139                       152    -13       97
  SINCE JUN 1    527                       452     75      257
  SINCE JAN 1    541                       475     66      299
..................................................................


WIND (MPH)
  HIGHEST WIND SPEED    14   HIGHEST WIND DIRECTION     S (170)
  HIGHEST GUST SPEED    19   HIGHEST GUST DIRECTION    SW (220)
  AVERAGE WIND SPEED     6.3


SKY COVER
  POSSIBLE SUNSHINE  MM
  AVERAGE SKY COVER 0.5


WEATHER CONDITIONS
 THE FOLLOWING WEATHER WAS RECORDED YESTERDAY.
  FOG
  FOG W/VISIBILITY <= 1/4 MILE


RELATIVE HUMIDITY (PERCENT)
 HIGHEST   100          1200 AM
 LOWEST     67           300 PM
 AVERAGE    84

..........................................................


THE ABERDEEN SD CLIMATE NORMALS FOR TODAY
                         NORMAL    RECORD    YEAR
 MAXIMUM TEMPERATURE (F)   79       100      1961
 MINIMUM TEMPERATURE (F)   53        30      1893


SUNRISE AND SUNSET
AUGUST 29 2015........SUNRISE   651 AM CDT   SUNSET   817 PM CDT
AUGUST 30 2015........SUNRISE   652 AM CDT   SUNSET   815 PM CDT


-  INDICATES NEGATIVE NUMBERS.
R  INDICATES RECORD WAS SET OR TIED.
MM INDICATES DATA IS MISSING.
T  INDICATES TRACE AMOUNT.




$$
