000
CDUS43 KABR 232238
CLIABR


CLIMATE REPORT
NATIONAL WEATHER SERVICE ABERDEEN SD
537 PM CDT WED AUG 23 2017


...................................

...THE ABERDEEN SD CLIMATE SUMMARY FOR AUGUST 23 2017...
VALID TODAY AS OF 0500 PM LOCAL TIME.

CLIMATE NORMAL PERIOD 1981 TO 2010
CLIMATE RECORD PERIOD 1893 TO 2017


WEATHER ITEM   OBSERVED TIME   RECORD YEAR NORMAL DEPARTURE LAST
                VALUE   (LST)  VALUE       VALUE  FROM      YEAR
                                                  NORMAL
..................................................................
TEMPERATURE (F)
 TODAY
  MAXIMUM         82    329 PM 106    2003  81      1       88
  MINIMUM         42    607 AM  39    1987  55    -13       63
                                      1942
  AVERAGE         62                        68     -6       76

PRECIPITATION (IN)
  TODAY            0.00          2.85 2014   0.08  -0.08     0.00
  MONTH TO DATE    1.63                      1.80  -0.17     1.99
  SINCE JUN 1      7.62                      8.52  -0.90     7.09
  SINCE JAN 1     11.00                     15.66  -4.66    14.03

DEGREE DAYS
 COOLING
  TODAY            0                         4     -4       11
  MONTH TO DATE   28                       132   -104      169
  SINCE JUN 1    445                       432     13      591
  SINCE JAN 1    457                       455      2      624
..................................................................


WIND (MPH)
  HIGHEST WIND SPEED    18   HIGHEST WIND DIRECTION    SE (140)
  HIGHEST GUST SPEED    22   HIGHEST GUST DIRECTION    SE (140)
  AVERAGE WIND SPEED     6.6


SKY COVER
  POSSIBLE SUNSHINE  MM
  AVERAGE SKY COVER 0.0


WEATHER CONDITIONS
 THE FOLLOWING WEATHER WAS RECORDED TODAY.
  NO SIGNIFICANT WEATHER WAS OBSERVED.


RELATIVE HUMIDITY (PERCENT)
 HIGHEST   100          1200 AM
 LOWEST     37           200 PM
 AVERAGE    69

..........................................................


THE ABERDEEN SD CLIMATE NORMALS FOR TOMORROW
                         NORMAL    RECORD    YEAR
 MAXIMUM TEMPERATURE (F)   81       103      1929
 MINIMUM TEMPERATURE (F)   55        38      1934


SUNRISE AND SUNSET
AUGUST 23 2017........SUNRISE   645 AM CDT   SUNSET   827 PM CDT
AUGUST 24 2017........SUNRISE   646 AM CDT   SUNSET   825 PM CDT


-  INDICATES NEGATIVE NUMBERS.
R  INDICATES RECORD WAS SET OR TIED.
MM INDICATES DATA IS MISSING.
T  INDICATES TRACE AMOUNT.

&&

PEAK WIND WAS 22 MPH FROM THE SOUTHEAST AT 418 PM CDT

$$
