000
CDUS43 KABR 261200
CLIABR


CLIMATE REPORT
NATIONAL WEATHER SERVICE ABERDEEN SD
700 AM CDT MON JUN 26 2017


...................................

...THE ABERDEEN SD CLIMATE SUMMARY FOR JUNE 25 2017...

CLIMATE NORMAL PERIOD 1981 TO 2010
CLIMATE RECORD PERIOD 1893 TO 2017


WEATHER ITEM   OBSERVED TIME   RECORD YEAR NORMAL DEPARTURE LAST
                VALUE   (LST)  VALUE       VALUE  FROM      YEAR
                                                  NORMAL
..................................................................
TEMPERATURE (F)
 YESTERDAY
  MAXIMUM         68   1159 AM 106    1936  80    -12       89
  MINIMUM         41R   512 AM  41    2017  56    -15       57
                                      1961
                                      1907
  AVERAGE         55                        68    -13       73

PRECIPITATION (IN)
  YESTERDAY        0.02          2.08 1969   0.12  -0.10     0.00
  MONTH TO DATE    3.83                      3.09   0.74     1.41
  SINCE JUN 1      3.83                      3.09   0.74     1.41
  SINCE JAN 1      7.21                     10.23  -3.02     8.35

DEGREE DAYS
 HEATING
  YESTERDAY       10                         1      9        0
  MONTH TO DATE   34                        71    -37       18
  SINCE JUN 1     34                        71    -37       18
  SINCE JUL 1   7534                      8529   -995     6785

 COOLING
  YESTERDAY        0                         5     -5        8
  MONTH TO DATE  128                        67     61      176
  SINCE JUN 1    128                        67     61      176
  SINCE JAN 1    140                        90     50      209
..................................................................


WIND (MPH)
  HIGHEST WIND SPEED    18   HIGHEST WIND DIRECTION     N (340)
  HIGHEST GUST SPEED    24   HIGHEST GUST DIRECTION     N (340)
  AVERAGE WIND SPEED     7.5


SKY COVER
  POSSIBLE SUNSHINE  MM
  AVERAGE SKY COVER 0.4


WEATHER CONDITIONS
 THE FOLLOWING WEATHER WAS RECORDED YESTERDAY.
  LIGHT RAIN


RELATIVE HUMIDITY (PERCENT)
 HIGHEST    96           500 AM
 LOWEST     42          1200 PM
 AVERAGE    69

..........................................................


THE ABERDEEN SD CLIMATE NORMALS FOR TODAY
                         NORMAL    RECORD    YEAR
 MAXIMUM TEMPERATURE (F)   81       109      1933
 MINIMUM TEMPERATURE (F)   57        40      1907


SUNRISE AND SUNSET
JUNE 26 2017..........SUNRISE   547 AM CDT   SUNSET   926 PM CDT
JUNE 27 2017..........SUNRISE   547 AM CDT   SUNSET   926 PM CDT


-  INDICATES NEGATIVE NUMBERS.
R  INDICATES RECORD WAS SET OR TIED.
MM INDICATES DATA IS MISSING.
T  INDICATES TRACE AMOUNT.




$$
