000
CDUS43 KABR 142233
CLIABR


CLIMATE REPORT
NATIONAL WEATHER SERVICE ABERDEEN SD
532 PM CDT SUN SEP 14 2014


...................................

...THE ABERDEEN SD CLIMATE SUMMARY FOR SEPTEMBER 14 2014...
VALID TODAY AS OF 0500 PM LOCAL TIME.

CLIMATE NORMAL PERIOD 1981 TO 2010
CLIMATE RECORD PERIOD 1893 TO 2014


WEATHER ITEM   OBSERVED TIME   RECORD YEAR NORMAL DEPARTURE LAST
                VALUE   (LST)  VALUE       VALUE  FROM      YEAR
                                                  NORMAL
..................................................................
TEMPERATURE (F)
 TODAY
  MAXIMUM         60    359 PM 102    1948  73    -13       71
  MINIMUM         31    624 AM  28    1949  47    -16       56
  AVERAGE         46                        60    -14       64

PRECIPITATION (IN)
  TODAY            0.00          1.38 2001   0.07  -0.07     0.27
  MONTH TO DATE    0.22                      1.05  -0.83     0.68
  SINCE SEP 1      0.22                      1.05  -0.83     0.68
  SINCE JAN 1     15.85                     17.34  -1.49    14.44

DEGREE DAYS
 HEATING
  TODAY           19                         7     12        1
  MONTH TO DATE  119                        67     52       20
  SINCE SEP 1    119                        67     52       20
  SINCE JUL 1    181                       118     63       71

 COOLING
  TODAY            0                         1     -1        0
  MONTH TO DATE    5                        30    -25       64
  SINCE SEP 1      5                        30    -25       64
  SINCE JAN 1    309                       513   -204      553
..................................................................


WIND (MPH)
  HIGHEST WIND SPEED    12   HIGHEST WIND DIRECTION    NW (330)
  HIGHEST GUST SPEED    14   HIGHEST GUST DIRECTION     N (340)
  AVERAGE WIND SPEED     5.7


SKY COVER
  POSSIBLE SUNSHINE  MM
  AVERAGE SKY COVER 0.1


WEATHER CONDITIONS
 THE FOLLOWING WEATHER WAS RECORDED TODAY.
  NO SIGNIFICANT WEATHER WAS OBSERVED.


RELATIVE HUMIDITY (PERCENT)
 HIGHEST   100           400 AM
 LOWEST     44           400 PM
 AVERAGE    72

..........................................................


THE ABERDEEN SD CLIMATE NORMALS FOR TOMORROW
                         NORMAL    RECORD    YEAR
 MAXIMUM TEMPERATURE (F)   73       100      1955
                                             1948
 MINIMUM TEMPERATURE (F)   46        28      1964
                                             1916


SUNRISE AND SUNSET
SEPTEMBER 14 2014.....SUNRISE   711 AM CDT   SUNSET   747 PM CDT
SEPTEMBER 15 2014.....SUNRISE   712 AM CDT   SUNSET   745 PM CDT


-  INDICATES NEGATIVE NUMBERS.
R  INDICATES RECORD WAS SET OR TIED.
MM INDICATES DATA IS MISSING.
T  INDICATES TRACE AMOUNT.

&&

PEAK WIND WAS 14 MPH FROM THE NORTH AT 457 PM CDT

$$
