246
CDUS43 KABR 191041
CLIABR


CLIMATE REPORT
NATIONAL WEATHER SERVICE ABERDEEN SD
440 AM CST SUN FEB 19 2017


...................................

...THE ABERDEEN SD CLIMATE SUMMARY FOR FEBRUARY 18 2017...

CLIMATE NORMAL PERIOD 1981 TO 2010
CLIMATE RECORD PERIOD 1893 TO 2017


WEATHER ITEM   OBSERVED TIME   RECORD YEAR NORMAL DEPARTURE LAST
                VALUE   (LST)  VALUE       VALUE  FROM      YEAR
                                                  NORMAL
..................................................................
TEMPERATURE (F)
 YESTERDAY
  MAXIMUM         50    518 PM  67    1913  29     21       41
  MINIMUM         27    334 AM -32    1903   8     19       33
  AVERAGE         39                        19     20       37

PRECIPITATION (IN)
  YESTERDAY        0.00          0.33 1991   0.02  -0.02      T
  MONTH TO DATE    0.06                      0.31  -0.25     0.50
  SINCE DEC 1      2.35                      1.30   1.05     1.28
  SINCE JAN 1      0.57                      0.78  -0.21     0.64

SNOWFALL (IN)
  YESTERDAY        0.0           7.2  1991   0.3   -0.3      0.0
  MONTH TO DATE    0.7                       4.1   -3.4      8.3
  SINCE OCT 1     26.9                      25.1    1.8     25.7
  SINCE JUL 1     26.9                      25.1    1.8     25.7
  SNOW DEPTH       0

DEGREE DAYS
 HEATING
  YESTERDAY       26                        46    -20       28
  MONTH TO DATE  739                       887   -148      732
  SINCE DEC 1   3947                      4058   -111     3503
  SINCE JUL 1   5297                      6021   -724     4915

 COOLING
  YESTERDAY        0                         0      0        0
  MONTH TO DATE    0                         0      0        0
  SINCE DEC 1      0                         0      0        0
  SINCE JAN 1      0                         0      0        0
..................................................................


WIND (MPH)
  HIGHEST WIND SPEED    13   HIGHEST WIND DIRECTION    SE (150)
  HIGHEST GUST SPEED    16   HIGHEST GUST DIRECTION    NW (300)
  AVERAGE WIND SPEED     6.5


SKY COVER
  POSSIBLE SUNSHINE  MM
  AVERAGE SKY COVER 0.0


WEATHER CONDITIONS
 THE FOLLOWING WEATHER WAS RECORDED YESTERDAY.
  HAZE


RELATIVE HUMIDITY (PERCENT)
 HIGHEST    89           900 PM
 LOWEST     66           400 PM
 AVERAGE    78

..........................................................


THE ABERDEEN SD CLIMATE NORMALS FOR TODAY
                         NORMAL    RECORD    YEAR
 MAXIMUM TEMPERATURE (F)   29        62      1930
 MINIMUM TEMPERATURE (F)    9       -34      1929


SUNRISE AND SUNSET
FEBRUARY 19 2017......SUNRISE   729 AM CST   SUNSET   607 PM CST
FEBRUARY 20 2017......SUNRISE   727 AM CST   SUNSET   609 PM CST


-  INDICATES NEGATIVE NUMBERS.
R  INDICATES RECORD WAS SET OR TIED.
MM INDICATES DATA IS MISSING.
T  INDICATES TRACE AMOUNT.




$$
