000
CDUS43 KABR 302233
CLIABR


CLIMATE REPORT
NATIONAL WEATHER SERVICE ABERDEEN SD
533 PM CDT MON MAR 30 2015


...................................

...THE ABERDEEN SD CLIMATE SUMMARY FOR MARCH 30 2015...
VALID TODAY AS OF 0500 PM LOCAL TIME.

CLIMATE NORMAL PERIOD 1981 TO 2010
CLIMATE RECORD PERIOD 1893 TO 2015


WEATHER ITEM   OBSERVED TIME   RECORD YEAR NORMAL DEPARTURE LAST
                VALUE   (LST)  VALUE       VALUE  FROM      YEAR
                                                  NORMAL
..................................................................
TEMPERATURE (F)
 TODAY
  MAXIMUM         73    306 PM  81    1943  48     25       62
  MINIMUM         28    506 AM -14    1969  25      3       22
  AVERAGE         51                        36     15       42

PRECIPITATION (IN)
  TODAY            0.00          0.52 2007   0.05  -0.05     0.00
  MONTH TO DATE    0.23                      1.11  -0.88     0.52
  SINCE MAR 1      0.23                      1.11  -0.88     0.52
  SINCE JAN 1      1.28                      2.13  -0.85     0.96

SNOWFALL (IN)
  TODAY            0.0
  MONTH TO DATE    1.7
  SINCE OCT 1     20.2
  SINCE JUL 1     20.2
  SNOW DEPTH       0

DEGREE DAYS
 HEATING
  TODAY           14                        29    -15       23
  MONTH TO DATE  910                      1060   -150     1179
  SINCE MAR 1    910                      1060   -150     1179
  SINCE JUL 1   7178                      7523   -345     8338

 COOLING
  TODAY            0                         0      0        0
  MONTH TO DATE    0                         0      0        0
  SINCE MAR 1      0                         0      0        0
  SINCE JAN 1      0                         0      0        0
..................................................................


WIND (MPH)
  HIGHEST WIND SPEED    31   HIGHEST WIND DIRECTION    NW (320)
  HIGHEST GUST SPEED    39   HIGHEST GUST DIRECTION    NW (300)
  AVERAGE WIND SPEED    12.8


SKY COVER
  POSSIBLE SUNSHINE  MM
  AVERAGE SKY COVER 0.0


WEATHER CONDITIONS
 THE FOLLOWING WEATHER WAS RECORDED TODAY.
  NO SIGNIFICANT WEATHER WAS OBSERVED.


RELATIVE HUMIDITY (PERCENT)
 HIGHEST    85           400 AM
 LOWEST     23           400 PM
 AVERAGE    54

..........................................................


THE ABERDEEN SD CLIMATE NORMALS FOR TOMORROW
                         NORMAL    RECORD    YEAR
 MAXIMUM TEMPERATURE (F)   48        86      1946
 MINIMUM TEMPERATURE (F)   26         0      1899


SUNRISE AND SUNSET
MARCH 30 2015.........SUNRISE   718 AM CDT   SUNSET   759 PM CDT
MARCH 31 2015.........SUNRISE   716 AM CDT   SUNSET   800 PM CDT


-  INDICATES NEGATIVE NUMBERS.
R  INDICATES RECORD WAS SET OR TIED.
MM INDICATES DATA IS MISSING.
T  INDICATES TRACE AMOUNT.

&&

PEAK WIND WAS 39 MPH FROM THE NORTHWEST AT 116 PM

$$
