000
CDUS43 KABR 241046
CLIABR


CLIMATE REPORT
NATIONAL WEATHER SERVICE ABERDEEN SD
436 AM CST FRI NOV 24 2017


...................................

...THE ABERDEEN SD CLIMATE SUMMARY FOR NOVEMBER 23 2017...

CLIMATE NORMAL PERIOD 1981 TO 2010
CLIMATE RECORD PERIOD 1893 TO 2017


WEATHER ITEM   OBSERVED TIME   RECORD YEAR NORMAL DEPARTURE LAST
                VALUE   (LST)  VALUE       VALUE  FROM      YEAR
                                                  NORMAL
..................................................................
TEMPERATURE (F)
 YESTERDAY
  MAXIMUM         59R   220 PM  57    1908  35     24       36
  MINIMUM         16    648 AM -17    1985  15      1       33
  AVERAGE         38                        25     13       35

PRECIPITATION (IN)
  YESTERDAY        0.00          0.40 1931   0.02  -0.02     0.00
  MONTH TO DATE    0.11                      0.59  -0.48     0.44
  SINCE SEP 1      2.81                      4.77  -1.96     3.48
  SINCE JAN 1     14.87                     21.06  -6.19    17.54

SNOWFALL (IN)
  YESTERDAY        0.0           4.2  1996   0.3   -0.3      0.0
  MONTH TO DATE    0.8                       5.0   -4.2      2.9
  SINCE OCT 1      0.8                       5.7   -4.9      2.9
  SINCE JUL 1      0.8                       5.7   -4.9      2.9
  SNOW DEPTH       0

DEGREE DAYS
 HEATING
  YESTERDAY       27                        40    -13       30
  MONTH TO DATE  849                       778     71      505
  SINCE SEP 1   1561                      1618    -57     1094
  SINCE JUL 1   1580                      1669    -89     1125

 COOLING
  YESTERDAY        0                         0      0        0
  MONTH TO DATE    0                         0      0        0
  SINCE SEP 1     67                        42     25       61
  SINCE JAN 1    552                       525     27      722
..................................................................


WIND (MPH)
  HIGHEST WIND SPEED    20   HIGHEST WIND DIRECTION     S (190)
  HIGHEST GUST SPEED    24   HIGHEST GUST DIRECTION     S (200)
  AVERAGE WIND SPEED     9.2


SKY COVER
  POSSIBLE SUNSHINE  MM
  AVERAGE SKY COVER 0.0


WEATHER CONDITIONS
 THE FOLLOWING WEATHER WAS RECORDED YESTERDAY.
  NO SIGNIFICANT WEATHER WAS OBSERVED.


RELATIVE HUMIDITY (PERCENT)
 HIGHEST   100           400 AM
 LOWEST     51           200 PM
 AVERAGE    76

..........................................................


THE ABERDEEN SD CLIMATE NORMALS FOR TODAY
                         NORMAL    RECORD    YEAR
 MAXIMUM TEMPERATURE (F)   34        65      1932
 MINIMUM TEMPERATURE (F)   15       -17      1996


SUNRISE AND SUNSET
NOVEMBER 24 2017......SUNRISE   745 AM CST   SUNSET   456 PM CST
NOVEMBER 25 2017......SUNRISE   746 AM CST   SUNSET   455 PM CST


-  INDICATES NEGATIVE NUMBERS.
R  INDICATES RECORD WAS SET OR TIED.
MM INDICATES DATA IS MISSING.
T  INDICATES TRACE AMOUNT.




$$
