000
CDUS42 KTAE 020632
CLIABY


CLIMATE REPORT
NATIONAL WEATHER SERVICE TALLAHASSEE FL
231 AM EDT SUN AUG 2 2015


...................................

...THE ALBANY CLIMATE SUMMARY FOR AUGUST 1 2015...

CLIMATE NORMAL PERIOD 1981 TO 2010
CLIMATE RECORD PERIOD 1930 TO 2015


WEATHER ITEM   OBSERVED TIME   RECORD YEAR NORMAL DEPARTURE LAST
                VALUE   (LST)  VALUE       VALUE  FROM      YEAR
                                                  NORMAL
..................................................................
TEMPERATURE (F)
 YESTERDAY
  MAXIMUM         94    350 PM 103    1986  93      1       92
  MINIMUM         74    823 PM  62    1966  72      2       73
  AVERAGE         84                        82      2       83

PRECIPITATION (IN)
  YESTERDAY        0.73                      0.16   0.57     0.00
  MONTH TO DATE    0.73                      0.16   0.57     0.00
  SINCE JUN 1     10.63                     10.56   0.07     5.29
  SINCE JAN 1     26.49                     30.92  -4.43    24.35

SNOWFALL (IN)
  YESTERDAY        0.0

DEGREE DAYS
 HEATING
  YESTERDAY        0                         0      0        0
  MONTH TO DATE    0                         0      0        0
  SINCE JUN 1      0                         0      0        0
  SINCE JUL 1      0                         0      0        0

 COOLING
  YESTERDAY       19                        17      2       18
  MONTH TO DATE   19                        17      2       18
  SINCE JUN 1   1090                      1023     67     1009
  SINCE JAN 1   1694                      1463    231     1403
..................................................................


WIND (MPH)
  HIGHEST WIND SPEED    25   HIGHEST WIND DIRECTION    NE (30)
  HIGHEST GUST SPEED    37   HIGHEST GUST DIRECTION     N (20)
  AVERAGE WIND SPEED     5.2




RELATIVE HUMIDITY (PERCENT)
 HIGHEST    94
 LOWEST     52
 AVERAGE    73

..........................................................


THE ALBANY CLIMATE NORMALS FOR TODAY
                         NORMAL    RECORD    YEAR
 MAXIMUM TEMPERATURE (F)   93       102      1986
 MINIMUM TEMPERATURE (F)   72        44      2008


SUNRISE AND SUNSET
AUGUST  2 2015........SUNRISE   653 AM EDT   SUNSET   832 PM EDT
AUGUST  3 2015........SUNRISE   654 AM EDT   SUNSET   831 PM EDT


-  INDICATES NEGATIVE NUMBERS.
R  INDICATES RECORD WAS SET OR TIED.
MM INDICATES DATA IS MISSING.
T  INDICATES TRACE AMOUNT.




$$
