000
CDUS42 KTAE 240631
CLIABY


CLIMATE REPORT
NATIONAL WEATHER SERVICE TALLAHASSEE FL
231 AM EDT TUE OCT 24 2017


...................................

...THE ALBANY CLIMATE SUMMARY FOR OCTOBER 23 2017...

CLIMATE NORMAL PERIOD 1981 TO 2010
CLIMATE RECORD PERIOD 1930 TO 2017


WEATHER ITEM   OBSERVED TIME   RECORD YEAR NORMAL DEPARTURE LAST
                VALUE   (LST)  VALUE       VALUE  FROM      YEAR
                                                  NORMAL
..................................................................
TEMPERATURE (F)
 YESTERDAY
  MAXIMUM         80    347 PM  91    2007  79      1       79
  MINIMUM         59   1159 PM  33    1987  53      6       39
  AVERAGE         70                        66      4       59

PRECIPITATION (IN)
  YESTERDAY        0.95                      0.08   0.87     0.00
  MONTH TO DATE    1.81                      1.93  -0.12      T
  SINCE SEP 1      4.70                      5.37  -0.67     3.29
  SINCE JAN 1     37.47                     40.97  -3.50    37.34

SNOWFALL (IN)
  YESTERDAY        0.0

DEGREE DAYS
 HEATING
  YESTERDAY        0                         3     -3        6
  MONTH TO DATE    2                        21    -19       10
  SINCE SEP 1      2                        22    -20       10
  SINCE JUL 1      2                        22    -20       10

 COOLING
  YESTERDAY        5                         3      2        0
  MONTH TO DATE  266                       124    142      199
  SINCE SEP 1    672                       507    165      675
  SINCE JAN 1   2880                      2480    400     2912
..................................................................


WIND (MPH)
  HIGHEST WIND SPEED    23   HIGHEST WIND DIRECTION     S (170)
  HIGHEST GUST SPEED    29   HIGHEST GUST DIRECTION     S (160)
  AVERAGE WIND SPEED     9.9




RELATIVE HUMIDITY (PERCENT)
 HIGHEST   100
 LOWEST     54
 AVERAGE    77

..........................................................


THE ALBANY CLIMATE NORMALS FOR TODAY
                         NORMAL    RECORD    YEAR
 MAXIMUM TEMPERATURE (F)   78        91      1984
 MINIMUM TEMPERATURE (F)   53        33      1987


SUNRISE AND SUNSET
OCTOBER 24 2017.......SUNRISE   747 AM EDT   SUNSET   655 PM EDT
OCTOBER 25 2017.......SUNRISE   747 AM EDT   SUNSET   654 PM EDT


-  INDICATES NEGATIVE NUMBERS.
R  INDICATES RECORD WAS SET OR TIED.
MM INDICATES DATA IS MISSING.
T  INDICATES TRACE AMOUNT.




$$
