837
CDUS42 KTAE 060635
CLIABY


CLIMATE REPORT
NATIONAL WEATHER SERVICE TALLAHASSEE FL
135 AM EST SAT FEB 6 2016


...................................

...THE ALBANY CLIMATE SUMMARY FOR FEBRUARY 5 2016...

CLIMATE NORMAL PERIOD 1981 TO 2010
CLIMATE RECORD PERIOD 1930 TO 2016


WEATHER ITEM   OBSERVED TIME   RECORD YEAR NORMAL DEPARTURE LAST
                VALUE   (LST)  VALUE       VALUE  FROM      YEAR
                                                  NORMAL
..................................................................
TEMPERATURE (F)
 YESTERDAY
  MAXIMUM         55    423 PM  84    1957  62     -7       63
  MINIMUM         32    758 AM  13    1996  39     -7       42
  AVERAGE         44                        51     -7       53

PRECIPITATION (IN)
  YESTERDAY        0.00                      0.13  -0.13     0.25
  MONTH TO DATE    2.30                      0.63   1.67     1.12
  SINCE DEC 1     12.82                      9.20   3.62    12.15
  SINCE JAN 1      5.96                      5.45   0.51     4.42

SNOWFALL (IN)
  YESTERDAY        0.0

DEGREE DAYS
 HEATING
  YESTERDAY       21                        14      7       12
  MONTH TO DATE   40                        73    -33       80
  SINCE DEC 1    709                      1007   -298      922
  SINCE JUL 1    833                      1277   -444     1327

 COOLING
  YESTERDAY        0                         0      0        0
  MONTH TO DATE    0                         0      0        0
  SINCE DEC 1     76                        13     63        7
  SINCE JAN 1      0                         4     -4        2
..................................................................


WIND (MPH)
  HIGHEST WIND SPEED    22   HIGHEST WIND DIRECTION    NW (320)
  HIGHEST GUST SPEED    33   HIGHEST GUST DIRECTION    NW (320)
  AVERAGE WIND SPEED     7.5




RELATIVE HUMIDITY (PERCENT)
 HIGHEST    82
 LOWEST     20
 AVERAGE    51

..........................................................


THE ALBANY CLIMATE NORMALS FOR TODAY
                         NORMAL    RECORD    YEAR
 MAXIMUM TEMPERATURE (F)   63        82      1957
 MINIMUM TEMPERATURE (F)   39        13      1996


SUNRISE AND SUNSET
FEBRUARY  6 2016......SUNRISE   726 AM EST   SUNSET   616 PM EST
FEBRUARY  7 2016......SUNRISE   726 AM EST   SUNSET   616 PM EST


-  INDICATES NEGATIVE NUMBERS.
R  INDICATES RECORD WAS SET OR TIED.
MM INDICATES DATA IS MISSING.
T  INDICATES TRACE AMOUNT.




$$
