000
CDUS42 KTAE 270633
CLIABY


CLIMATE REPORT
NATIONAL WEATHER SERVICE TALLAHASSEE FL
233 AM EDT THU APR 27 2017


...................................

...THE ALBANY CLIMATE SUMMARY FOR APRIL 26 2017...

CLIMATE NORMAL PERIOD 1981 TO 2010
CLIMATE RECORD PERIOD 1930 TO 2017


WEATHER ITEM   OBSERVED TIME   RECORD YEAR NORMAL DEPARTURE LAST
                VALUE   (LST)  VALUE       VALUE  FROM      YEAR
                                                  NORMAL
..................................................................
TEMPERATURE (F)
 YESTERDAY
  MAXIMUM         84    358 PM  91    1958  82      2       86
  MINIMUM         57    621 AM  39    1968  56      1       60
  AVERAGE         71                        69      2       73

PRECIPITATION (IN)
  YESTERDAY        0.00                      0.08  -0.08     0.00
  MONTH TO DATE    2.13                      3.33  -1.20     6.29
  SINCE MAR 1      3.35                      8.38  -5.03    11.06
  SINCE JAN 1     15.17                     17.36  -2.19    21.37

SNOWFALL (IN)
  YESTERDAY        0.0

DEGREE DAYS
 HEATING
  YESTERDAY        0                         1     -1        0
  MONTH TO DATE   26                        63    -37       36
  SINCE MAR 1    189                       272    -83      151
  SINCE JUL 1    992                      1832   -840     1286

 COOLING
  YESTERDAY        6                         5      1        8
  MONTH TO DATE  146                        81     65       54
  SINCE MAR 1    223                       110    113      136
  SINCE JAN 1    261                       119    142      139
..................................................................


WIND (MPH)
  HIGHEST WIND SPEED    16   HIGHEST WIND DIRECTION     S (200)
  HIGHEST GUST SPEED    20   HIGHEST GUST DIRECTION     S (200)
  AVERAGE WIND SPEED     7.6




RELATIVE HUMIDITY (PERCENT)
 HIGHEST    93
 LOWEST     43
 AVERAGE    68

..........................................................


THE ALBANY CLIMATE NORMALS FOR TODAY
                         NORMAL    RECORD    YEAR
 MAXIMUM TEMPERATURE (F)   82        93      2011
 MINIMUM TEMPERATURE (F)   56        40      1983


SUNRISE AND SUNSET
APRIL 27 2017.........SUNRISE   655 AM EDT   SUNSET   814 PM EDT
APRIL 28 2017.........SUNRISE   654 AM EDT   SUNSET   815 PM EDT


-  INDICATES NEGATIVE NUMBERS.
R  INDICATES RECORD WAS SET OR TIED.
MM INDICATES DATA IS MISSING.
T  INDICATES TRACE AMOUNT.




$$
