000
CDUS42 KTAE 270640
CLIABY


CLIMATE REPORT
NATIONAL WEATHER SERVICE TALLAHASSEE FL
239 AM EDT FRI MAY 27 2016


...................................

...THE ALBANY CLIMATE SUMMARY FOR MAY 26 2016...

CLIMATE NORMAL PERIOD 1981 TO 2010
CLIMATE RECORD PERIOD 1930 TO 2016


WEATHER ITEM   OBSERVED TIME   RECORD YEAR NORMAL DEPARTURE LAST
                VALUE   (LST)  VALUE       VALUE  FROM      YEAR
                                                  NORMAL
..................................................................
TEMPERATURE (F)
 YESTERDAY
  MAXIMUM         90    404 PM 101    1962  89      1       90
  MINIMUM         66    622 AM  42    1979  65      1       69
  AVERAGE         78                        77      1       80

PRECIPITATION (IN)
  YESTERDAY        0.00                      0.11  -0.11     0.18
  MONTH TO DATE    0.78                      2.01  -1.23     0.29
  SINCE MAR 1     12.42                     10.70   1.72     7.64
  SINCE JAN 1     22.73                     19.68   3.05    14.97

SNOWFALL (IN)
  YESTERDAY        0.0

DEGREE DAYS
 HEATING
  YESTERDAY        0                         0      0        0
  MONTH TO DATE    4                         0      4        2
  SINCE MAR 1    155                       274   -119      125
  SINCE JUL 1   1290                      1834   -544     1849

 COOLING
  YESTERDAY       13                        12      1       15
  MONTH TO DATE  229                       237     -8      285
  SINCE MAR 1    413                       368     45      531
  SINCE JAN 1    416                       377     39      533
..................................................................


WIND (MPH)
  HIGHEST WIND SPEED    12   HIGHEST WIND DIRECTION    SE (120)
  HIGHEST GUST SPEED    15   HIGHEST GUST DIRECTION    SE (140)
  AVERAGE WIND SPEED     3.7




RELATIVE HUMIDITY (PERCENT)
 HIGHEST    87
 LOWEST     36
 AVERAGE    62

..........................................................


THE ALBANY CLIMATE NORMALS FOR TODAY
                         NORMAL    RECORD    YEAR
 MAXIMUM TEMPERATURE (F)   89       100      1962
 MINIMUM TEMPERATURE (F)   66        47      1988


SUNRISE AND SUNSET
MAY 27 2016...........SUNRISE   634 AM EDT   SUNSET   834 PM EDT
MAY 28 2016...........SUNRISE   634 AM EDT   SUNSET   835 PM EDT


-  INDICATES NEGATIVE NUMBERS.
R  INDICATES RECORD WAS SET OR TIED.
MM INDICATES DATA IS MISSING.
T  INDICATES TRACE AMOUNT.




$$
