000
CDUS44 KFWD 220640
CLIACT


CLIMATE REPORT
NATIONAL WEATHER SERVICE FORT WORTH TX
139 AM CDT FRI MAY 22 2015


...................................

...THE WACO CLIMATE SUMMARY FOR MAY 21 2015...

CLIMATE NORMAL PERIOD 1981 TO 2010
CLIMATE RECORD PERIOD 1901 TO 2015


WEATHER ITEM   OBSERVED TIME   RECORD YEAR NORMAL DEPARTURE LAST
                VALUE   (LST)  VALUE       VALUE  FROM      YEAR
                                                  NORMAL
..................................................................
TEMPERATURE (F)
 YESTERDAY
  MAXIMUM         71   1242 AM  99    2005  86    -15       88
  MINIMUM         60   1149 AM  52    2002  65     -5       69
                                      1947
  AVERAGE         66                        76    -10       79

PRECIPITATION (IN)
  YESTERDAY        0.01          3.08 1905   0.14  -0.13     0.00
  MONTH TO DATE    3.40                      2.87   0.53     5.16
  SINCE MAR 1     10.74                      8.71   2.03     7.79
  SINCE JAN 1     15.47                     13.46   2.01     8.55

DEGREE DAYS
 HEATING
  YESTERDAY        0                         0      0        0
  MONTH TO DATE    2                         4     -2       18
  SINCE MAR 1    352                       328     24      468
  SINCE JUL 1   2306                      2140    166     2611

 COOLING
  YESTERDAY        1                        11    -10       14
  MONTH TO DATE  177                       176      1      149
  SINCE MAR 1    338                       321     17      278
  SINCE JAN 1    338                       330      8      278
..................................................................


WIND (MPH)
  HIGHEST WIND SPEED    23   HIGHEST WIND DIRECTION     N (10)
  HIGHEST GUST SPEED    31   HIGHEST GUST DIRECTION     N (360)
  AVERAGE WIND SPEED    11.4


SKY COVER
  POSSIBLE SUNSHINE  MM
  AVERAGE SKY COVER 1.0


WEATHER CONDITIONS
 THE FOLLOWING WEATHER WAS RECORDED YESTERDAY.
  LIGHT RAIN
  FOG


RELATIVE HUMIDITY (PERCENT)
 HIGHEST    90           600 AM
 LOWEST     73           400 PM
 AVERAGE    82

..........................................................


THE WACO CLIMATE NORMALS FOR TODAY
                         NORMAL    RECORD    YEAR
 MAXIMUM TEMPERATURE (F)   87        99      2005
 MINIMUM TEMPERATURE (F)   66        47      2001


SUNRISE AND SUNSET
MAY 22 2015...........SUNRISE   628 AM CDT   SUNSET   823 PM CDT
MAY 23 2015...........SUNRISE   628 AM CDT   SUNSET   824 PM CDT


-  INDICATES NEGATIVE NUMBERS.
R  INDICATES RECORD WAS SET OR TIED.
MM INDICATES DATA IS MISSING.
T  INDICATES TRACE AMOUNT.




$$
