000
CDUS44 KFWD 010648
CLIACT

CLIMATE REPORT
NATIONAL WEATHER SERVICE FORT WORTH TX
145 AM CDT SAT OCT 1 2016

...................................

...THE WACO CLIMATE SUMMARY FOR SEPTEMBER 30 2016...

CLIMATE NORMAL PERIOD 1981 TO 2010
CLIMATE RECORD PERIOD 1901 TO 2016

WEATHER ITEM   OBSERVED TIME   RECORD YEAR NORMAL DEPARTURE LAST
                VALUE   (LST)  VALUE       VALUE  FROM      YEAR
                                                  NORMAL
..................................................................
TEMPERATURE (F)
 YESTERDAY
  MAXIMUM         82    323 PM 100    1977  85     -3       95
  MINIMUM         49    635 AM  44    1984  61    -12       67
                                      1916
  AVERAGE         66                        73     -7       81

PRECIPITATION (IN)
  YESTERDAY        0.00          1.80 1943   0.10  -0.10     0.00
  MONTH TO DATE    0.72                      3.06  -2.34     0.33
  SINCE SEP 1      0.72                      3.06  -2.34     0.33
  SINCE JAN 1     32.70                     25.22   7.48    28.50

DEGREE DAYS
 HEATING
  YESTERDAY        0                         1     -1        0
  MONTH TO DATE    0                         3     -3        0
  SINCE SEP 1      0                         6     -6        0
  SINCE JUL 1      0                         6     -6        0

 COOLING
  YESTERDAY        1                         9     -8       16
  MONTH TO DATE  470                       399     71      533
  SINCE SEP 1    470                       399     71      533
  SINCE JAN 1   2710                      2594    116     2788
..................................................................

WIND (MPH)
  HIGHEST WIND SPEED    10   HIGHEST WIND DIRECTION     S (190)
  HIGHEST GUST SPEED    14   HIGHEST GUST DIRECTION     N (350)
  AVERAGE WIND SPEED     4.5


SKY COVER
  POSSIBLE SUNSHINE  MM
  AVERAGE SKY COVER 0.0


WEATHER CONDITIONS
 THE FOLLOWING WEATHER WAS RECORDED YESTERDAY.
  FOG
  HAZE


RELATIVE HUMIDITY (PERCENT)
 HIGHEST   100           500 AM
 LOWEST     33           200 PM
 AVERAGE    67

..........................................................

THE WACO CLIMATE NORMALS FOR TODAY
                         NORMAL    RECORD    YEAR
 MAXIMUM TEMPERATURE (F)   85       100      1977
 MINIMUM TEMPERATURE (F)   61        42      1939


SUNRISE AND SUNSET
OCTOBER  1 2016.......SUNRISE   723 AM CDT   SUNSET   713 PM CDT
OCTOBER  2 2016.......SUNRISE   724 AM CDT   SUNSET   712 PM CDT


-  INDICATES NEGATIVE NUMBERS.
R  INDICATES RECORD WAS SET OR TIED.
MM INDICATES DATA IS MISSING.
T  INDICATES TRACE AMOUNT.


$$
