000
CDUS44 KFWD 250650
CLIACT


CLIMATE REPORT
NATIONAL WEATHER SERVICE FORT WORTH TX
149 AM CDT THU AUG 25 2016


...................................

...THE WACO CLIMATE SUMMARY FOR AUGUST 24 2016...

CLIMATE NORMAL PERIOD 1981 TO 2010
CLIMATE RECORD PERIOD 1901 TO 2016


WEATHER ITEM   OBSERVED TIME   RECORD YEAR NORMAL DEPARTURE LAST
                VALUE   (LST)  VALUE       VALUE  FROM      YEAR
                                                  NORMAL
..................................................................
TEMPERATURE (F)
 YESTERDAY
  MAXIMUM         94    324 PM 106    2011  96     -2      101
  MINIMUM         75    516 AM  63    1961  73      2       77
  AVERAGE         85                        85      0       89

PRECIPITATION (IN)
  YESTERDAY        0.00          4.10 1958   0.07  -0.07      T
  MONTH TO DATE    3.26                      1.47   1.79     0.77
  SINCE JUN 1      7.99                      6.69   1.30     6.74
  SINCE JAN 1     30.63                     21.58   9.05    28.08

DEGREE DAYS
 HEATING
  YESTERDAY        0                         0      0        0
  MONTH TO DATE    0                         0      0        0
  SINCE JUN 1      0                         0      0        0
  SINCE JUL 1      0                         0      0        0

 COOLING
  YESTERDAY       20                        20      0       24
  MONTH TO DATE  494                       497     -3      538
  SINCE JUN 1   1727                      1611    116     1691
  SINCE JAN 1   2118                      2063     55     2126
..................................................................


WIND (MPH)
  HIGHEST WIND SPEED    18   HIGHEST WIND DIRECTION     S (180)
  HIGHEST GUST SPEED    23   HIGHEST GUST DIRECTION     S (180)
  AVERAGE WIND SPEED    11.4


SKY COVER
  POSSIBLE SUNSHINE  MM
  AVERAGE SKY COVER 0.2


WEATHER CONDITIONS
 THE FOLLOWING WEATHER WAS RECORDED YESTERDAY.
  NO SIGNIFICANT WEATHER WAS OBSERVED.


RELATIVE HUMIDITY (PERCENT)
 HIGHEST    94           300 AM
 LOWEST     46           400 PM
 AVERAGE    70

..........................................................


THE WACO CLIMATE NORMALS FOR TODAY
                         NORMAL    RECORD    YEAR
 MAXIMUM TEMPERATURE (F)   96       104      1990
 MINIMUM TEMPERATURE (F)   73        62      1917


SUNRISE AND SUNSET
AUGUST 25 2016........SUNRISE   701 AM CDT   SUNSET   800 PM CDT
AUGUST 26 2016........SUNRISE   701 AM CDT   SUNSET   759 PM CDT


-  INDICATES NEGATIVE NUMBERS.
R  INDICATES RECORD WAS SET OR TIED.
MM INDICATES DATA IS MISSING.
T  INDICATES TRACE AMOUNT.




$$
