000
CDUS44 KFWD 260650
CLIACT

CLIMATE REPORT
NATIONAL WEATHER SERVICE FORT WORTH TX
1250 AM CST SUN FEB 26 2017

...................................

...THE WACO CLIMATE SUMMARY FOR FEBRUARY 25 2017...

CLIMATE NORMAL PERIOD 1981 TO 2010
CLIMATE RECORD PERIOD 1901 TO 2017


WEATHER ITEM   OBSERVED TIME   RECORD YEAR NORMAL DEPARTURE LAST
                VALUE   (LST)  VALUE       VALUE  FROM      YEAR
                                                  NORMAL
..................................................................
TEMPERATURE (F)
 YESTERDAY
  MAXIMUM         57    344 PM  95    1918  64     -7       61
  MINIMUM         34    714 AM  19    1960  42     -8       34
  AVERAGE         46                        53     -7       48

PRECIPITATION (IN)
  YESTERDAY        0.00          2.00 2000   0.11  -0.11     0.00
  MONTH TO DATE    3.05                      2.31   0.74     2.16
  SINCE DEC 1      7.43                      7.18   0.25     6.07
  SINCE JAN 1      6.16                      4.43   1.73     2.45

SNOWFALL (IN)
  YESTERDAY        0.0          13.0  1924   0.0    0.0      0.0
  MONTH TO DATE    0.0                       0.4   -0.4      0.0
  SINCE DEC 1      T                         0.7   -0.7      0.0
  SINCE JUL 1      T                         0.8   -0.8      0.0
  SNOW DEPTH       0

DEGREE DAYS
 HEATING
  YESTERDAY       19                        12      7       17
  MONTH TO DATE  159                       368   -209      280
  SINCE DEC 1   1018                      1448   -430     1210
  SINCE JUL 1   1161                      1776   -615     1445

 COOLING
  YESTERDAY        0                         0      0        0
  MONTH TO DATE   34                         0     34        8
  SINCE DEC 1     66                         8     58       13
  SINCE JAN 1     43                         3     40        8
..................................................................


WIND (MPH)
  HIGHEST WIND SPEED    17   HIGHEST WIND DIRECTION     N (20)
  HIGHEST GUST SPEED    22   HIGHEST GUST DIRECTION     N (20)
  AVERAGE WIND SPEED     7.8


SKY COVER
  POSSIBLE SUNSHINE  MM
  AVERAGE SKY COVER 0.0


WEATHER CONDITIONS
 THE FOLLOWING WEATHER WAS RECORDED YESTERDAY.
  NO SIGNIFICANT WEATHER WAS OBSERVED.


RELATIVE HUMIDITY (PERCENT)
 HIGHEST    79           300 AM
 LOWEST     32           500 PM
 AVERAGE    56

..........................................................


THE WACO CLIMATE NORMALS FOR TODAY
                         NORMAL    RECORD    YEAR
 MAXIMUM TEMPERATURE (F)   64        90      1954
 MINIMUM TEMPERATURE (F)   43        22      2002


SUNRISE AND SUNSET
FEBRUARY 26 2017......SUNRISE   659 AM CST   SUNSET   625 PM CST
FEBRUARY 27 2017......SUNRISE   658 AM CST   SUNSET   626 PM CST


-  INDICATES NEGATIVE NUMBERS.
R  INDICATES RECORD WAS SET OR TIED.
MM INDICATES DATA IS MISSING.
T  INDICATES TRACE AMOUNT.

$$
