000
CDUS44 KFWD 280637
CLIACT

CLIMATE REPORT
NATIONAL WEATHER SERVICE FORT WORTH TX
1235 AM CST SUN DEC 28 2014


...................................

...THE WACO CLIMATE SUMMARY FOR DECEMBER 27 2014...

CLIMATE NORMAL PERIOD 1981 TO 2010
CLIMATE RECORD PERIOD 1901 TO 2014


WEATHER ITEM   OBSERVED TIME   RECORD YEAR NORMAL DEPARTURE LAST
                VALUE   (LST)  VALUE       VALUE  FROM      YEAR
                                                  NORMAL
..................................................................
TEMPERATURE (F)
 YESTERDAY
  MAXIMUM         64    116 AM  85    2005  57      7       57
  MINIMUM         37   1159 PM  23    2009  36      1       28
  AVERAGE         51                        47      4       43

PRECIPITATION (IN)
  YESTERDAY        0.01          1.51 1936   0.09  -0.08     0.00
  MONTH TO DATE    0.52                      2.43  -1.91     1.34
  SINCE DEC 1      0.52                      2.43  -1.91     1.34
  SINCE JAN 1     30.07                     34.37  -4.30    37.89

SNOWFALL (IN)
  YESTERDAY       MM             T    2000   0.0   MM        0.0
                                      1967
                                      1942
  MONTH TO DATE    0.0                       0.0    0.0       T
  SINCE DEC 1      0.0                       0.0    0.0       T
  SINCE JUL 1      0.0                       0.1   -0.1       T
  SNOW DEPTH       0

DEGREE DAYS
 HEATING
  YESTERDAY       14                        18     -4       22
  MONTH TO DATE  330                       448   -118      557
  SINCE DEC 1    330                       448   -118      557
  SINCE JUL 1    712                       776    -64      971

 COOLING
  YESTERDAY        0                         0      0        0
  MONTH TO DATE    4                         0      4        0
  SINCE DEC 1      4                         0      4        0
  SINCE JAN 1   2754                      2792    -38     2870
..................................................................


WIND (MPH)
  HIGHEST WIND SPEED    31   HIGHEST WIND DIRECTION     N (10)
  HIGHEST GUST SPEED    38   HIGHEST GUST DIRECTION     N (10)
  AVERAGE WIND SPEED    15.8


SKY COVER
  POSSIBLE SUNSHINE  MM
  AVERAGE SKY COVER 1.0


WEATHER CONDITIONS
 THE FOLLOWING WEATHER WAS RECORDED YESTERDAY.
  LIGHT RAIN
  FOG


RELATIVE HUMIDITY (PERCENT)
 HIGHEST   100          1200 AM
 LOWEST     65           900 AM
 AVERAGE    83

..........................................................


THE WACO CLIMATE NORMALS FOR TODAY
                         NORMAL    RECORD    YEAR
 MAXIMUM TEMPERATURE (F)   57        80      1905
 MINIMUM TEMPERATURE (F)   36        17      1938


SUNRISE AND SUNSET
DECEMBER 28 2014......SUNRISE   727 AM CST   SUNSET   534 PM CST
DECEMBER 29 2014......SUNRISE   728 AM CST   SUNSET   534 PM CST


-  INDICATES NEGATIVE NUMBERS.
R  INDICATES RECORD WAS SET OR TIED.
MM INDICATES DATA IS MISSING.
T  INDICATES TRACE AMOUNT.




$$
