000
CDUS44 KFWD 312126
CLIACT

CLIMATE REPORT
NATIONAL WEATHER SERVICE FORT WORTH TX
424 PM CDT THU JUL 31 2014


...................................

...THE WACO CLIMATE SUMMARY FOR JULY 31 2014...
VALID AS OF 0400 PM LOCAL TIME.

CLIMATE NORMAL PERIOD 1981 TO 2010
CLIMATE RECORD PERIOD 1901 TO 2014


WEATHER ITEM   OBSERVED TIME   RECORD YEAR NORMAL DEPARTURE LAST
                VALUE   (LST)  VALUE       VALUE  FROM      YEAR
                                                  NORMAL
..................................................................
TEMPERATURE (F)
 TODAY
  MAXIMUM         91   1207 PM 108    1986  98     -7      100
  MINIMUM         77    517 AM  63    1984  75      2       77
                                      1971
  AVERAGE         84

PRECIPITATION (IN)
  TODAY            0.00          2.71 1933   0.06  -0.06     0.00
  MONTH TO DATE    0.15                      1.79  -1.64     5.50
  SINCE JUN 1      8.46                      5.22   3.24     7.12
  SINCE JAN 1     19.60                     20.11  -0.51    21.21

..................................................................


WIND (MPH)
  HIGHEST WIND SPEED    24   HIGHEST WIND DIRECTION     S (180)
  HIGHEST GUST SPEED    31   HIGHEST GUST DIRECTION     S (190)
  AVERAGE WIND SPEED    13.4




..........................................................


THE WACO CLIMATE NORMALS FOR TOMORROW
                         NORMAL    RECORD    YEAR
 MAXIMUM TEMPERATURE (F)   98       107      2011
 MINIMUM TEMPERATURE (F)   75        58      1936


SUNRISE AND SUNSET
JULY 31 2014..........SUNRISE   644 AM CDT   SUNSET   826 PM CDT
AUGUST  1 2014........SUNRISE   645 AM CDT   SUNSET   825 PM CDT


-  INDICATES NEGATIVE NUMBERS.
R  INDICATES RECORD WAS SET OR TIED.
MM INDICATES DATA IS MISSING.
T  INDICATES TRACE AMOUNT.




$$
