499
CDUS44 KFWD 260654
CLIACT


CLIMATE REPORT
NATIONAL WEATHER SERVICE FORT WORTH TX
154 AM CDT TUE SEP 26 2017


...................................

...THE WACO CLIMATE SUMMARY FOR SEPTEMBER 25 2017...

CLIMATE NORMAL PERIOD 1981 TO 2010
CLIMATE RECORD PERIOD 1901 TO 2017


WEATHER ITEM   OBSERVED TIME   RECORD YEAR NORMAL DEPARTURE LAST
                VALUE   (LST)  VALUE       VALUE  FROM      YEAR
                                                  NORMAL
..................................................................
TEMPERATURE (F)
 YESTERDAY
  MAXIMUM         94    249 PM 106    2011  87      7       81
  MINIMUM         70    619 AM  43    1989  63      7       71
  AVERAGE         82                        75      7       76

PRECIPITATION (IN)
  YESTERDAY        0.00          1.95 1913   0.11  -0.11     0.39
  MONTH TO DATE    0.00                      2.54  -2.54     0.72
  SINCE SEP 1      0.00                      2.54  -2.54     0.72
  SINCE JAN 1     28.71                     24.70   4.01    32.70

DEGREE DAYS
 HEATING
  YESTERDAY        0                         0      0        0
  MONTH TO DATE    0                         0      0        0
  SINCE SEP 1      0                         0      0        0
  SINCE JUL 1      0                         0      0        0

 COOLING
  YESTERDAY       17                        10      7       11
  MONTH TO DATE  373                       351     22      446
  SINCE SEP 1    373                       351     22      446
  SINCE JAN 1   2713                      2546    167     2686
..................................................................


WIND (MPH)
  HIGHEST WIND SPEED    17   HIGHEST WIND DIRECTION    SE (150)
  HIGHEST GUST SPEED    23   HIGHEST GUST DIRECTION    SE (140)
  AVERAGE WIND SPEED     9.1


SKY COVER
  POSSIBLE SUNSHINE  MM
  AVERAGE SKY COVER 0.4


WEATHER CONDITIONS
 THE FOLLOWING WEATHER WAS RECORDED YESTERDAY.
  NO SIGNIFICANT WEATHER WAS OBSERVED.


RELATIVE HUMIDITY (PERCENT)
 HIGHEST   100           600 AM
 LOWEST     36           400 PM
 AVERAGE    68

..........................................................


THE WACO CLIMATE NORMALS FOR TODAY
                         NORMAL    RECORD    YEAR
 MAXIMUM TEMPERATURE (F)   86       108      2005
 MINIMUM TEMPERATURE (F)   63        44      2000


SUNRISE AND SUNSET
SEPTEMBER 26 2017.....SUNRISE   720 AM CDT   SUNSET   720 PM CDT
SEPTEMBER 27 2017.....SUNRISE   720 AM CDT   SUNSET   719 PM CDT


-  INDICATES NEGATIVE NUMBERS.
R  INDICATES RECORD WAS SET OR TIED.
MM INDICATES DATA IS MISSING.
T  INDICATES TRACE AMOUNT.




$$
