000
CDUS41 KPHI 240630
CLIACY


CLIMATE REPORT
NATIONAL WEATHER SERVICE MOUNT HOLLY NJ
228 AM EDT FRI MAR 24 2017


...................................

...THE ATLANTIC CITY NJ CLIMATE SUMMARY FOR MARCH 23 2017...

CLIMATE NORMAL PERIOD 1981 TO 2010
CLIMATE RECORD PERIOD 1874 TO 2017


WEATHER ITEM   OBSERVED TIME   RECORD YEAR NORMAL DEPARTURE LAST
                VALUE   (LST)  VALUE       VALUE  FROM      YEAR
                                                  NORMAL
..................................................................
TEMPERATURE (F)
 YESTERDAY
  MAXIMUM         47    313 PM  79    2012  54     -7       71
                                      1907
  MINIMUM         17    609 AM  13    1875  35    -18       46
  AVERAGE         32                        44    -12       59

PRECIPITATION (IN)
  YESTERDAY        0.00          1.59 2005   0.13  -0.13     0.00
  MONTH TO DATE    3.71                      3.08   0.63     2.37
  SINCE MAR 1      3.71                      3.08   0.63     2.37
  SINCE JAN 1      9.26                      9.17   0.09     9.72

SNOWFALL (IN)
  YESTERDAY        0.0           5.5  1934   0.0    0.0      0.0
  MONTH TO DATE    0.2                       1.0   -0.8      5.1
  SINCE MAR 1      0.2                       1.0   -0.8      5.1
  SINCE JUL 1      7.7                      16.1   -8.4     25.7
  SNOW DEPTH       0

DEGREE DAYS
 HEATING
  YESTERDAY       33                        21     12        6
  MONTH TO DATE  598                       551     47      423
  SINCE MAR 1    598                       551     47      423
  SINCE JUL 1   3594                      4142   -548     3304

 COOLING
  YESTERDAY        0                         0      0        0
  MONTH TO DATE    0                         0      0        3
  SINCE MAR 1      0                         0      0        3
  SINCE JAN 1      0                         0      0        3
..................................................................


WIND (MPH)
  HIGHEST WIND SPEED    17   HIGHEST WIND DIRECTION    NW (300)
  HIGHEST GUST SPEED    23   HIGHEST GUST DIRECTION    NW (320)
  AVERAGE WIND SPEED     7.4


SKY COVER
  POSSIBLE SUNSHINE  MM
  AVERAGE SKY COVER 0.0


WEATHER CONDITIONS
 THE FOLLOWING WEATHER WAS RECORDED YESTERDAY.
  NO SIGNIFICANT WEATHER WAS OBSERVED.


RELATIVE HUMIDITY (PERCENT)
 HIGHEST    56          1100 PM
 LOWEST     15           300 PM
 AVERAGE    36

..........................................................


THE ATLANTIC CITY NJ CLIMATE NORMALS FOR TODAY
                         NORMAL    RECORD    YEAR
 MAXIMUM TEMPERATURE (F)   54        78      1929
 MINIMUM TEMPERATURE (F)   35        16      1885


SUNRISE AND SUNSET
MARCH 24 2017.........SUNRISE   655 AM EDT   SUNSET   715 PM EDT
MARCH 25 2017.........SUNRISE   653 AM EDT   SUNSET   716 PM EDT


-  INDICATES NEGATIVE NUMBERS.
R  INDICATES RECORD WAS SET OR TIED.
MM INDICATES DATA IS MISSING.
T  INDICATES TRACE AMOUNT.




$$
