000
CDUS41 KPHI 272145
CLIACY


CLIMATE REPORT
NATIONAL WEATHER SERVICE MOUNT HOLLY NJ
442 PM EST FRI FEB 27 2015


...................................

...THE ATLANTIC CITY NJ CLIMATE SUMMARY FOR FEBRUARY 27 2015...
VALID TODAY AS OF 0400 PM LOCAL TIME.

CLIMATE NORMAL PERIOD 1981 TO 2010
CLIMATE RECORD PERIOD 1874 TO 2015


WEATHER ITEM   OBSERVED TIME   RECORD YEAR NORMAL DEPARTURE LAST
                VALUE   (LST)  VALUE       VALUE  FROM      YEAR
                                                  NORMAL
..................................................................
TEMPERATURE (F)
 TODAY
  MAXIMUM         33    359 PM  73    1997  47    -14       39
  MINIMUM         10    357 AM   7    1934  28    -18        8
                                      1900
  AVERAGE         22                        38    -16       24

PRECIPITATION (IN)
  TODAY            0.00          1.53 1958   0.11  -0.11      T
  MONTH TO DATE    2.78                      2.75   0.03     5.30
  SINCE DEC 1     13.59                      9.66   3.93    14.61
  SINCE JAN 1      8.06                      5.97   2.09     8.55

SNOWFALL (IN)
  TODAY            0.0           1.0  1986   0.1   -0.1       T
  MONTH TO DATE    9.8                       6.5    3.3      6.1
  SINCE DEC 1     15.0                      14.7    0.3     28.2
  SINCE JUL 1     15.0                      14.9    0.1     28.2
  SNOW DEPTH       2

DEGREE DAYS
 HEATING
  TODAY           43                        27     16       41
  MONTH TO DATE 1086                       804    282      868
  SINCE DEC 1   2926                      2658    268     2813
  SINCE JUL 1   3833                      3565    268     3816

 COOLING
  TODAY            0                         0      0        0
  MONTH TO DATE    0                         0      0        0
  SINCE DEC 1      0                         0      0        0
  SINCE JAN 1      0                         0      0        0
..................................................................


WIND (MPH)
  HIGHEST WIND SPEED    14   HIGHEST WIND DIRECTION    NW (320)
  HIGHEST GUST SPEED    17   HIGHEST GUST DIRECTION     W (280)
  AVERAGE WIND SPEED     6.1


SKY COVER
  POSSIBLE SUNSHINE  MM
  AVERAGE SKY COVER 0.5


WEATHER CONDITIONS
 THE FOLLOWING WEATHER WAS RECORDED TODAY.
  NO SIGNIFICANT WEATHER WAS OBSERVED.


RELATIVE HUMIDITY (PERCENT)
 HIGHEST    88           200 AM
 LOWEST     47           400 PM
 AVERAGE    68

..........................................................


THE ATLANTIC CITY NJ CLIMATE NORMALS FOR TOMORROW
                         NORMAL    RECORD    YEAR
 MAXIMUM TEMPERATURE (F)   47        70      2011
 MINIMUM TEMPERATURE (F)   29         2      1934


SUNRISE AND SUNSET
FEBRUARY 27 2015......SUNRISE   634 AM EST   SUNSET   548 PM EST
FEBRUARY 28 2015......SUNRISE   633 AM EST   SUNSET   549 PM EST


-  INDICATES NEGATIVE NUMBERS.
R  INDICATES RECORD WAS SET OR TIED.
MM INDICATES DATA IS MISSING.
T  INDICATES TRACE AMOUNT.




$$
