753
CDUS41 KPHI 192128
CLIACY


CLIMATE REPORT
NATIONAL WEATHER SERVICE MOUNT HOLLY NJ
427 PM EST SUN NOV 19 2017


...................................

...THE ATLANTIC CITY NJ CLIMATE SUMMARY FOR NOVEMBER 19 2017...
VALID TODAY AS OF 0400 PM LOCAL TIME.

CLIMATE NORMAL PERIOD 1981 TO 2010
CLIMATE RECORD PERIOD 1874 TO 2017


WEATHER ITEM   OBSERVED TIME   RECORD YEAR NORMAL DEPARTURE LAST
                VALUE   (LST)  VALUE       VALUE  FROM      YEAR
                                                  NORMAL
..................................................................
TEMPERATURE (F)
 TODAY
  MAXIMUM         63    120 AM  70    1896  55      8       65
                                      1881
  MINIMUM         51    359 PM  18    1936  36     15       35
  AVERAGE         57                        46     11       50

PRECIPITATION (IN)
  TODAY            0.25          1.60 2003   0.11   0.14     0.07
  MONTH TO DATE    1.92                      2.03  -0.11     0.39
  SINCE SEP 1      9.86                      8.60   1.26     8.74
  SINCE JAN 1     48.43                     36.82  11.61    41.04

SNOWFALL (IN)
  TODAY            0.0           T    2016   0.0    0.0       T
                                      1984
  MONTH TO DATE    0.0                       0.0    0.0       T
  SINCE SEP 1      0.0                       0.0    0.0       T
  SINCE JUL 1      0.0                       0.0    0.0       T
  SNOW DEPTH       0

DEGREE DAYS
 HEATING
  TODAY            8                        19    -11       15
  MONTH TO DATE  303                       313    -10      278
  SINCE SEP 1    467                       668   -201      526
  SINCE JUL 1    467                       671   -204      526

 COOLING
  TODAY            0                         0      0        0
  MONTH TO DATE    1                         0      1        3
  SINCE SEP 1    247                       145    102      237
  SINCE JAN 1   1264                      1054    210     1340
..................................................................


WIND (MPH)
  HIGHEST WIND SPEED    35   HIGHEST WIND DIRECTION     W (290)
  HIGHEST GUST SPEED    52   HIGHEST GUST DIRECTION     W (290)
  AVERAGE WIND SPEED    21.0


SKY COVER
  POSSIBLE SUNSHINE  MM
  AVERAGE SKY COVER 0.5


WEATHER CONDITIONS
 THE FOLLOWING WEATHER WAS RECORDED TODAY.
  HEAVY RAIN
  RAIN
  LIGHT RAIN
  FOG


RELATIVE HUMIDITY (PERCENT)
 HIGHEST   100           400 AM
 LOWEST     41           300 PM
 AVERAGE    71

..........................................................


THE ATLANTIC CITY NJ CLIMATE NORMALS FOR TOMORROW
                         NORMAL    RECORD    YEAR
 MAXIMUM TEMPERATURE (F)   55        77      1913
 MINIMUM TEMPERATURE (F)   36        16      1967


SUNRISE AND SUNSET
NOVEMBER 19 2017......SUNRISE   647 AM EST   SUNSET   440 PM EST
NOVEMBER 20 2017......SUNRISE   648 AM EST   SUNSET   440 PM EST


-  INDICATES NEGATIVE NUMBERS.
R  INDICATES RECORD WAS SET OR TIED.
MM INDICATES DATA IS MISSING.
T  INDICATES TRACE AMOUNT.




$$
