000
CDUS41 KPHI 232132
CLIACY


CLIMATE REPORT
NATIONAL WEATHER SERVICE MOUNT HOLLY NJ
530 PM EDT WED JUL 23 2014


...................................

...THE ATLANTIC CITY NJ CLIMATE SUMMARY FOR JULY 23 2014...
VALID TODAY AS OF 0500 PM LOCAL TIME.

CLIMATE NORMAL PERIOD 1981 TO 2010
CLIMATE RECORD PERIOD 1874 TO 2014


WEATHER ITEM   OBSERVED TIME   RECORD YEAR NORMAL DEPARTURE LAST
                VALUE   (LST)  VALUE       VALUE  FROM      YEAR
                                                  NORMAL
..................................................................
TEMPERATURE (F)
 TODAY
  MAXIMUM         87   1239 PM 105    2011  86      1       88
  MINIMUM         68    514 AM  51    1977  67      1       74
                                      1974
  AVERAGE         78                        76      2       81

PRECIPITATION (IN)
  TODAY            0.00          3.33 1945   0.13  -0.13     0.73
  MONTH TO DATE    4.34                      2.72   1.62     2.98
  SINCE JUN 1      5.88                      5.83   0.05    10.51
  SINCE JAN 1     26.06                     23.11   2.95    28.07

SNOWFALL (IN)
  TODAY            0.0           0.0  1903   0.0    0.0      0.0
  MONTH TO DATE    0.0                       0.0    0.0      0.0
  SINCE JUN 1      0.0                       0.0    0.0      0.0
  SINCE JUL 1      0.0                       0.0    0.0      0.0
  SNOW DEPTH       0

DEGREE DAYS
 HEATING
  TODAY            0                         0      0        0
  MONTH TO DATE    0                         0      0        0
  SINCE JUN 1     10                        27    -17        8
  SINCE JUL 1      0                         0      0        0

 COOLING
  TODAY           13                        11      2       16
  MONTH TO DATE  232                       258    -26      369
  SINCE JUN 1    428                       461    -33      580
  SINCE JAN 1    464                       525    -61      674
..................................................................


WIND (MPH)
  HIGHEST WIND SPEED    17   HIGHEST WIND DIRECTION     S (160)
  HIGHEST GUST SPEED    23   HIGHEST GUST DIRECTION     S (160)
  AVERAGE WIND SPEED     7.5


SKY COVER
  POSSIBLE SUNSHINE  MM
  AVERAGE SKY COVER 0.2


WEATHER CONDITIONS
 THE FOLLOWING WEATHER WAS RECORDED TODAY.
  NO SIGNIFICANT WEATHER WAS OBSERVED.


RELATIVE HUMIDITY (PERCENT)
 HIGHEST   100           600 AM
 LOWEST     61          1100 AM
 AVERAGE    81

..........................................................


THE ATLANTIC CITY NJ CLIMATE NORMALS FOR TOMORROW
                         NORMAL    RECORD    YEAR
 MAXIMUM TEMPERATURE (F)   86       100      2011
 MINIMUM TEMPERATURE (F)   67        53      2007


SUNRISE AND SUNSET
JULY 23 2014..........SUNRISE   550 AM EDT   SUNSET   819 PM EDT
JULY 24 2014..........SUNRISE   551 AM EDT   SUNSET   818 PM EDT


-  INDICATES NEGATIVE NUMBERS.
R  INDICATES RECORD WAS SET OR TIED.
MM INDICATES DATA IS MISSING.
T  INDICATES TRACE AMOUNT.




$$
