000
CDUS41 KPHI 162139
CLIACY


CLIMATE REPORT
NATIONAL WEATHER SERVICE MOUNT HOLLY NJ
438 PM EST TUE JAN 16 2018


...................................

...THE ATLANTIC CITY NJ CLIMATE SUMMARY FOR JANUARY 16 2018...
VALID TODAY AS OF 0400 PM LOCAL TIME.

CLIMATE NORMAL PERIOD 1981 TO 2010
CLIMATE RECORD PERIOD 1874 TO 2018


WEATHER ITEM   OBSERVED TIME   RECORD YEAR NORMAL DEPARTURE LAST
                VALUE   (LST)  VALUE       VALUE  FROM      YEAR
                                                  NORMAL
..................................................................
TEMPERATURE (F)
 TODAY
  MAXIMUM         45    155 PM  66    1953  41      4       46
  MINIMUM         24    338 AM  -4    1977  24      0       22
                                      1893
  AVERAGE         35                        33      2       34

PRECIPITATION (IN)
  TODAY            0.00          2.22 1941   0.10  -0.10     0.00
  MONTH TO DATE    1.30                      1.70  -0.40     2.10
  SINCE DEC 1      2.85                      5.39  -2.54     5.39
  SINCE JAN 1      1.30                      1.70  -0.40     2.10

SNOWFALL (IN)
  TODAY            0.0           5.0  1965   0.1   -0.1      0.0
  MONTH TO DATE   14.2                       1.9   12.3      7.0
  SINCE DEC 1     24.2                       5.6   18.6      7.0
  SINCE JUL 1     24.2                       5.8   18.4      7.0
  SNOW DEPTH       0

DEGREE DAYS
 HEATING
  TODAY           30                        32     -2       31
  MONTH TO DATE  610                       510    100      463
  SINCE DEC 1   1521                      1372    149     1277
  SINCE JUL 1   2224                      2279    -55     2024

 COOLING
  TODAY            0                         0      0        0
  MONTH TO DATE    0                         0      0        0
  SINCE DEC 1      0                         0      0        0
  SINCE JAN 1      0                         0      0        0
..................................................................


WIND (MPH)
  HIGHEST WIND SPEED    13   HIGHEST WIND DIRECTION     E (110)
  HIGHEST GUST SPEED    18   HIGHEST GUST DIRECTION     E (110)
  AVERAGE WIND SPEED     5.6


SKY COVER
  POSSIBLE SUNSHINE  MM
  AVERAGE SKY COVER 0.6


WEATHER CONDITIONS
 THE FOLLOWING WEATHER WAS RECORDED TODAY.
  NO SIGNIFICANT WEATHER WAS OBSERVED.


RELATIVE HUMIDITY (PERCENT)
 HIGHEST   100           100 AM
 LOWEST     58          1200 PM
 AVERAGE    79

..........................................................


THE ATLANTIC CITY NJ CLIMATE NORMALS FOR TOMORROW
                         NORMAL    RECORD    YEAR
 MAXIMUM TEMPERATURE (F)   41        63      1990
                                             1973
 MINIMUM TEMPERATURE (F)   24       -10      1977


SUNRISE AND SUNSET
JANUARY 16 2018.......SUNRISE   716 AM EST   SUNSET   500 PM EST
JANUARY 17 2018.......SUNRISE   716 AM EST   SUNSET   501 PM EST


-  INDICATES NEGATIVE NUMBERS.
R  INDICATES RECORD WAS SET OR TIED.
MM INDICATES DATA IS MISSING.
T  INDICATES TRACE AMOUNT.




$$
