000
CDAK48 PAFC 171304
CLIADQ


CLIMATE REPORT
NATIONAL WEATHER SERVICE ANCHORAGE, AK
403 AM AKST SAT FEB 17 2018


...................................

...THE KODIAK CLIMATE SUMMARY FOR FEBRUARY 16 2018...

CLIMATE NORMAL PERIOD 1981 TO 2010
CLIMATE RECORD PERIOD 1913 TO 2018


WEATHER ITEM   OBSERVED TIME   RECORD YEAR NORMAL DEPARTURE LAST
                VALUE   (LST)  VALUE       VALUE  FROM      YEAR
                                                  NORMAL
..................................................................
TEMPERATURE (F)
 YESTERDAY
  MAXIMUM         37    845 PM  52    1986  36      1       37
  MINIMUM         33    849 AM  -8    1982  26      7       27
  AVERAGE         35                        31      4       32

PRECIPITATION (IN)
  YESTERDAY        0.49          1.45 2010   0.21   0.28     0.34
                                      1947
  MONTH TO DATE    4.59                      3.68   0.91     2.50
  SINCE SEP 1     38.05                     43.18  -5.13    35.44
  SINCE JAN 1     10.86                     11.97  -1.11     5.45

SNOWFALL (IN)
  YESTERDAY        4.9           8.0  1984   0.6    4.3      3.4
  MONTH TO DATE    5.2                       8.7   -3.5     12.2
  SINCE SEP 1     16.8                      43.0  -26.2     25.2
  SINCE JUL 1     16.8                      43.0  -26.2     25.2
  SNOW DEPTH       3

DEGREE DAYS
 HEATING
  YESTERDAY       30                        34     -4       33
  MONTH TO DATE  471                       553    -82      552
  SINCE DEC 1   2386                      2672   -286     2717
  SINCE JUL 1   4949                      5467   -518     4919

 COOLING
  YESTERDAY        0                         0      0        0
  MONTH TO DATE    0                         0      0        0
  SINCE DEC 1      0                         0      0        0
  SINCE JAN 1      0                         0      0        0
..................................................................


WIND (MPH)
  RESULTANT WIND SPEED   7   RESULTANT WIND DIRECTION  NW (310)
  HIGHEST WIND SPEED    20   HIGHEST WIND DIRECTION     W (280)
  HIGHEST GUST SPEED    26   HIGHEST GUST DIRECTION     W (270)
  AVERAGE WIND SPEED    10.1



WEATHER CONDITIONS
 THE FOLLOWING WEATHER WAS RECORDED YESTERDAY.
  LIGHT RAIN
  SNOW
  LIGHT SNOW
  FOG


RELATIVE HUMIDITY (PERCENT)
 HIGHEST   100
 LOWEST     64
 AVERAGE    82

..........................................................


THE KODIAK CLIMATE NORMALS FOR TODAY
                         NORMAL    RECORD    YEAR
 MAXIMUM TEMPERATURE (F)   36        48      1942
 MINIMUM TEMPERATURE (F)   26         1      1982


SUNRISE AND SUNSET
FEBRUARY 17 2018......SUNRISE   835 AM AKST  SUNSET   614 PM AKST
FEBRUARY 18 2018......SUNRISE   832 AM AKST  SUNSET   617 PM AKST


-  INDICATES NEGATIVE NUMBERS.
R  INDICATES RECORD WAS SET OR TIED.
MM INDICATES DATA IS MISSING.
T  INDICATES TRACE AMOUNT.




$$
