000
CDAK48 PAFC 031255
CLIADQ

CLIMATE REPORT
NATIONAL WEATHER SERVICE ANCHORAGE, AK
354 AM AKST SAT DEC 3 2016


...................................

...THE KODIAK CLIMATE SUMMARY FOR DECEMBER 2 2016...

CLIMATE NORMAL PERIOD 1981 TO 2010
CLIMATE RECORD PERIOD 1913 TO 2016


WEATHER ITEM   OBSERVED TIME   RECORD YEAR NORMAL DEPARTURE LAST
                VALUE   (LST)  VALUE       VALUE  FROM      YEAR
                                                  NORMAL
..................................................................
TEMPERATURE (F)
 YESTERDAY
  MAXIMUM         34   1215 AM  47    2011  37     -3       37
  MINIMUM         20    721 PM   1    1968  27     -7       33
  AVERAGE         27                        32     -5       35

PRECIPITATION (IN)
  YESTERDAY        T             1.80 2002   0.27  -0.27     0.00
  MONTH TO DATE    0.03                      0.54  -0.51     1.35
  SINCE DEC 1      0.03                      0.54  -0.51     1.35
  SINCE JAN 1     77.21                     69.81   7.40    71.57

SNOWFALL (IN)
  YESTERDAY        T            10.3  1990   0.5   -0.5      0.0
  MONTH TO DATE    0.5                       0.9   -0.4       T
  SINCE DEC 1      0.5                       0.9   -0.4       T
  SINCE JUL 1      2.5                       8.4   -5.9      1.0
  SNOW DEPTH       T

DEGREE DAYS
 HEATING
  YESTERDAY       38                        33      5       30
  MONTH TO DATE   68                        66      2       56
  SINCE DEC 1     68                        66      2       56
  SINCE JUL 1   2270                      2861   -591     2274

 COOLING
  YESTERDAY        0                         0      0        0
  MONTH TO DATE    0                         0      0        0
  SINCE DEC 1      0                         0      0        0
  SINCE JAN 1     29                         1     28        1
..................................................................


WIND (MPH)
  RESULTANT WIND SPEED  34   RESULTANT WIND DIRECTION   W (290)
  HIGHEST WIND SPEED    61   HIGHEST WIND DIRECTION     W (280)
  HIGHEST GUST SPEED    83   HIGHEST GUST DIRECTION     W (280)
  AVERAGE WIND SPEED    34.6



WEATHER CONDITIONS
 THE FOLLOWING WEATHER WAS RECORDED YESTERDAY.
  LIGHT SNOW
  FOG
  HAZE
  BLOWING SNOW


RELATIVE HUMIDITY (PERCENT)
 HIGHEST    89
 LOWEST     35
 AVERAGE    62

..........................................................


THE KODIAK CLIMATE NORMALS FOR TODAY
                         NORMAL    RECORD    YEAR
 MAXIMUM TEMPERATURE (F)   37        48      1947
 MINIMUM TEMPERATURE (F)   27         0      1971


SUNRISE AND SUNSET
DECEMBER  3 2016......SUNRISE   933 AM AKST  SUNSET   427 PM AKST
DECEMBER  4 2016......SUNRISE   935 AM AKST  SUNSET   426 PM AKST

CIVIL TWILIGHT
DECEMBER 3 2016         START    844 AM GMT     END    517 PM GMT
DECEMBER 4 2016         START    845 AM GMT     END    516 PM GMT



-  INDICATES NEGATIVE NUMBERS.
R  INDICATES RECORD WAS SET OR TIED.
MM INDICATES DATA IS MISSING.
T  INDICATES TRACE AMOUNT.




$$
&&
------------------------------------------------------
AMOUNT OF DAYLIGHT TODAY  (HOUR:MIN)........ 6:54
GAIN/LOSS SINCE YESTERDAY (HOUR:MIN:SEC)....-0:02:33
