000
CDAK48 PADQ 270051
CLIADQ


CLIMATE REPORT
NATIONAL WEATHER SERVICE ANCHORAGE, AK
448 PM AKDT FRI MAY 26 2017


...................................

...THE KODIAK CLIMATE SUMMARY FOR MAY 26 2017...
VALID TODAY AS OF 0400 PM LOCAL TIME.

CLIMATE NORMAL PERIOD 1981 TO 2010
CLIMATE RECORD PERIOD 1913 TO 2017


WEATHER ITEM   OBSERVED TIME   RECORD YEAR NORMAL DEPARTURE LAST
                VALUE   (LST)  VALUE       VALUE  FROM      YEAR
                                                  NORMAL
..................................................................
TEMPERATURE (F)
 TODAY
  MAXIMUM         49    243 PM  74    2006  52     -3       56
  MINIMUM         32R   512 AM  34    1984  41     -9       39
                                      1939
  AVERAGE         41                        46     -5       48

PRECIPITATION (IN)
  TODAY            0.01          1.24 1982   0.19  -0.18     0.00
  MONTH TO DATE    6.37                      4.61   1.76     2.63
  SINCE MAR 1     14.42                     15.95  -1.53    18.87
  SINCE JAN 1     19.96                     30.38 -10.42    41.47

SNOWFALL (IN)
  TODAY            0.0          MM      MM   0.0    0.0      0.0
  MONTH TO DATE    0.0                       0.2   -0.2      0.0
  SINCE MAR 1      2.6                      19.5  -16.9      3.6
  SINCE JUL 1     28.4                      68.9  -40.5     20.6
  SNOW DEPTH       0

DEGREE DAYS
 HEATING
  TODAY           24                        19      5       17
  MONTH TO DATE  503                       550    -47      402
  SINCE MAR 1   2363                      2370     -7     1534
  SINCE JUL 1   7704                      8242   -538     6042

 COOLING
  TODAY            0                         0      0        0
  MONTH TO DATE    0                         0      0        0
  SINCE MAR 1      0                         0      0        0
  SINCE JAN 1      0                         0      0        0
..................................................................


WIND (MPH)
  RESULTANT WIND SPEED   3   RESULTANT WIND DIRECTION   S (200)
  HIGHEST WIND SPEED    17   HIGHEST WIND DIRECTION     S (160)
  HIGHEST GUST SPEED    23   HIGHEST GUST DIRECTION    SE (150)
  AVERAGE WIND SPEED     7.5



WEATHER CONDITIONS
 THE FOLLOWING WEATHER WAS RECORDED TODAY.
  LIGHT RAIN


RELATIVE HUMIDITY (PERCENT)
 HIGHEST    92
 LOWEST     60
 AVERAGE    76

..........................................................


THE KODIAK CLIMATE NORMALS FOR TOMORROW
                         NORMAL    RECORD    YEAR
 MAXIMUM TEMPERATURE (F)   52        75      2006
 MINIMUM TEMPERATURE (F)   41        29      1914


SUNRISE AND SUNSET
MAY 26 2017...........SUNRISE   527 AM AKDT  SUNSET  1049 PM AKDT
MAY 27 2017...........SUNRISE   525 AM AKDT  SUNSET  1051 PM AKDT


-  INDICATES NEGATIVE NUMBERS.
R  INDICATES RECORD WAS SET OR TIED.
MM INDICATES DATA IS MISSING.
T  INDICATES TRACE AMOUNT.




$$
