000
CDAK48 PADQ 251129
CLIADQ

CLIMATE REPORT
NATIONAL WEATHER SERVICE KODIAK, AK
329 AM AKDT THU AUG 25 2016

...................................
...THE KODIAK AP CLIMATE SUMMARY FOR AUGUST 24 2016...

CLIMATE NORMAL PERIOD  1981 TO  2010
CLIMATE RECORD PERIOD  1913 TO  2016

WEATHER ITEM   OBSERVED TIME    RECORD YEAR NORMAL DEPARTURE LAST
               VALUE    (LST)   VALUE       VALUE  FROM      YEAR
                                                   NORMAL
...................................................................
TEMPERATURE
YESTERDAY
 MAXIMUM            65  0509 PM    78  1959     61       4     72
 MINIMUM            56  0533 AM    39  2009     48       8     51
 AVERAGE            61                          55       6     62

PRECIPITATION
(INCHES)
 YESTERDAY        0.09           1.90  1950   0.16   -0.07   0.00
 MONTH TO DATE    2.99                        3.39   -0.40   1.85
 SINCE JUN 1      8.93                       14.23   -5.30   8.25
 SINCE JAN 1     51.71                       45.62    6.09  47.37

SNOWFALL
(INCHES)
 YESTERDAY         0.0            0.0  2016    0.0     0.0    0.0
 MONTH TO DATE     0.0                         0.0     0.0    0.0
 SINCE JUN 1       0.0                         0.0     0.0    0.0
 SINCE JUL 1       0.0                         0.0     0.0    0.0
 SNOW DEPTH (IN)     0                                          0

DEGREE DAYS
 HEATING
  YESTERDAY          4                          10      -6      3
  MONTH TO DATE    164                         226     -62    134
  SINCE JUN 1      661                        1013    -352    672
  SINCE JUL 1      335                         552    -217    361

 COOLING
  YESTERDAY          0                           0       0      0
  MONTH TO DATE      0                           0       0      0
  SINCE JUN 1       20                           0      20      1
  SINCE JAN 1       20                           0      20      1
...................................................................

WIND (MPH)
 HIGHEST WIND SPEED    17     HIGHEST WIND DIRECTION    160
 HIGHEST GUST SPEED    21     HIGHEST GUST DIRECTION    150
 AVERAGE WIND SPEED   8.4

SKY COVER
  POSSIBLE SUNSHINE    MM          AVERAGE SKY COVER     MM

WEATHER CONDITIONS
 THE FOLLOWING WEATHER WAS RECORDED YESTERDAY.
  FOG
RAIN


RELATIVE HUMIDITY
 HIGHEST RH     MM PERCENT       MM
 LOWEST  RH     MM PERCENT       MM
 AVERAGE RH     MM PERCENT       MM
...................................................................

THE KODIAK CLIMATE NORMALS FOR TODAY
                           NORMAL    RECORD   YEAR
 MAXIMUM TEMPERATURE (F)     61        80     1959
 MINIMUM TEMPERATURE (F)     48        39     2009

SUNRISE AND SUNSET
 AUG 25 2016..........SUNRISE  6:58 AM      SUNSET  9:26 PM
 AUG 26 2016..........SUNRISE  7:00 AM      SUNSET  9:23 PM

-  INDICATES NEGATIVE NUMBERS.
R  INDICATES RECORD HAS BEEN SET OR TIED.
MM INDICATES DATA IS MISSING.
T  INDICATES TRACE OF PRECIPITATION.

&&
-------------------------------------------------------------------

AMOUNT OF DAYLIGHT TODAY  (HOUR:MIN)........14 HOURS 28 MINUTES
GAIN/LOSS SINCE YESTERDAY (HOUR:MIN:SEC)....-0:04:49

$$
LRM AUG 16
