000
CDAK48 PADQ 232236
CLIADQ

CLIMATE REPORT
NATIONAL WEATHER SERVICE KODIAK, AK
236 PM AKDT WED JUL 23 2014

...................................
...THE KODIAK AP CLIMATE SUMMARY FOR JULY 23 2014...
VALID TODAY AS OF 2:00 PM LOCAL TIME

CLIMATE NORMAL PERIOD  1981 TO  2010
CLIMATE RECORD PERIOD  1949 TO  2014

WEATHER ITEM   OBSERVED TIME    RECORD YEAR NORMAL DEPARTURE LAST
               VALUE    (LST)   VALUE       VALUE  FROM      YEAR
                                                   NORMAL
...................................................................
TEMPERATURE
TODAY
 MAXIMUM            63  1006 AM    81  1967     61       2     73
 MINIMUM            56  0622 AM    43  1990     50       6     50
 AVERAGE            60                          55       5     62

PRECIPITATION
(INCHES)
 TODAY               T           1.84  1968   0.16   -0.16   0.00
 MONTH TO DATE    2.11                        3.74   -1.63   1.04
 SINCE JUN 1      8.33                        9.65   -1.32   5.15
 SINCE JAN 1     41.86                       41.04    0.82  30.59

SNOWFALL
(INCHES)
 TODAY             0.0            0.0  2014    0.0     0.0    0.0
 MONTH TO DATE     0.0                         0.0     0.0    0.0
 SINCE JUN 1       0.0                         0.0     0.0    0.0
 SINCE JUL 1       0.0                         0.0     0.0    0.0
 SNOW DEPTH (IN)     0                                          0

DEGREE DAYS
 HEATING
  TODAY              5                          10      -5      3
  MONTH TO DATE    173                         252     -79    172
  SINCE JUN 1      595                         713    -118    503
  SINCE JUL 1      173                         252     -79    172

 COOLING
  TODAY              0                           0       0      0
  MONTH TO DATE      0                           0       0      3
  SINCE JUN 1        0                           0       0      6
  SINCE JAN 1        4                           0       4      6
...................................................................

WIND (MPH)
 HIGHEST WIND SPEED    14     HIGHEST WIND DIRECTION    280
 HIGHEST GUST SPEED    33     HIGHEST GUST DIRECTION     90
 AVERAGE WIND SPEED    MM

SKY COVER
  POSSIBLE SUNSHINE  MM            AVERAGE SKY COVER MM

WEATHER CONDITIONS
 THE FOLLOWING WEATHER WAS RECORDED TODAY.
RAIN


RELATIVE HUMIDITY
 HIGHEST RH     MM PERCENT       MM
 LOWEST  RH     MM PERCENT       MM
 AVERAGE RH     MM PERCENT       MM
...................................................................

THE KODIAK CLIMATE NORMALS FOR TOMORROW
                        NORMAL    RECORD   YEAR
 MAXIMUM TEMPERATURE      61        73     2013
 MINIMUM TEMPERATURE      50        42     1971

SUNRISE AND SUNSET
 JUL 23 2014..........SUNRISE  5:48 AM      SUNSET 10:45 PM
 JUL 24 2014..........SUNRISE  5:50 AM      SUNSET 10:43 PM

-  INDICATES NEGATIVE NUMBERS.
R  INDICATES RECORD HAS BEEN SET OR TIED.
MM INDICATES DATA IS MISSING.
T  INDICATES TRACE OF PRECIPITATION.

&&
-------------------------------------------------------------------

AMOUNT OF DAYLIGHT TODAY  (HOUR:MIN)........16 HOURS 57 MINUTES
GAIN/LOSS SINCE YESTERDAY (HOUR:MIN:SEC)....-0:03:44

$$
*** JUL 14
