000
CDAK48 PADQ 162220
CLIADQ

CLIMATE REPORT
NATIONAL WEATHER SERVICE KODIAK, AK
220 PM AKDT TUE SEP 16 2014

...................................
...THE KODIAK AP CLIMATE SUMMARY FOR SEPTEMBER 16 2014...
VALID TODAY AS OF 2:00 PM LOCAL TIME

CLIMATE NORMAL PERIOD  1981 TO  2010
CLIMATE RECORD PERIOD  1949 TO  2014

WEATHER ITEM   OBSERVED TIME    RECORD YEAR NORMAL DEPARTURE LAST
               VALUE    (LST)   VALUE       VALUE  FROM      YEAR
                                                   NORMAL
...................................................................
TEMPERATURE
TODAY
 MAXIMUM            54  1227 PM    69  1954     56      -2     62
 MINIMUM            41  0600 AM    32  1996     43      -2     43
 AVERAGE            48                          49      -1     53

PRECIPITATION
(INCHES)
 TODAY            0.01           2.26  2009   0.25   -0.24   0.00
 MONTH TO DATE    6.21                        3.49    2.72   4.89
 SINCE SEP 1      6.21                        3.49    2.72   4.89
 SINCE JAN 1     55.44                       50.28    5.16  44.80

SNOWFALL
(INCHES)
 TODAY             0.0            3.0  1996    0.0     0.0    0.0
 MONTH TO DATE     0.0                         0.0     0.0    0.0
 SINCE SEP 1       0.0                         0.0     0.0    0.0
 SINCE JUL 1       0.0                         0.0     0.0    0.0
 SNOW DEPTH (IN)     0                                          0

DEGREE DAYS
 HEATING
  TODAY             17                          16       1     12
  MONTH TO DATE    154                         217     -63    176
  SINCE SEP 1      154                         217     -63    176
  SINCE JUL 1      655                         847    -192    655

 COOLING
  TODAY              0                           0       0      0
  MONTH TO DATE      0                           0       0      0
  SINCE SEP 1        0                           0       0      0
  SINCE JAN 1        4                           0       4      6
...................................................................

WIND (MPH)
 HIGHEST WIND SPEED    14     HIGHEST WIND DIRECTION    100
 HIGHEST GUST SPEED    16     HIGHEST GUST DIRECTION    100
 AVERAGE WIND SPEED    MM

SKY COVER
  POSSIBLE SUNSHINE  MM            AVERAGE SKY COVER MM

WEATHER CONDITIONS
 THE FOLLOWING WEATHER WAS RECORDED TODAY.
FOG
RAIN


RELATIVE HUMIDITY
 HIGHEST RH     MM PERCENT       MM
 LOWEST  RH     MM PERCENT       MM
 AVERAGE RH     MM PERCENT       MM
...................................................................

THE KODIAK CLIMATE NORMALS FOR TOMORROW
                        NORMAL    RECORD   YEAR
 MAXIMUM TEMPERATURE      55        71     1954
 MINIMUM TEMPERATURE      43        32     1971

SUNRISE AND SUNSET
 SEP 16 2014..........SUNRISE  7:43 AM      SUNSET  8:26 PM
 SEP 17 2014..........SUNRISE  7:45 AM      SUNSET  8:23 PM

-  INDICATES NEGATIVE NUMBERS.
R  INDICATES RECORD HAS BEEN SET OR TIED.
MM INDICATES DATA IS MISSING.
T  INDICATES TRACE OF PRECIPITATION.

&&
-------------------------------------------------------------------

AMOUNT OF DAYLIGHT TODAY  (HOUR:MIN)........12 HOURS 43 MINUTES
GAIN/LOSS SINCE YESTERDAY (HOUR:MIN:SEC)....-0:04:55

$$
*** SEP 14
