000
CDUS44 KLCH 110833
CLIAEX


CLIMATE REPORT
NATIONAL WEATHER SERVICE LAKE CHARLES, LA
232 AM CST SUN DEC 11 2016


...................................

...THE ALEXANDRIA CLIMATE SUMMARY FOR DECEMBER 10 2016...

CLIMATE NORMAL PERIOD 1981 TO 2010
CLIMATE RECORD PERIOD 1892 TO 2016


WEATHER ITEM   OBSERVED TIME   RECORD YEAR NORMAL DEPARTURE LAST
                VALUE   (LST)  VALUE       VALUE  FROM      YEAR
                                                  NORMAL
..................................................................
TEMPERATURE (F)
 YESTERDAY
  MAXIMUM         53    406 PM  83    2007  61     -8       76
  MINIMUM         28    710 AM  20    1917  41    -13       51
  AVERAGE         41                        51    -10       64

PRECIPITATION (IN)
  YESTERDAY        0.00          1.84 1932   0.26  -0.26     0.00
  MONTH TO DATE    7.57                      2.56   5.01     0.20
  SINCE DEC 1      7.57                      2.56   5.01     0.20
  SINCE JAN 1     54.54                     52.36   2.18    55.32

SNOWFALL (IN)
  YESTERDAY        0.0           1.0  1898  MM     MM        0.0
  MONTH TO DATE    0.0                      MM     MM        0.0
  SINCE DEC 1      0.0                      MM     MM        0.0
  SINCE JUL 1      0.0                      MM     MM        0.0
  SNOW DEPTH       0

DEGREE DAYS
 HEATING
  YESTERDAY       24                        15      9        1
  MONTH TO DATE  170                       139     31      109
  SINCE DEC 1    170                       139     31      109
  SINCE JUL 1    345                       464   -119      260
..................................................................


WIND (MPH)
  HIGHEST WIND SPEED    13   HIGHEST WIND DIRECTION    SE (140)
  HIGHEST GUST SPEED    16   HIGHEST GUST DIRECTION     E (100)
  AVERAGE WIND SPEED     4.9


SKY COVER
  POSSIBLE SUNSHINE  MM
  AVERAGE SKY COVER 0.1


WEATHER CONDITIONS
 THE FOLLOWING WEATHER WAS RECORDED YESTERDAY.
  NO SIGNIFICANT WEATHER WAS OBSERVED.


RELATIVE HUMIDITY (PERCENT)
 HIGHEST    92           600 AM
 LOWEST     24           400 PM
 AVERAGE    58

..........................................................


THE ALEXANDRIA CLIMATE NORMALS FOR TODAY
                         NORMAL    RECORD    YEAR
 MAXIMUM TEMPERATURE (F)   61        82      2015
                                             2007
 MINIMUM TEMPERATURE (F)   41        20      1898


SUNRISE AND SUNSET
DECEMBER 11 2016......SUNRISE   659 AM CST   SUNSET   508 PM CST
DECEMBER 12 2016......SUNRISE   700 AM CST   SUNSET   508 PM CST


-  INDICATES NEGATIVE NUMBERS.
R  INDICATES RECORD WAS SET OR TIED.
MM INDICATES DATA IS MISSING.
T  INDICATES TRACE AMOUNT.




$$
