000
CDUS44 KLCH 202204
CLIAEX


CLIMATE REPORT
NATIONAL WEATHER SERVICE LAKE CHARLES, LA
404 PM CST MON NOV 20 2017


...................................

...THE ALEXANDRIA CLIMATE SUMMARY FOR NOVEMBER 20 2017...
VALID TODAY AS OF 0400 PM LOCAL TIME.

CLIMATE NORMAL PERIOD 1981 TO 2010
CLIMATE RECORD PERIOD 1892 TO 2017


WEATHER ITEM   OBSERVED TIME   RECORD YEAR NORMAL DEPARTURE LAST
                VALUE   (LST)  VALUE       VALUE  FROM      YEAR
                                                  NORMAL
..................................................................
TEMPERATURE (F)
 TODAY
  MAXIMUM         61    356 PM  88    1963  67     -6       62
  MINIMUM         33    529 AM  22    1951  44    -11       31
  AVERAGE         47                        56     -9       47

PRECIPITATION (IN)
  TODAY            0.00          3.77 1931   0.21  -0.21     0.00
  MONTH TO DATE    1.69                      3.09  -1.40     0.53
  SINCE SEP 1      2.25                     11.17  -8.92     4.22
  SINCE JAN 1     45.48                     47.40  -1.92    44.96

SNOWFALL (IN)
  TODAY            0.0           0.0    MM  MM     MM        0.0
  MONTH TO DATE    0.0                      MM     MM        0.0
  SINCE SEP 1      0.0                      MM     MM        0.0
  SINCE JUL 1      0.0                      MM     MM        0.0
  SNOW DEPTH       0

DEGREE DAYS
 HEATING
  TODAY           18                        10      8       18
  MONTH TO DATE   82                       139    -57       72
  SINCE SEP 1    155                       212    -57       91
  SINCE JUL 1    155                       212    -57       91
..................................................................


WIND (MPH)
  HIGHEST WIND SPEED     9   HIGHEST WIND DIRECTION    SW (220)
  HIGHEST GUST SPEED    13   HIGHEST GUST DIRECTION     S (170)
  AVERAGE WIND SPEED     2.6


SKY COVER
  POSSIBLE SUNSHINE  MM
  AVERAGE SKY COVER 0.0


WEATHER CONDITIONS
 THE FOLLOWING WEATHER WAS RECORDED TODAY.
  FOG
  HAZE


RELATIVE HUMIDITY (PERCENT)
 HIGHEST    96           600 AM
 LOWEST     26           100 PM
 AVERAGE    61

..........................................................


THE ALEXANDRIA CLIMATE NORMALS FOR TOMORROW
                         NORMAL    RECORD    YEAR
 MAXIMUM TEMPERATURE (F)   67        84      2007
                                             1942
                                             1900
 MINIMUM TEMPERATURE (F)   44        27      2006


SUNRISE AND SUNSET
NOVEMBER 20 2017......SUNRISE   642 AM CST   SUNSET   509 PM CST
NOVEMBER 21 2017......SUNRISE   643 AM CST   SUNSET   509 PM CST


-  INDICATES NEGATIVE NUMBERS.
R  INDICATES RECORD WAS SET OR TIED.
MM INDICATES DATA IS MISSING.
T  INDICATES TRACE AMOUNT.




$$
