000
CDUS44 KLCH 242303
CLIAEX


CLIMATE REPORT
NATIONAL WEATHER SERVICE LAKE CHARLES, LA
502 PM CST TUE JAN 24 2017


...................................

...THE ALEXANDRIA CLIMATE SUMMARY FOR JANUARY 24 2017...
VALID TODAY AS OF 0500 PM LOCAL TIME.

CLIMATE NORMAL PERIOD 1981 TO 2010
CLIMATE RECORD PERIOD 1892 TO 2017


WEATHER ITEM   OBSERVED TIME   RECORD YEAR NORMAL DEPARTURE LAST
                VALUE   (LST)  VALUE       VALUE  FROM      YEAR
                                                  NORMAL
..................................................................
TEMPERATURE (F)
 TODAY
  MAXIMUM         72    359 PM  81    1950  60     12       58
  MINIMUM         42    515 AM   4    1948  38      4       27
  AVERAGE         57                        49      8       43

PRECIPITATION (IN)
  TODAY            0.00          4.80 1920   0.18  -0.18     0.00
  MONTH TO DATE    5.77                      3.83   1.94     2.83
  SINCE DEC 1     14.82                      9.95   4.87    10.89
  SINCE JAN 1      5.77                      3.83   1.94     2.83

SNOWFALL (IN)
  TODAY            0.0           T    1960  MM     MM        0.0
                                      1957
  MONTH TO DATE    0.5                      MM     MM        0.0
  SINCE DEC 1      0.5                      MM     MM        0.0
  SINCE JUL 1      0.5                      MM     MM        0.0
  SNOW DEPTH       0

DEGREE DAYS
 HEATING
  TODAY            8                        16     -8       22
  MONTH TO DATE  208                       384   -176      427
  SINCE DEC 1    579                       848   -269      674
  SINCE JUL 1    754                      1173   -419      825
..................................................................


WIND (MPH)
  HIGHEST WIND SPEED    22   HIGHEST WIND DIRECTION     S (180)
  HIGHEST GUST SPEED    26   HIGHEST GUST DIRECTION     S (190)
  AVERAGE WIND SPEED     8.1


SKY COVER
  POSSIBLE SUNSHINE  MM
  AVERAGE SKY COVER 0.1


WEATHER CONDITIONS
 THE FOLLOWING WEATHER WAS RECORDED TODAY.
  NO SIGNIFICANT WEATHER WAS OBSERVED.


RELATIVE HUMIDITY (PERCENT)
 HIGHEST   100           200 AM
 LOWEST     40           100 PM
 AVERAGE    70

..........................................................


THE ALEXANDRIA CLIMATE NORMALS FOR TOMORROW
                         NORMAL    RECORD    YEAR
 MAXIMUM TEMPERATURE (F)   60        81      1950
                                             1895
 MINIMUM TEMPERATURE (F)   38        11      1963


SUNRISE AND SUNSET
JANUARY 24 2017.......SUNRISE   707 AM CST   SUNSET   538 PM CST
JANUARY 25 2017.......SUNRISE   706 AM CST   SUNSET   539 PM CST


-  INDICATES NEGATIVE NUMBERS.
R  INDICATES RECORD WAS SET OR TIED.
MM INDICATES DATA IS MISSING.
T  INDICATES TRACE AMOUNT.




$$
