000
CDUS44 KLCH 242220
CLIAEX


CLIMATE REPORT
NATIONAL WEATHER SERVICE LAKE CHARLES, LA
520 PM CDT MON APR 24 2017


...................................

...THE ALEXANDRIA CLIMATE SUMMARY FOR APRIL 24 2017...
VALID TODAY AS OF 0500 PM LOCAL TIME.

CLIMATE NORMAL PERIOD 1981 TO 2010
CLIMATE RECORD PERIOD 1892 TO 2017


WEATHER ITEM   OBSERVED TIME   RECORD YEAR NORMAL DEPARTURE LAST
                VALUE   (LST)  VALUE       VALUE  FROM      YEAR
                                                  NORMAL
..................................................................
TEMPERATURE (F)
 TODAY
  MAXIMUM         80    345 PM  92    1925  80      0       82
                                      1923
  MINIMUM         45    544 AM  42    1910  57    -12       55
  AVERAGE         63                        69     -6       69

PRECIPITATION (IN)
  TODAY            0.00          2.65 1937   0.12  -0.12     0.00
  MONTH TO DATE    9.83                      3.85   5.98     2.71
  SINCE MAR 1     11.98                      8.90   3.08    11.46
  SINCE JAN 1     19.69                     18.58   1.11    17.94

SNOWFALL (IN)
  TODAY            0.0           0.0    MM  MM     MM        0.0
  MONTH TO DATE    0.0                      MM     MM        0.0
  SINCE MAR 1      0.0                      MM     MM        0.0
  SINCE JUL 1      0.5                      MM     MM        0.0
  SNOW DEPTH       0

DEGREE DAYS
 HEATING
  TODAY            2                         1      1        0
  MONTH TO DATE   16                        62    -46       26
  SINCE MAR 1    145                       277   -132      125
  SINCE JUL 1   1121                      1942   -821     1325

 COOLING
  TODAY            0                         4     -4        4
  MONTH TO DATE  116                        74     42       62
  SINCE MAR 1    221                       110    111      116
  SINCE JAN 1    303                       127    176      124
..................................................................


WIND (MPH)
  HIGHEST WIND SPEED    13   HIGHEST WIND DIRECTION    NW (300)
  HIGHEST GUST SPEED    17   HIGHEST GUST DIRECTION    NW (310)
  AVERAGE WIND SPEED     4.3


SKY COVER
  POSSIBLE SUNSHINE  MM
  AVERAGE SKY COVER 0.0


WEATHER CONDITIONS
 THE FOLLOWING WEATHER WAS RECORDED TODAY.
  FOG


RELATIVE HUMIDITY (PERCENT)
 HIGHEST   100          1200 AM
 LOWEST     28           300 PM
 AVERAGE    64

..........................................................


THE ALEXANDRIA CLIMATE NORMALS FOR TOMORROW
                         NORMAL    RECORD    YEAR
 MAXIMUM TEMPERATURE (F)   81        93      1925
 MINIMUM TEMPERATURE (F)   57        32      1910


SUNRISE AND SUNSET
APRIL 24 2017.........SUNRISE   632 AM CDT   SUNSET   745 PM CDT
APRIL 25 2017.........SUNRISE   631 AM CDT   SUNSET   746 PM CDT


-  INDICATES NEGATIVE NUMBERS.
R  INDICATES RECORD WAS SET OR TIED.
MM INDICATES DATA IS MISSING.
T  INDICATES TRACE AMOUNT.




$$
