000
CDUS44 KLCH 260813
CLIAEX


CLIMATE REPORT
NATIONAL WEATHER SERVICE LAKE CHARLES, LA
312 AM CDT FRI MAY 26 2017


...................................

...THE ALEXANDRIA CLIMATE SUMMARY FOR MAY 25 2017...

CLIMATE NORMAL PERIOD 1981 TO 2010
CLIMATE RECORD PERIOD 1892 TO 2017


WEATHER ITEM   OBSERVED TIME   RECORD YEAR NORMAL DEPARTURE LAST
                VALUE   (LST)  VALUE       VALUE  FROM      YEAR
                                                  NORMAL
..................................................................
TEMPERATURE (F)
 YESTERDAY
  MAXIMUM         86    343 PM  96    1898  87     -1       92
                                      1896
  MINIMUM         53    542 AM  52    1913  66    -13       73
  AVERAGE         70                        76     -6       83

PRECIPITATION (IN)
  YESTERDAY        0.00          1.97 1971   0.18  -0.18     0.00
  MONTH TO DATE    1.70                      3.80  -2.10     1.75
  SINCE MAR 1     14.75                     13.40   1.35    13.95
  SINCE JAN 1     22.46                     23.08  -0.62    20.43

DEGREE DAYS
 COOLING
  YESTERDAY        5                        12     -7       18
  MONTH TO DATE  158                       221    -63      189
  SINCE MAR 1    420                       363     57      377
  SINCE JAN 1    502                       380    122      385
..................................................................


WIND (MPH)
  HIGHEST WIND SPEED    24   HIGHEST WIND DIRECTION     W (290)
  HIGHEST GUST SPEED    33   HIGHEST GUST DIRECTION     W (280)
  AVERAGE WIND SPEED     7.6


SKY COVER
  POSSIBLE SUNSHINE  MM
  AVERAGE SKY COVER 0.0


WEATHER CONDITIONS
 THE FOLLOWING WEATHER WAS RECORDED YESTERDAY.
  NO SIGNIFICANT WEATHER WAS OBSERVED.


RELATIVE HUMIDITY (PERCENT)
 HIGHEST   100           200 AM
 LOWEST     46          1000 AM
 AVERAGE    73

..........................................................


THE ALEXANDRIA CLIMATE NORMALS FOR TODAY
                         NORMAL    RECORD    YEAR
 MAXIMUM TEMPERATURE (F)   87        96      1912
                                             1902
 MINIMUM TEMPERATURE (F)   66        49      1979


SUNRISE AND SUNSET
MAY 26 2017...........SUNRISE   608 AM CDT   SUNSET   807 PM CDT
MAY 27 2017...........SUNRISE   608 AM CDT   SUNSET   807 PM CDT


-  INDICATES NEGATIVE NUMBERS.
R  INDICATES RECORD WAS SET OR TIED.
MM INDICATES DATA IS MISSING.
T  INDICATES TRACE AMOUNT.




$$
