000
CDUS44 KLCH 280841
CLIAEX


CLIMATE REPORT
NATIONAL WEATHER SERVICE LAKE CHARLES, LA
239 AM CST TUE FEB 28 2017


...................................

...THE ALEXANDRIA CLIMATE SUMMARY FOR FEBRUARY 27 2017...

CLIMATE NORMAL PERIOD 1981 TO 2010
CLIMATE RECORD PERIOD 1892 TO 2017


WEATHER ITEM   OBSERVED TIME   RECORD YEAR NORMAL DEPARTURE LAST
                VALUE   (LST)  VALUE       VALUE  FROM      YEAR
                                                  NORMAL
..................................................................
TEMPERATURE (F)
 YESTERDAY
  MAXIMUM         77    437 PM  85    1986  66     11       67
  MINIMUM         59    420 AM  21    2002  44     15       33
  AVERAGE         68                        55     13       50

PRECIPITATION (IN)
  YESTERDAY        0.03          2.65 1923   0.16  -0.13     0.00
  MONTH TO DATE    1.94                      4.30  -2.36     2.70
  SINCE DEC 1     16.76                     15.64   1.12    14.54
  SINCE JAN 1      7.71                      9.52  -1.81     6.48

SNOWFALL (IN)
  YESTERDAY        0.0           0.0    MM  MM     MM        0.0
  MONTH TO DATE    0.0                      MM     MM        0.0
  SINCE DEC 1      0.5                      MM     MM        0.0
  SINCE JUL 1      0.5                      MM     MM        0.0
  SNOW DEPTH       0

DEGREE DAYS
 HEATING
  YESTERDAY        0                        11    -11       15
  MONTH TO DATE  136                       364   -228      289
  SINCE DEC 1    801                      1330   -529     1042
  SINCE JUL 1    976                      1655   -679     1193
..................................................................


WIND (MPH)
  HIGHEST WIND SPEED    18   HIGHEST WIND DIRECTION     S (170)
  HIGHEST GUST SPEED    24   HIGHEST GUST DIRECTION     S (170)
  AVERAGE WIND SPEED     8.3


SKY COVER
  POSSIBLE SUNSHINE  MM
  AVERAGE SKY COVER 0.8


WEATHER CONDITIONS
 THE FOLLOWING WEATHER WAS RECORDED YESTERDAY.
  LIGHT RAIN
  FOG
  HAZE


RELATIVE HUMIDITY (PERCENT)
 HIGHEST    90           500 AM
 LOWEST     68           300 PM
 AVERAGE    79

..........................................................


THE ALEXANDRIA CLIMATE NORMALS FOR TODAY
                         NORMAL    RECORD    YEAR
 MAXIMUM TEMPERATURE (F)   67        88      1932
 MINIMUM TEMPERATURE (F)   44        23      2002


SUNRISE AND SUNSET
FEBRUARY 28 2017......SUNRISE   638 AM CST   SUNSET   608 PM CST
MARCH  1 2017.........SUNRISE   637 AM CST   SUNSET   609 PM CST


-  INDICATES NEGATIVE NUMBERS.
R  INDICATES RECORD WAS SET OR TIED.
MM INDICATES DATA IS MISSING.
T  INDICATES TRACE AMOUNT.




$$
