000
CDUS44 KLCH 202205
CLIAEX


CLIMATE REPORT
NATIONAL WEATHER SERVICE LAKE CHARLES, LA
405 PM CST THU NOV 20 2014


...................................

...THE ALEXANDRIA CLIMATE SUMMARY FOR NOVEMBER 20 2014...
VALID TODAY AS OF 0400 PM LOCAL TIME.

CLIMATE NORMAL PERIOD 1981 TO 2010
CLIMATE RECORD PERIOD 1892 TO 2014


WEATHER ITEM   OBSERVED TIME   RECORD YEAR NORMAL DEPARTURE LAST
                VALUE   (LST)  VALUE       VALUE  FROM      YEAR
                                                  NORMAL
..................................................................
TEMPERATURE (F)
 TODAY
  MAXIMUM         72    258 PM  88    1963  67      5       71
  MINIMUM         42    656 AM  22    1951  44     -2       37
  AVERAGE         57                        56      1       54

PRECIPITATION (IN)
  TODAY            0.00          3.77 1931   0.21  -0.21     0.00
  MONTH TO DATE    2.89                      3.09  -0.20     0.25
  SINCE SEP 1      8.31                     11.17  -2.86    10.53
  SINCE JAN 1     39.66                     47.40  -7.74    48.12

SNOWFALL (IN)
  TODAY            0.0           0.0    MM  MM     MM        0.0
  MONTH TO DATE    0.0                      MM     MM        0.0
  SINCE SEP 1      0.0                      MM     MM        0.0
  SINCE JUL 1      0.0                      MM     MM        0.0
  SNOW DEPTH       0

DEGREE DAYS
 HEATING
  TODAY            8                        10     -2       11
  MONTH TO DATE  275                       139    136      144
  SINCE SEP 1    310                       212     98      187
  SINCE JUL 1    310                       212     98      187
..................................................................


WIND (MPH)
  HIGHEST WIND SPEED    13   HIGHEST WIND DIRECTION    SE (140)
  HIGHEST GUST SPEED    17   HIGHEST GUST DIRECTION    SE (150)
  AVERAGE WIND SPEED     5.3


SKY COVER
  POSSIBLE SUNSHINE  MM
  AVERAGE SKY COVER 0.5


WEATHER CONDITIONS
 THE FOLLOWING WEATHER WAS RECORDED TODAY.
  FOG


RELATIVE HUMIDITY (PERCENT)
 HIGHEST   100           500 AM
 LOWEST     49           200 PM
 AVERAGE    75

..........................................................


THE ALEXANDRIA CLIMATE NORMALS FOR TOMORROW
                         NORMAL    RECORD    YEAR
 MAXIMUM TEMPERATURE (F)   67        84      2007
                                             1942
                                             1900
 MINIMUM TEMPERATURE (F)   44        27      2006


SUNRISE AND SUNSET
NOVEMBER 20 2014......SUNRISE   642 AM CST   SUNSET   509 PM CST
NOVEMBER 21 2014......SUNRISE   643 AM CST   SUNSET   509 PM CST


-  INDICATES NEGATIVE NUMBERS.
R  INDICATES RECORD WAS SET OR TIED.
MM INDICATES DATA IS MISSING.
T  INDICATES TRACE AMOUNT.




$$
