000
CDUS44 KLCH 280838
CLIAEX


CLIMATE REPORT
NATIONAL WEATHER SERVICE LAKE CHARLES, LA
337 AM CDT THU MAY 28 2015


...................................

...THE ALEXANDRIA CLIMATE SUMMARY FOR MAY 27 2015...

CLIMATE NORMAL PERIOD 1981 TO 2010
CLIMATE RECORD PERIOD 1892 TO 2015


WEATHER ITEM   OBSERVED TIME   RECORD YEAR NORMAL DEPARTURE LAST
                VALUE   (LST)  VALUE       VALUE  FROM      YEAR
                                                  NORMAL
..................................................................
TEMPERATURE (F)
 YESTERDAY
  MAXIMUM         84    441 PM  95    1964  88     -4       81
                                      1912
                                      1900
  MINIMUM         67    906 AM  44    1901  66      1       70
  AVERAGE         76                        77     -1       76

PRECIPITATION (IN)
  YESTERDAY        0.99          2.04 1907   0.14   0.85     0.55
  MONTH TO DATE    5.98                      4.10   1.88     1.89
  SINCE MAR 1     19.08                     13.70   5.38     9.59
  SINCE JAN 1     24.18                     23.38   0.80    15.97

DEGREE DAYS
 COOLING
  YESTERDAY       11                        12     -1       11
  MONTH TO DATE  257                       245     12      226
  SINCE MAR 1    453                       387     66      351
  SINCE JAN 1    454                       404     50      362
..................................................................


WIND (MPH)
  HIGHEST WIND SPEED    21   HIGHEST WIND DIRECTION    NW (320)
  HIGHEST GUST SPEED    26   HIGHEST GUST DIRECTION    NW (320)
  AVERAGE WIND SPEED     4.6


SKY COVER
  POSSIBLE SUNSHINE  MM
  AVERAGE SKY COVER 0.3


WEATHER CONDITIONS
 THE FOLLOWING WEATHER WAS RECORDED YESTERDAY.
  THUNDERSTORM
  HEAVY RAIN
  RAIN
  LIGHT RAIN
  FOG


RELATIVE HUMIDITY (PERCENT)
 HIGHEST   100           500 AM
 LOWEST     55           300 PM
 AVERAGE    78

..........................................................


THE ALEXANDRIA CLIMATE NORMALS FOR TODAY
                         NORMAL    RECORD    YEAR
 MAXIMUM TEMPERATURE (F)   88        99      1906
 MINIMUM TEMPERATURE (F)   67        48      1961
                                             1901


SUNRISE AND SUNSET
MAY 28 2015...........SUNRISE   608 AM CDT   SUNSET   807 PM CDT
MAY 29 2015...........SUNRISE   607 AM CDT   SUNSET   808 PM CDT


-  INDICATES NEGATIVE NUMBERS.
R  INDICATES RECORD WAS SET OR TIED.
MM INDICATES DATA IS MISSING.
T  INDICATES TRACE AMOUNT.




$$
