000
CDUS42 KCAE 010558
CLIAGS


CLIMATE REPORT
NATIONAL WEATHER SERVICE COLUMBIA SC
1258 AM EST SUN MAR 1 2015


...................................

...THE AUGUSTA REGIONAL BUSH FIELD GA CLIMATE SUMMARY FOR FEBRUARY 28 2015...

CLIMATE NORMAL PERIOD 1981 TO 2010
CLIMATE RECORD PERIOD 1873 TO 2015


WEATHER ITEM   OBSERVED TIME   RECORD YEAR NORMAL DEPARTURE LAST
                VALUE   (LST)  VALUE       VALUE  FROM      YEAR
                                                  NORMAL
..................................................................
TEMPERATURE (F)
 YESTERDAY
  MAXIMUM         55    300 PM  86    1962  66    -11       60
  MINIMUM         31    212 AM  18    2002  39     -8       22
  AVERAGE         43                        52     -9       41

PRECIPITATION (IN)
  YESTERDAY        0.04          1.66 1987   0.14  -0.10     0.00
  MONTH TO DATE    4.70                      3.92   0.78     3.73
  SINCE DEC 1     11.01                     11.22  -0.21    13.11
  SINCE JAN 1      6.80                      7.83  -1.03     6.21

SNOWFALL (IN)
  YESTERDAY        0.0          MM      MM   0.0             0.0
  MONTH TO DATE    T                         0.4             1.3
  SINCE DEC 1      T                         0.9             3.3
  SINCE JUL 1      T                         0.9             3.3

DEGREE DAYS
 HEATING
  YESTERDAY       22                        13      9       24
  MONTH TO DATE  615                       446    169      461
  SINCE DEC 1   1722                      1610    112     1703
  SINCE JUL 1   2286                      2032    254     2162

 COOLING
  YESTERDAY        0                         0      0        0
  MONTH TO DATE    0                         2     -2        2
  SINCE DEC 1      0                         6     -6       13
  SINCE JAN 1      0                         3     -3        2
..................................................................


WIND (MPH)
  HIGHEST WIND SPEED    18   HIGHEST WIND DIRECTION    NE (50)
  HIGHEST GUST SPEED    23   HIGHEST GUST DIRECTION    NE (50)
  AVERAGE WIND SPEED     7.9


SKY COVER
  AVERAGE SKY COVER 0.4


WEATHER CONDITIONS
 THE FOLLOWING WEATHER WAS RECORDED YESTERDAY.
  LIGHT RAIN
  FOG


RELATIVE HUMIDITY (PERCENT)
 HIGHEST   100           100 AM
 LOWEST     35           300 PM
 AVERAGE    68

..........................................................


THE AUGUSTA REGIONAL BUSH FIELD GA CLIMATE NORMALS FOR TODAY
                         NORMAL    RECORD    YEAR
 MAXIMUM TEMPERATURE (F)   66        85      1997
                                             1918
 MINIMUM TEMPERATURE (F)   39        16      2002


SUNRISE AND SUNSET
MARCH  1 2015.........SUNRISE   656 AM EST   SUNSET   624 PM EST
MARCH  2 2015.........SUNRISE   655 AM EST   SUNSET   625 PM EST


-  INDICATES NEGATIVE NUMBERS.
R  INDICATES RECORD WAS SET OR TIED.
MM INDICATES DATA IS MISSING.
T  INDICATES TRACE AMOUNT.




$$
