100
CDUS42 KCAE 192233
CLIAGS


CLIMATE REPORT
NATIONAL WEATHER SERVICE COLUMBIA SC
533 PM EST SUN FEB 19 2017


...................................

...THE AUGUSTA BUSH FIELD GA CLIMATE SUMMARY FOR FEBRUARY 19 2017...
VALID TODAY AS OF 0500 PM LOCAL TIME.

CLIMATE NORMAL PERIOD 1981 TO 2010
CLIMATE RECORD PERIOD 1873 TO 2017


WEATHER ITEM   OBSERVED TIME   RECORD YEAR NORMAL DEPARTURE LAST
                VALUE   (LST)  VALUE       VALUE  FROM      YEAR
                                                  NORMAL
..................................................................
TEMPERATURE (F)
 TODAY
  MAXIMUM         77    425 PM  82    1956  63     14       64
  MINIMUM         45    708 AM  16    1958  37      8       31
  AVERAGE         61                        50     11       48

PRECIPITATION (IN)
  TODAY            0.01          1.34 1946   0.14  -0.13     0.00
  MONTH TO DATE    1.90                      2.60  -0.70     2.74
  SINCE DEC 1     16.44                      9.90   6.54    11.32
  SINCE JAN 1     12.03                      6.51   5.52     4.40

SNOWFALL (IN)
  TODAY            0.0          MM      MM   0.0             0.0
  MONTH TO DATE    0.0                       0.3             0.0
  SINCE DEC 1      T                         0.8             0.5
  SINCE JUL 1      T                         0.8             0.5

DEGREE DAYS
 HEATING
  TODAY            4                        15    -11       17
  MONTH TO DATE  165                       320   -155      337
  SINCE DEC 1    831                      1483   -652     1191
  SINCE JUL 1   1102                      1905   -803     1478

 COOLING
  TODAY            0                         0      0        0
  MONTH TO DATE    6                         0      6        3
  SINCE DEC 1     27                         4     23       50
  SINCE JAN 1     20                         1     19        3
..................................................................


WIND (MPH)
  HIGHEST WIND SPEED    18   HIGHEST WIND DIRECTION    NW (320)
  HIGHEST GUST SPEED    22   HIGHEST GUST DIRECTION    NW (330)
  AVERAGE WIND SPEED     5.9


SKY COVER
  AVERAGE SKY COVER 0.4


WEATHER CONDITIONS
 THE FOLLOWING WEATHER WAS RECORDED TODAY.
  LIGHT RAIN
  FOG
  FOG W/VISIBILITY <= 1/4 MILE


RELATIVE HUMIDITY (PERCENT)
 HIGHEST    96           100 AM
 LOWEST     36           400 PM
 AVERAGE    66

..........................................................


THE AUGUSTA BUSH FIELD GA CLIMATE NORMALS FOR TOMORROW
                         NORMAL    RECORD    YEAR
 MAXIMUM TEMPERATURE (F)   63        82      2014
                                             1991
 MINIMUM TEMPERATURE (F)   37        13      2015


SUNRISE AND SUNSET
FEBRUARY 19 2017......SUNRISE   707 AM EST   SUNSET   616 PM EST
FEBRUARY 20 2017......SUNRISE   706 AM EST   SUNSET   617 PM EST


-  INDICATES NEGATIVE NUMBERS.
R  INDICATES RECORD WAS SET OR TIED.
MM INDICATES DATA IS MISSING.
T  INDICATES TRACE AMOUNT.




$$
