000
CDUS42 KCAE 240649
CLIAGS


CLIMATE REPORT
NATIONAL WEATHER SERVICE COLUMBIA SC
148 AM EST SAT FEB 24 2018


...................................

...THE AUGUSTA REGIONAL BUSH FIELD GA CLIMATE SUMMARY FOR FEBRUARY 23 2018...

CLIMATE NORMAL PERIOD 1981 TO 2010
CLIMATE RECORD PERIOD 1873 TO 2018


WEATHER ITEM   OBSERVED TIME   RECORD YEAR NORMAL DEPARTURE LAST
                VALUE   (LST)  VALUE       VALUE  FROM      YEAR
                                                  NORMAL
..................................................................
TEMPERATURE (F)
 YESTERDAY
  MAXIMUM         81    348 PM  82    2012  64     17       81
  MINIMUM         54    504 AM  21    1978  38     16       55
                                      1963
  AVERAGE         68                        51     17       68

PRECIPITATION (IN)
  YESTERDAY        0.00          2.09 1994   0.15  -0.15     0.00
  MONTH TO DATE    1.45                      3.19  -1.74     2.05
  SINCE DEC 1      7.65                     10.49  -2.84    16.59
  SINCE JAN 1      3.54                      7.10  -3.56    12.18

SNOWFALL (IN)
  YESTERDAY        0.0           3.7  1989   0.0             0.0
  MONTH TO DATE    0.0                       0.3             0.0
  SINCE DEC 1      T                         0.8              T
  SINCE JUL 1      T                         0.8              T

DEGREE DAYS
 HEATING
  YESTERDAY        0                        14    -14        0
  MONTH TO DATE  158                       378   -220      174
  SINCE DEC 1   1301                      1541   -240      840
  SINCE JUL 1   1666                      1963   -297     1111

 COOLING
  YESTERDAY        3                         0      3        3
  MONTH TO DATE   41                         0     41       10
  SINCE DEC 1     43                         4     39       31
  SINCE JAN 1     43                         1     42       24
..................................................................


WIND (MPH)
  HIGHEST WIND SPEED    10   HIGHEST WIND DIRECTION    SW (240)
  HIGHEST GUST SPEED    15   HIGHEST GUST DIRECTION    NW (320)
  AVERAGE WIND SPEED     2.6


SKY COVER
  AVERAGE SKY COVER 0.5


WEATHER CONDITIONS
 THE FOLLOWING WEATHER WAS RECORDED YESTERDAY.
  FOG
  FOG W/VISIBILITY <= 1/4 MILE
  HAZE


RELATIVE HUMIDITY (PERCENT)
 HIGHEST   100           400 AM
 LOWEST     45           300 PM
 AVERAGE    73

..........................................................


THE AUGUSTA REGIONAL BUSH FIELD GA CLIMATE NORMALS FOR TODAY
                         NORMAL    RECORD    YEAR
 MAXIMUM TEMPERATURE (F)   65        84      2017
 MINIMUM TEMPERATURE (F)   38        19      1901


SUNRISE AND SUNSET
FEBRUARY 24 2018......SUNRISE   702 AM EST   SUNSET   621 PM EST
FEBRUARY 25 2018......SUNRISE   701 AM EST   SUNSET   621 PM EST


-  INDICATES NEGATIVE NUMBERS.
R  INDICATES RECORD WAS SET OR TIED.
MM INDICATES DATA IS MISSING.
T  INDICATES TRACE AMOUNT.




$$
