000
CDUS42 KCAE 270610
CLIAGS


CLIMATE REPORT
NATIONAL WEATHER SERVICE COLUMBIA SC
210 AM EDT SAT MAY 27 2017


...................................

...THE AUGUSTA REGIONAL BUSH FIELD GA CLIMATE SUMMARY FOR MAY 26 2017...

CLIMATE NORMAL PERIOD 1981 TO 2010
CLIMATE RECORD PERIOD 1873 TO 2017


WEATHER ITEM   OBSERVED TIME   RECORD YEAR NORMAL DEPARTURE LAST
                VALUE   (LST)  VALUE       VALUE  FROM      YEAR
                                                  NORMAL
..................................................................
TEMPERATURE (F)
 YESTERDAY
  MAXIMUM         87    525 PM 100    1926  88     -1       90
                                      1878
  MINIMUM         55    538 AM  44    1979  61     -6       59
  AVERAGE         71                        74     -3       75

PRECIPITATION (IN)
  YESTERDAY        0.00          2.28 1906   0.11  -0.11     0.00
  MONTH TO DATE    3.34                      2.08   1.26     3.02
  SINCE MAR 1      7.71                      9.10  -1.39    10.62
  SINCE JAN 1     19.95                     16.93   3.02    16.04

SNOWFALL (IN)
  YESTERDAY        0.0          MM      MM   0.0             0.0
  MONTH TO DATE    0.0                       0.0             0.0
  SINCE MAR 1      0.0                       0.0             0.0
  SINCE JUL 1      T                         0.9             0.5

DEGREE DAYS
 HEATING
  YESTERDAY        0                         0      0        0
  MONTH TO DATE    3                        18    -15       13
  SINCE MAR 1    272                       438   -166      279
  SINCE JUL 1   1407                      2470  -1063     1856

 COOLING
  YESTERDAY        6                         9     -3       10
  MONTH TO DATE  220                       160     60      151
  SINCE MAR 1    440                       230    210      266
  SINCE JAN 1    470                       233    237      269
..................................................................


WIND (MPH)
  HIGHEST WIND SPEED    18   HIGHEST WIND DIRECTION    NW (300)
  HIGHEST GUST SPEED    23   HIGHEST GUST DIRECTION    NW (310)
  AVERAGE WIND SPEED     6.7


SKY COVER
  AVERAGE SKY COVER 0.0


WEATHER CONDITIONS
 THE FOLLOWING WEATHER WAS RECORDED YESTERDAY.
  NO SIGNIFICANT WEATHER WAS OBSERVED.


RELATIVE HUMIDITY (PERCENT)
 HIGHEST    87          1100 PM
 LOWEST     32           300 PM
 AVERAGE    60

..........................................................


THE AUGUSTA REGIONAL BUSH FIELD GA CLIMATE NORMALS FOR TODAY
                         NORMAL    RECORD    YEAR
 MAXIMUM TEMPERATURE (F)   88        99      2000
                                             1916
 MINIMUM TEMPERATURE (F)   61        45      1979


SUNRISE AND SUNSET
MAY 27 2017...........SUNRISE   621 AM EDT   SUNSET   830 PM EDT
MAY 28 2017...........SUNRISE   621 AM EDT   SUNSET   830 PM EDT


-  INDICATES NEGATIVE NUMBERS.
R  INDICATES RECORD WAS SET OR TIED.
MM INDICATES DATA IS MISSING.
T  INDICATES TRACE AMOUNT.




$$
