000
CDUS42 KCAE 032129
CLIAGS


CLIMATE REPORT
NATIONAL WEATHER SERVICE COLUMBIA SC
528 PM EDT TUE MAY 3 2016


...................................

...THE AUGUSTA BUSH FIELD GA CLIMATE SUMMARY FOR MAY 3 2016...
VALID TODAY AS OF 0500 PM LOCAL TIME.

CLIMATE NORMAL PERIOD 1981 TO 2010
CLIMATE RECORD PERIOD 1873 TO 2016


WEATHER ITEM   OBSERVED TIME   RECORD YEAR NORMAL DEPARTURE LAST
                VALUE   (LST)  VALUE       VALUE  FROM      YEAR
                                                  NORMAL
..................................................................
TEMPERATURE (F)
 TODAY
  MAXIMUM         84   1243 PM  95    1959  82      2       82
  MINIMUM         65    538 AM  41    1999  53     12       46
                                      1995
                                      1981
  AVERAGE         75                        67      8       64

PRECIPITATION (IN)
  TODAY            0.59          1.73 1984   0.07   0.52     0.00
  MONTH TO DATE    1.16                      0.22   0.94     0.00
  SINCE MAR 1      8.76                      7.24   1.52     7.90
  SINCE JAN 1     14.18                     15.07  -0.89    14.70

SNOWFALL (IN)
  TODAY            0.0          MM      MM   0.0             0.0
  MONTH TO DATE    0.0                       0.0             0.0
  SINCE MAR 1      0.0                       0.0             0.0
  SINCE JUL 1      0.5                       0.9              T

DEGREE DAYS
 HEATING
  TODAY            0                         2     -2        1
  MONTH TO DATE    0                         6     -6       10
  SINCE MAR 1    266                       426   -160      277
  SINCE JUL 1   1843                      2458   -615     2563

 COOLING
  TODAY           10                         4      6        0
  MONTH TO DATE   35                        11     24        0
  SINCE MAR 1    150                        81     69      114
  SINCE JAN 1    153                        84     69      114
..................................................................


WIND (MPH)
  HIGHEST WIND SPEED    20   HIGHEST WIND DIRECTION    NW (320)
  HIGHEST GUST SPEED    23   HIGHEST GUST DIRECTION    NW (310)
  AVERAGE WIND SPEED     5.6


SKY COVER
  AVERAGE SKY COVER 0.6


WEATHER CONDITIONS
 THE FOLLOWING WEATHER WAS RECORDED TODAY.
  THUNDERSTORM
  HEAVY RAIN
  RAIN
  LIGHT RAIN
  FOG


RELATIVE HUMIDITY (PERCENT)
 HIGHEST   100           500 AM
 LOWEST     55           100 PM
 AVERAGE    78

..........................................................


THE AUGUSTA BUSH FIELD GA CLIMATE NORMALS FOR TOMORROW
                         NORMAL    RECORD    YEAR
 MAXIMUM TEMPERATURE (F)   82        94      1902
 MINIMUM TEMPERATURE (F)   53        35      1971


SUNRISE AND SUNSET
MAY  3 2016...........SUNRISE   637 AM EDT   SUNSET   812 PM EDT
MAY  4 2016...........SUNRISE   636 AM EDT   SUNSET   813 PM EDT


-  INDICATES NEGATIVE NUMBERS.
R  INDICATES RECORD WAS SET OR TIED.
MM INDICATES DATA IS MISSING.
T  INDICATES TRACE AMOUNT.




$$
