000
CDUS42 KCAE 280653
CLIAGS


CLIMATE REPORT
NATIONAL WEATHER SERVICE COLUMBIA SC
211 AM EDT THU MAY 28 2015


...................................

...THE AUGUSTA REGIONAL BUSH FIELD GA CLIMATE SUMMARY FOR MAY 27 2015...

CLIMATE NORMAL PERIOD 1981 TO 2010
CLIMATE RECORD PERIOD 1873 TO 2015


WEATHER ITEM   OBSERVED TIME   RECORD YEAR NORMAL DEPARTURE LAST
                VALUE   (LST)  VALUE       VALUE  FROM      YEAR
                                                  NORMAL
..................................................................
TEMPERATURE (F)
 YESTERDAY
  MAXIMUM         88    342 PM  99    2000  88      0       87
                                      1916
  MINIMUM         66    441 AM  45    1979  61      5       66
  AVERAGE         77                        74      3       77

PRECIPITATION (IN)
  YESTERDAY        T             2.01 1966   0.11  -0.11      T
  MONTH TO DATE    0.93                      2.19  -1.26     5.22
  SINCE MAR 1      8.83                      9.21  -0.38    12.37
  SINCE JAN 1     15.63                     17.04  -1.41    18.58

SNOWFALL (IN)
  YESTERDAY        0.0          MM      MM   0.0             0.0
  MONTH TO DATE    0.0                       0.0             0.0
  SINCE MAR 1      0.0                       0.0             0.0
  SINCE JUL 1      T                         0.9             3.3

DEGREE DAYS
 HEATING
  YESTERDAY        0                         0      0        0
  MONTH TO DATE   10                        18     -8       13
  SINCE MAR 1    277                       438   -161      514
  SINCE JUL 1   2563                      2470     93     2676

 COOLING
  YESTERDAY       12                        10      2       12
  MONTH TO DATE  200                       170     30      180
  SINCE MAR 1    314                       240     74      233
  SINCE JAN 1    314                       243     71      235
..................................................................


WIND (MPH)
  HIGHEST WIND SPEED    13   HIGHEST WIND DIRECTION    SE (150)
  HIGHEST GUST SPEED    16   HIGHEST GUST DIRECTION    SE (150)
  AVERAGE WIND SPEED     3.4


SKY COVER
  AVERAGE SKY COVER 0.6


WEATHER CONDITIONS
 THE FOLLOWING WEATHER WAS RECORDED YESTERDAY.
  LIGHT RAIN
  FOG


RELATIVE HUMIDITY (PERCENT)
 HIGHEST   100           400 AM
 LOWEST     50           500 PM
 AVERAGE    75

..........................................................


THE AUGUSTA REGIONAL BUSH FIELD GA CLIMATE NORMALS FOR TODAY
                         NORMAL    RECORD    YEAR
 MAXIMUM TEMPERATURE (F)   88        99      1964
 MINIMUM TEMPERATURE (F)   61        45      1961


SUNRISE AND SUNSET
MAY 28 2015...........SUNRISE   621 AM EDT   SUNSET   830 PM EDT
MAY 29 2015...........SUNRISE   620 AM EDT   SUNSET   830 PM EDT


-  INDICATES NEGATIVE NUMBERS.
R  INDICATES RECORD WAS SET OR TIED.
MM INDICATES DATA IS MISSING.
T  INDICATES TRACE AMOUNT.




$$
