000
CDUS42 KCAE 010548
CLIAGS


CLIMATE REPORT
NATIONAL WEATHER SERVICE COLUMBIA SC
1248 AM EST SUN FEB 1 2015


...................................

...THE AUGUSTA REGIONAL BUSH FIELD GA CLIMATE SUMMARY FOR JANUARY 31 2015...

CLIMATE NORMAL PERIOD 1981 TO 2010
CLIMATE RECORD PERIOD 1873 TO 2015


WEATHER ITEM   OBSERVED TIME   RECORD YEAR NORMAL DEPARTURE LAST
                VALUE   (LST)  VALUE       VALUE  FROM      YEAR
                                                  NORMAL
..................................................................
TEMPERATURE (F)
 YESTERDAY
  MAXIMUM         57    302 PM  82    2002  59     -2       57
  MINIMUM         21    735 AM  11    1966  34    -13       15
  AVERAGE         39                        46     -7       36

PRECIPITATION (IN)
  YESTERDAY        0.00          2.64 1908   0.13  -0.13     0.00
  MONTH TO DATE    2.10                      3.91  -1.81     2.48
  SINCE DEC 1      6.31                      7.30  -0.99     9.38
  SINCE JAN 1      2.10                      3.91  -1.81     2.48

SNOWFALL (IN)
  YESTERDAY        0.0           0.5  1977   0.0             0.0
  MONTH TO DATE    0.0                       0.4             2.0
  SINCE DEC 1      0.0                       0.5             2.0
  SINCE JUL 1      0.0                       0.5             2.0

DEGREE DAYS
 HEATING
  YESTERDAY       26                        19      7       29
  MONTH TO DATE  646                       610     36      784
  SINCE DEC 1   1107                      1163    -56     1242
  SINCE JUL 1   1671                      1585     86     1701

 COOLING
  YESTERDAY        0                         0      0        0
  MONTH TO DATE    0                         1     -1        0
  SINCE DEC 1      0                         4     -4       11
  SINCE JAN 1      0                         1     -1        0
..................................................................


WIND (MPH)
  HIGHEST WIND SPEED     8   HIGHEST WIND DIRECTION    SW (230)
  HIGHEST GUST SPEED    10   HIGHEST GUST DIRECTION    SW (230)
  AVERAGE WIND SPEED     1.8


SKY COVER
  AVERAGE SKY COVER 0.0


WEATHER CONDITIONS
 THE FOLLOWING WEATHER WAS RECORDED YESTERDAY.
  NO SIGNIFICANT WEATHER WAS OBSERVED.


RELATIVE HUMIDITY (PERCENT)
 HIGHEST    88           800 AM
 LOWEST     16           300 PM
 AVERAGE    52

..........................................................


THE AUGUSTA REGIONAL BUSH FIELD GA CLIMATE NORMALS FOR TODAY
                         NORMAL    RECORD    YEAR
 MAXIMUM TEMPERATURE (F)   60        80      1957
                                             1950
 MINIMUM TEMPERATURE (F)   34        17      1936


SUNRISE AND SUNSET
FEBRUARY  1 2015......SUNRISE   724 AM EST   SUNSET   559 PM EST
FEBRUARY  2 2015......SUNRISE   723 AM EST   SUNSET   600 PM EST


-  INDICATES NEGATIVE NUMBERS.
R  INDICATES RECORD WAS SET OR TIED.
MM INDICATES DATA IS MISSING.
T  INDICATES TRACE AMOUNT.




$$
