000
CDUS42 KCAE 240642
CLIAGS


CLIMATE REPORT
NATIONAL WEATHER SERVICE COLUMBIA SC
142 AM EST FRI NOV 24 2017


...................................

...THE AUGUSTA REGIONAL BUSH FIELD GA CLIMATE SUMMARY FOR NOVEMBER 23 2017...

CLIMATE NORMAL PERIOD 1981 TO 2010
CLIMATE RECORD PERIOD 1873 TO 2017


WEATHER ITEM   OBSERVED TIME   RECORD YEAR NORMAL DEPARTURE LAST
                VALUE   (LST)  VALUE       VALUE  FROM      YEAR
                                                  NORMAL
..................................................................
TEMPERATURE (F)
 YESTERDAY
  MAXIMUM         60    415 PM  80    2010  67     -7       69
                                      1979
                                      1900
  MINIMUM         36   1045 PM  21    1956  39     -3       31
  AVERAGE         48                        53     -5       50

PRECIPITATION (IN)
  YESTERDAY        0.00          4.33 1942   0.10  -0.10     0.00
  MONTH TO DATE    1.36                      2.10  -0.74     0.01
  SINCE SEP 1      6.47                      8.59  -2.12     6.68
  SINCE JAN 1     40.85                     39.46   1.39    33.25

SNOWFALL (IN)
  YESTERDAY        0.0          MM      MM   0.0             0.0
  MONTH TO DATE    0.0                       0.0             0.0
  SINCE SEP 1      0.0                       0.0             0.0
  SINCE JUL 1      0.0                       0.0             0.0

DEGREE DAYS
 HEATING
  YESTERDAY       17                        12      5       15
  MONTH TO DATE  202                       215    -13      202
  SINCE SEP 1    275                       329    -54      230
  SINCE JUL 1    275                       329    -54      230

 COOLING
  YESTERDAY        0                         0      0        0
  MONTH TO DATE   25                        15     10        9
  SINCE SEP 1    575                       397    178      527
  SINCE JAN 1   2703                      2085    618     2498
..................................................................


WIND (MPH)
  HIGHEST WIND SPEED    10   HIGHEST WIND DIRECTION    NE (40)
  HIGHEST GUST SPEED    13   HIGHEST GUST DIRECTION     E (70)
  AVERAGE WIND SPEED     4.8


SKY COVER
  AVERAGE SKY COVER 0.3


WEATHER CONDITIONS
 THE FOLLOWING WEATHER WAS RECORDED YESTERDAY.
  FOG


RELATIVE HUMIDITY (PERCENT)
 HIGHEST   100          1200 AM
 LOWEST     49           400 PM
 AVERAGE    75

..........................................................


THE AUGUSTA REGIONAL BUSH FIELD GA CLIMATE NORMALS FOR TODAY
                         NORMAL    RECORD    YEAR
 MAXIMUM TEMPERATURE (F)   67        81      1973
 MINIMUM TEMPERATURE (F)   39        18      1970


SUNRISE AND SUNSET
NOVEMBER 24 2017......SUNRISE   708 AM EST   SUNSET   521 PM EST
NOVEMBER 25 2017......SUNRISE   709 AM EST   SUNSET   521 PM EST


-  INDICATES NEGATIVE NUMBERS.
R  INDICATES RECORD WAS SET OR TIED.
MM INDICATES DATA IS MISSING.
T  INDICATES TRACE AMOUNT.




$$
