000
CDUS42 KCAE 240625
CLIAGS


CLIMATE REPORT
NATIONAL WEATHER SERVICE COLUMBIA SC
225 AM EDT SUN SEP 24 2017


...................................

...THE AUGUSTA REGIONAL BUSH FIELD GA CLIMATE SUMMARY FOR SEPTEMBER 23 2017...

CLIMATE NORMAL PERIOD 1981 TO 2010
CLIMATE RECORD PERIOD 1873 TO 2017


WEATHER ITEM   OBSERVED TIME   RECORD YEAR NORMAL DEPARTURE LAST
                VALUE   (LST)  VALUE       VALUE  FROM      YEAR
                                                  NORMAL
..................................................................
TEMPERATURE (F)
 YESTERDAY
  MAXIMUM         92    313 PM  98    1980  85      7       87
                                      1931
  MINIMUM         65    619 AM  42    1999  60      5       68
  AVERAGE         79                        72      7       78

PRECIPITATION (IN)
  YESTERDAY        0.00          1.92 1995   0.10  -0.10     0.00
  MONTH TO DATE    4.28                      2.43   1.85     4.58
  SINCE SEP 1      4.28                      2.43   1.85     4.58
  SINCE JAN 1     38.66                     33.30   5.36    31.15

SNOWFALL (IN)
  YESTERDAY        0.0          MM      MM   0.0             0.0
  MONTH TO DATE    0.0                       0.0             0.0
  SINCE SEP 1      0.0                       0.0             0.0
  SINCE JUL 1      0.0                       0.0             0.0

DEGREE DAYS
 HEATING
  YESTERDAY        0                         0      0        0
  MONTH TO DATE    0                         0      0        0
  SINCE SEP 1      0                         0      0        0
  SINCE JUL 1      0                         0      0        0

 COOLING
  YESTERDAY       14                         8      6       13
  MONTH TO DATE  254                       251      3      308
  SINCE SEP 1    254                       251      3      308
  SINCE JAN 1   2382                      1939    443     2279
..................................................................


WIND (MPH)
  HIGHEST WIND SPEED    13   HIGHEST WIND DIRECTION     E (90)
  HIGHEST GUST SPEED    18   HIGHEST GUST DIRECTION     E (100)
  AVERAGE WIND SPEED     3.3


SKY COVER
  AVERAGE SKY COVER 0.4


WEATHER CONDITIONS
 THE FOLLOWING WEATHER WAS RECORDED YESTERDAY.
  FOG
  FOG W/VISIBILITY <= 1/4 MILE


RELATIVE HUMIDITY (PERCENT)
 HIGHEST   100           400 AM
 LOWEST     41           300 PM
 AVERAGE    71

..........................................................


THE AUGUSTA REGIONAL BUSH FIELD GA CLIMATE NORMALS FOR TODAY
                         NORMAL    RECORD    YEAR
 MAXIMUM TEMPERATURE (F)   85       100      1931
 MINIMUM TEMPERATURE (F)   60        43      1896


SUNRISE AND SUNSET
SEPTEMBER 24 2017.....SUNRISE   717 AM EDT   SUNSET   721 PM EDT
SEPTEMBER 25 2017.....SUNRISE   718 AM EDT   SUNSET   720 PM EDT


-  INDICATES NEGATIVE NUMBERS.
R  INDICATES RECORD WAS SET OR TIED.
MM INDICATES DATA IS MISSING.
T  INDICATES TRACE AMOUNT.




$$
