000
CDUS42 KFFC 122140
CLIAHN


CLIMATE REPORT
NATIONAL WEATHER SERVICE PEACHTREE CITY GA
440 PM EST TUE DEC 12 2017


...................................

...THE ATHENS CLIMATE SUMMARY FOR DECEMBER 12 2017...
VALID TODAY AS OF 0400 PM LOCAL TIME.

CLIMATE NORMAL PERIOD 1981 TO 2010
CLIMATE RECORD PERIOD 1898 TO 2017


WEATHER ITEM   OBSERVED TIME   RECORD YEAR NORMAL DEPARTURE LAST
                VALUE   (LST)  VALUE       VALUE  FROM      YEAR
                                                  NORMAL
..................................................................
TEMPERATURE (F)
 TODAY
  MAXIMUM         55   1217 PM  79    1931  56     -1       63
                                      1923
  MINIMUM         36    511 AM   7    1962  35      1       37
  AVERAGE         46                        46      0       50

PRECIPITATION (IN)
  TODAY            0.00          2.84 1961   0.13  -0.13      T
  MONTH TO DATE    0.95                      1.50  -0.55     1.87
  SINCE DEC 1      0.95                      1.50  -0.55     1.87
  SINCE JAN 1     54.06                     44.10   9.96    36.33

SNOWFALL (IN)
  TODAY           MM             0.0  2001   0.0   MM        0.0
  MONTH TO DATE    T                         0.0    0.0      0.0
  SINCE DEC 1      T                         0.0    0.0      0.0
  SINCE JUL 1      T                         0.0    0.0      0.0
  SNOW DEPTH       0

DEGREE DAYS
 HEATING
  TODAY           19                        19      0       15
  MONTH TO DATE  177                       214    -37      239
  SINCE DEC 1    177                       214    -37      239
  SINCE JUL 1    635                       694    -59      525

 COOLING
  TODAY            0                         0      0        0
  MONTH TO DATE    0                         0      0        0
  SINCE DEC 1      0                         0      0        0
  SINCE JAN 1   2019                      1886    133     2444
..................................................................


WIND (MPH)
  HIGHEST WIND SPEED    23   HIGHEST WIND DIRECTION    NW (300)
  HIGHEST GUST SPEED    32   HIGHEST GUST DIRECTION     W (290)
  AVERAGE WIND SPEED     5.9


SKY COVER
  AVERAGE SKY COVER 0.0


WEATHER CONDITIONS
 THE FOLLOWING WEATHER WAS RECORDED TODAY.
  LIGHT RAIN


RELATIVE HUMIDITY (PERCENT)
 HIGHEST    92           500 AM
 LOWEST     41          1200 PM
 AVERAGE    67

..........................................................


THE ATHENS CLIMATE NORMALS FOR TOMORROW
                         NORMAL    RECORD    YEAR
 MAXIMUM TEMPERATURE (F)   56        76      2007
                                             1956
 MINIMUM TEMPERATURE (F)   35         2      1962


SUNRISE AND SUNSET
DECEMBER 12 2017......SUNRISE   729 AM EST   SUNSET   525 PM EST
DECEMBER 13 2017......SUNRISE   730 AM EST   SUNSET   525 PM EST


-  INDICATES NEGATIVE NUMBERS.
R  INDICATES RECORD WAS SET OR TIED.
MM INDICATES DATA IS MISSING.
T  INDICATES TRACE AMOUNT.




$$
