000
CDUS42 KFFC 280029
CLIAHN


CLIMATE REPORT
NATIONAL WEATHER SERVICE PEACHTREE CITY GA
729 PM EST MON FEB 27 2017


...................................

...THE ATHENS CLIMATE SUMMARY FOR FEBRUARY 27 2017...
VALID AS OF 0700 PM LOCAL TIME.

CLIMATE NORMAL PERIOD 1981 TO 2010
CLIMATE RECORD PERIOD 1898 TO 2017


WEATHER ITEM   OBSERVED TIME   RECORD YEAR NORMAL DEPARTURE LAST
                VALUE   (LST)  VALUE       VALUE  FROM      YEAR
                                                  NORMAL
..................................................................
TEMPERATURE (F)
 TODAY
  MAXIMUM         62    105 PM  79    2011  61      1       61
                                      1962
  MINIMUM         38    703 AM  14    1963  39     -1       30
  AVERAGE         50                        50      0       46

PRECIPITATION (IN)
  TODAY            0.04          2.62 1929   0.16  -0.12     0.00
  MONTH TO DATE    1.19                      4.32  -3.13     4.49
  SINCE DEC 1     10.12                     12.10  -1.98    20.54
  SINCE JAN 1      7.70                      8.37  -0.67     8.17

SNOWFALL (IN)
  TODAY            0.0           T    2004   0.1   -0.1      0.0
  MONTH TO DATE    0.0                       0.6   -0.6       T
  SINCE DEC 1      0.0                       2.1   -2.1      0.1
  SINCE JUL 1      0.0                       2.1   -2.1      0.1
  SNOW DEPTH       0

DEGREE DAYS
 HEATING
  TODAY           15                        15      0       19
  MONTH TO DATE  273                       482   -209      480
  SINCE DEC 1   1234                      1759   -525     1465
  SINCE JUL 1   1520                      2239   -719     1825

 COOLING
  TODAY            0                         0      0        0
  MONTH TO DATE    4                         0      4        0
  SINCE DEC 1      9                         1      8       19
  SINCE JAN 1      9                         0      9        0
..................................................................


WIND (MPH)
  HIGHEST WIND SPEED    12   HIGHEST WIND DIRECTION    NE (60)
  HIGHEST GUST SPEED    16   HIGHEST GUST DIRECTION     S (160)
  AVERAGE WIND SPEED     4.7


SKY COVER
  AVERAGE SKY COVER 0.3


WEATHER CONDITIONS
 THE FOLLOWING WEATHER WAS RECORDED TODAY.
  LIGHT RAIN


RELATIVE HUMIDITY (PERCENT)
 HIGHEST    89           500 PM
 LOWEST     37           100 AM

..........................................................


THE ATHENS CLIMATE NORMALS FOR TOMORROW
                         NORMAL    RECORD    YEAR
 MAXIMUM TEMPERATURE (F)   62        79      1981
 MINIMUM TEMPERATURE (F)   39        15      1935
                                             1888


SUNRISE AND SUNSET
FEBRUARY 27 2017......SUNRISE   704 AM EST   SUNSET   628 PM EST
FEBRUARY 28 2017......SUNRISE   703 AM EST   SUNSET   629 PM EST


-  INDICATES NEGATIVE NUMBERS.
R  INDICATES RECORD WAS SET OR TIED.
MM INDICATES DATA IS MISSING.
T  INDICATES TRACE AMOUNT.




$$
