000
CDUS42 KFFC 040819
CLIAHN


CLIMATE REPORT
NATIONAL WEATHER SERVICE PEACHTREE CITY GA
419 AM EDT WED MAY 4 2016


...................................

...THE ATHENS CLIMATE SUMMARY FOR MAY 3 2016...

CLIMATE NORMAL PERIOD 1981 TO 2010
CLIMATE RECORD PERIOD 1898 TO 2016


WEATHER ITEM   OBSERVED TIME   RECORD YEAR NORMAL DEPARTURE LAST
                VALUE   (LST)  VALUE       VALUE  FROM      YEAR
                                                  NORMAL
..................................................................
TEMPERATURE (F)
 YESTERDAY
  MAXIMUM         82    247 PM  93    1938  78      4       80
  MINIMUM         62   1159 PM  39    1925  54      8       50
  AVERAGE         72                        66      6       65

PRECIPITATION (IN)
  YESTERDAY        T             3.07 2010   0.10  -0.10     0.00
  MONTH TO DATE    0.04                      0.31  -0.27     0.00
  SINCE MAR 1      4.56                      7.89  -3.33    10.80
  SINCE JAN 1     12.73                     16.42  -3.69    17.77

DEGREE DAYS
 COOLING
  YESTERDAY        7                         3      4        0
  MONTH TO DATE   29                         9     20        0
  SINCE MAR 1    136                        66     70       79
  SINCE JAN 1    136                        67     69       79
..................................................................


WIND (MPH)
  RESULTANT WIND SPEED   5   RESULTANT WIND DIRECTION   W (280)
  HIGHEST WIND SPEED    15   HIGHEST WIND DIRECTION    NW (300)
  HIGHEST GUST SPEED    22   HIGHEST GUST DIRECTION     W (290)
  AVERAGE WIND SPEED     6.0


SKY COVER
  POSSIBLE SUNSHINE  MM
  AVERAGE SKY COVER 0.4


WEATHER CONDITIONS
 THE FOLLOWING WEATHER WAS RECORDED YESTERDAY.
  LIGHT RAIN


RELATIVE HUMIDITY (PERCENT)
 HIGHEST   100           200 AM
 LOWEST     48           500 PM
 AVERAGE    74

..........................................................


THE ATHENS CLIMATE NORMALS FOR TODAY
                         NORMAL    RECORD    YEAR
 MAXIMUM TEMPERATURE (F)   79        92      1955
                                             1919
 MINIMUM TEMPERATURE (F)   55        37      1971


SUNRISE AND SUNSET
MAY  4 2016...........SUNRISE   641 AM EDT   SUNSET   820 PM EDT
MAY  5 2016...........SUNRISE   640 AM EDT   SUNSET   820 PM EDT


-  INDICATES NEGATIVE NUMBERS.
R  INDICATES RECORD WAS SET OR TIED.
MM INDICATES DATA IS MISSING.
T  INDICATES TRACE AMOUNT.




$$
