000
CDUS42 KFFC 010030
CLIAHN


CLIMATE REPORT
NATIONAL WEATHER SERVICE PEACHTREE CITY GA
830 PM EDT TUE JUN 30 2015


...................................

...THE ATHENS CLIMATE SUMMARY FOR JUNE 30 2015...
VALID AS OF 0800 PM LOCAL TIME.

CLIMATE NORMAL PERIOD 1981 TO 2010
CLIMATE RECORD PERIOD 1898 TO 2015


WEATHER ITEM   OBSERVED TIME   RECORD YEAR NORMAL DEPARTURE LAST
                VALUE   (LST)  VALUE       VALUE  FROM      YEAR
                                                  NORMAL
..................................................................
TEMPERATURE (F)
 TODAY
  MAXIMUM         91   1210 PM 107    2012  91      0       85
  MINIMUM         67    449 PM  52    1923  69     -2       69
  AVERAGE         79                        80     -1       77

PRECIPITATION (IN)
  TODAY            0.50          2.60 1910   0.14   0.36     0.14
  MONTH TO DATE    2.76                      4.18  -1.42     3.74
  SINCE JUN 1      2.76                      4.18  -1.42     3.74
  SINCE JAN 1     23.16                     23.29  -0.13    23.38

SNOWFALL (IN)
  TODAY            0.0          90.0  2001   0.0    0.0      0.0
  MONTH TO DATE    0.0                       0.0    0.0      0.0
  SINCE JUN 1      0.0                       0.0    0.0      0.0
  SINCE JUL 1      T                         2.9   -2.9      2.8
  SNOW DEPTH       0

DEGREE DAYS
 HEATING
  TODAY            0                         0      0        0
  MONTH TO DATE    0                         0      0        0
  SINCE JUN 1      0                         1     -1        0
  SINCE JUL 1   2828                      2771     57     3027

 COOLING
  TODAY           14                        15     -1       12
  MONTH TO DATE  470                       378     92      418
  SINCE JUN 1    470                       378     92      418
  SINCE JAN 1    795                       618    177      688
..................................................................


WIND (MPH)
  HIGHEST WIND SPEED    20   HIGHEST WIND DIRECTION    NW (330)
  HIGHEST GUST SPEED    29   HIGHEST GUST DIRECTION     W (280)
  AVERAGE WIND SPEED     3.6


SKY COVER
  AVERAGE SKY COVER 0.1


WEATHER CONDITIONS
 THE FOLLOWING WEATHER WAS RECORDED TODAY.
  HEAVY RAIN
  LIGHT RAIN
  FOG


RELATIVE HUMIDITY (PERCENT)
 HIGHEST    93           700 PM
 LOWEST     44          1200 PM

..........................................................


THE ATHENS CLIMATE NORMALS FOR TOMORROW
                         NORMAL    RECORD    YEAR
 MAXIMUM TEMPERATURE (F)   91       108      2012
 MINIMUM TEMPERATURE (F)   69        58      1937


SUNRISE AND SUNSET
JUNE 30 2015..........SUNRISE   625 AM EDT   SUNSET   848 PM EDT
JULY  1 2015..........SUNRISE   626 AM EDT   SUNSET   848 PM EDT


-  INDICATES NEGATIVE NUMBERS.
R  INDICATES RECORD WAS SET OR TIED.
MM INDICATES DATA IS MISSING.
T  INDICATES TRACE AMOUNT.




$$
