000
CDUS42 KFFC 200026
CLIAHN


CLIMATE REPORT
NATIONAL WEATHER SERVICE PEACHTREE CITY GA
726 PM EST THU JAN 19 2017


...................................

...THE ATHENS CLIMATE SUMMARY FOR JANUARY 19 2017...
VALID AS OF 0700 PM LOCAL TIME.

CLIMATE NORMAL PERIOD 1981 TO 2010
CLIMATE RECORD PERIOD 1898 TO 2017


WEATHER ITEM   OBSERVED TIME   RECORD YEAR NORMAL DEPARTURE LAST
                VALUE   (LST)  VALUE       VALUE  FROM      YEAR
                                                  NORMAL
..................................................................
TEMPERATURE (F)
 TODAY
  MAXIMUM         69    353 PM  72    1949  54     15       42
  MINIMUM         48    654 AM   5    1977  33     15       20
  AVERAGE         59                        44     15       31

PRECIPITATION (IN)
  TODAY            0.00          2.71 1936   0.13  -0.13     0.00
  MONTH TO DATE    2.85                      2.37   0.48     1.57
  SINCE DEC 1      5.27                      6.10  -0.83    13.94
  SINCE JAN 1      2.85                      2.37   0.48     1.57

SNOWFALL (IN)
  TODAY            0.0           0.0  2002   0.1   -0.1      0.0
  MONTH TO DATE    0.0                       0.9   -0.9      0.0
  SINCE DEC 1      0.0                       1.0   -1.0      0.0
  SINCE JUL 1      0.0                       1.0   -1.0      0.0
  SNOW DEPTH       0

DEGREE DAYS
 HEATING
  TODAY            6                        22    -16       34
  MONTH TO DATE  260                       418   -158      443
  SINCE DEC 1    806                      1028   -222      722
  SINCE JUL 1   1092                      1508   -416     1082

 COOLING
  TODAY            0                         0      0        0
  MONTH TO DATE    3                         0      3        0
  SINCE DEC 1      3                         1      2       19
  SINCE JAN 1      3                         0      3        0
..................................................................


WIND (MPH)
  HIGHEST WIND SPEED     9   HIGHEST WIND DIRECTION     E (100)
  HIGHEST GUST SPEED    13   HIGHEST GUST DIRECTION     E (100)
  AVERAGE WIND SPEED     4.5


SKY COVER
  AVERAGE SKY COVER 0.4


WEATHER CONDITIONS
 THE FOLLOWING WEATHER WAS RECORDED TODAY.
  NO SIGNIFICANT WEATHER WAS OBSERVED.


RELATIVE HUMIDITY (PERCENT)
 HIGHEST    86           700 AM
 LOWEST     37           400 PM

..........................................................


THE ATHENS CLIMATE NORMALS FOR TOMORROW
                         NORMAL    RECORD    YEAR
 MAXIMUM TEMPERATURE (F)   54        78      1927
 MINIMUM TEMPERATURE (F)   33        -1      1985


SUNRISE AND SUNSET
JANUARY 19 2017.......SUNRISE   737 AM EST   SUNSET   551 PM EST
JANUARY 20 2017.......SUNRISE   737 AM EST   SUNSET   552 PM EST


-  INDICATES NEGATIVE NUMBERS.
R  INDICATES RECORD WAS SET OR TIED.
MM INDICATES DATA IS MISSING.
T  INDICATES TRACE AMOUNT.




$$
