000
CDUS42 KFFC 290818
CLIAHN


CLIMATE REPORT
NATIONAL WEATHER SERVICE PEACHTREE CITY GA
417 AM EDT WED JUL 29 2015


...................................

...THE ATHENS CLIMATE SUMMARY FOR JULY 28 2015...

CLIMATE NORMAL PERIOD 1981 TO 2010
CLIMATE RECORD PERIOD 1898 TO 2015


WEATHER ITEM   OBSERVED TIME   RECORD YEAR NORMAL DEPARTURE LAST
                VALUE   (LST)  VALUE       VALUE  FROM      YEAR
                                                  NORMAL
..................................................................
TEMPERATURE (F)
 YESTERDAY
  MAXIMUM         98    409 PM 103    1952  91      7       92
  MINIMUM         74    618 AM  59    1911  70      4       71
  AVERAGE         86                        81      5       82

PRECIPITATION (IN)
  YESTERDAY        0.00          3.85 1926   0.14  -0.14     0.00
  MONTH TO DATE    5.08                      4.05   1.03     4.20
  SINCE JUN 1      7.84                      8.23  -0.39     7.94
  SINCE JAN 1     28.24                     27.34   0.90    27.58

DEGREE DAYS
 COOLING
  YESTERDAY       21                        16      5       17
  MONTH TO DATE  473                       441     32      421
  SINCE JUN 1    943                       819    124      839
  SINCE JAN 1   1268                      1059    209     1109
..................................................................


WIND (MPH)
  RESULTANT WIND SPEED   2   RESULTANT WIND DIRECTION  NE (60)
  HIGHEST WIND SPEED    14   HIGHEST WIND DIRECTION     N (20)
  HIGHEST GUST SPEED    20   HIGHEST GUST DIRECTION     N (20)
  AVERAGE WIND SPEED     3.1


SKY COVER
  POSSIBLE SUNSHINE  MM
  AVERAGE SKY COVER 0.2


WEATHER CONDITIONS
 THE FOLLOWING WEATHER WAS RECORDED YESTERDAY.
  FOG
  HAZE


RELATIVE HUMIDITY (PERCENT)
 HIGHEST    93           400 AM
 LOWEST     35           400 PM
 AVERAGE    64

..........................................................


THE ATHENS CLIMATE NORMALS FOR TODAY
                         NORMAL    RECORD    YEAR
 MAXIMUM TEMPERATURE (F)   91       103      1952
 MINIMUM TEMPERATURE (F)   70        60      1911


SUNRISE AND SUNSET
JULY 29 2015..........SUNRISE   642 AM EDT   SUNSET   837 PM EDT
JULY 30 2015..........SUNRISE   643 AM EDT   SUNSET   836 PM EDT


-  INDICATES NEGATIVE NUMBERS.
R  INDICATES RECORD WAS SET OR TIED.
MM INDICATES DATA IS MISSING.
T  INDICATES TRACE AMOUNT.




$$
