397
CDUS42 KFFC 250820
CLIAHN


CLIMATE REPORT
NATIONAL WEATHER SERVICE PEACHTREE CITY GA
420 AM EDT THU AUG 25 2016


...................................

...THE ATHENS CLIMATE SUMMARY FOR AUGUST 24 2016...

CLIMATE NORMAL PERIOD 1981 TO 2010
CLIMATE RECORD PERIOD 1898 TO 2016


WEATHER ITEM   OBSERVED TIME   RECORD YEAR NORMAL DEPARTURE LAST
                VALUE   (LST)  VALUE       VALUE  FROM      YEAR
                                                  NORMAL
..................................................................
TEMPERATURE (F)
 YESTERDAY
  MAXIMUM         84    431 PM 101    1983  89     -5       92
  MINIMUM         71   1159 PM  57    1997  69      2       70
  AVERAGE         78                        79     -1       81

PRECIPITATION (IN)
  YESTERDAY        0.25          4.82 1908   0.10   0.15     0.00
  MONTH TO DATE    9.97                      2.81   7.16     6.21
  SINCE JUN 1     15.66                     11.46   4.20    14.05
  SINCE JAN 1     30.84                     30.57   0.27    34.45

DEGREE DAYS
 COOLING
  YESTERDAY       13                        14     -1       16
  MONTH TO DATE  422                       357     65      394
  SINCE JUN 1   1498                      1219    279     1400
  SINCE JAN 1   1799                      1459    340     1725
..................................................................


WIND (MPH)
  RESULTANT WIND SPEED   2   RESULTANT WIND DIRECTION   E (90)
  HIGHEST WIND SPEED    10   HIGHEST WIND DIRECTION    NE (50)
  HIGHEST GUST SPEED    15   HIGHEST GUST DIRECTION    NE (60)
  AVERAGE WIND SPEED     2.2


SKY COVER
  POSSIBLE SUNSHINE  MM
  AVERAGE SKY COVER 0.6


WEATHER CONDITIONS
 THE FOLLOWING WEATHER WAS RECORDED YESTERDAY.
  HEAVY RAIN
  RAIN
  LIGHT RAIN
  FOG


RELATIVE HUMIDITY (PERCENT)
 HIGHEST   100           300 AM
 LOWEST     74          1100 AM
 AVERAGE    87

..........................................................


THE ATHENS CLIMATE NORMALS FOR TODAY
                         NORMAL    RECORD    YEAR
 MAXIMUM TEMPERATURE (F)   89       100      1933
 MINIMUM TEMPERATURE (F)   69        59      1997
                                             1952


SUNRISE AND SUNSET
AUGUST 25 2016........SUNRISE   702 AM EDT   SUNSET   807 PM EDT
AUGUST 26 2016........SUNRISE   703 AM EDT   SUNSET   806 PM EDT


-  INDICATES NEGATIVE NUMBERS.
R  INDICATES RECORD WAS SET OR TIED.
MM INDICATES DATA IS MISSING.
T  INDICATES TRACE AMOUNT.




$$
