000
CDUS42 KFFC 310824
CLIAHN


CLIMATE REPORT
NATIONAL WEATHER SERVICE PEACHTREE CITY GA
424 AM EDT FRI OCT 31 2014


...................................

...THE ATHENS CLIMATE SUMMARY FOR OCTOBER 30 2014...

CLIMATE NORMAL PERIOD 1981 TO 2010
CLIMATE RECORD PERIOD 1898 TO 2014


WEATHER ITEM   OBSERVED TIME   RECORD YEAR NORMAL DEPARTURE LAST
                VALUE   (LST)  VALUE       VALUE  FROM      YEAR
                                                  NORMAL
..................................................................
TEMPERATURE (F)
 YESTERDAY
  MAXIMUM         68    401 PM  87    1984  70     -2       78
  MINIMUM         41    651 AM  24    1952  47     -6       55
  AVERAGE         55                        59     -4       67

PRECIPITATION (IN)
  YESTERDAY        0.00          1.28 1993   0.10  -0.10     0.00
  MONTH TO DATE    3.41                      3.45  -0.04     1.27
  SINCE SEP 1      8.23                      7.39   0.84     3.69
  SINCE JAN 1     37.72                     38.68  -0.96    49.85

SNOWFALL (IN)
  YESTERDAY        0.0           0.0  2001   0.0    0.0      0.0
                                      2000
  MONTH TO DATE    0.0                       0.0    0.0      0.0
  SINCE SEP 1      0.0                       0.0    0.0      0.0
  SINCE JUL 1      0.0                       0.0    0.0      0.0
  SNOW DEPTH       0

DEGREE DAYS
 HEATING
  YESTERDAY       10                         7      3        0
  MONTH TO DATE   96                       118    -22      107
  SINCE SEP 1     98                       128    -30      109
  SINCE JUL 1     98                       128    -30      112

 COOLING
  YESTERDAY        0                         1     -1        2
  MONTH TO DATE   88                        61     27       63
  SINCE SEP 1    398                       321     77      318
  SINCE JAN 1   1983                      1876    107     1645
..................................................................


WIND (MPH)
  RESULTANT WIND SPEED   1   RESULTANT WIND DIRECTION   N (20)
  HIGHEST WIND SPEED    10   HIGHEST WIND DIRECTION    NE (60)
  HIGHEST GUST SPEED    15   HIGHEST GUST DIRECTION     E (70)
  AVERAGE WIND SPEED     2.8


SKY COVER
  POSSIBLE SUNSHINE  MM
  AVERAGE SKY COVER 0.0


WEATHER CONDITIONS
 THE FOLLOWING WEATHER WAS RECORDED YESTERDAY.
  NO SIGNIFICANT WEATHER WAS OBSERVED.


RELATIVE HUMIDITY (PERCENT)
 HIGHEST    93           700 AM
 LOWEST     35           300 PM
 AVERAGE    64

..........................................................


THE ATHENS CLIMATE NORMALS FOR TODAY
                         NORMAL    RECORD    YEAR
 MAXIMUM TEMPERATURE (F)   70        84      1961
                                             1950
                                             1919
 MINIMUM TEMPERATURE (F)   47        28      1917


SUNRISE AND SUNSET
OCTOBER 31 2014.......SUNRISE   752 AM EDT   SUNSET   642 PM EDT
NOVEMBER  1 2014......SUNRISE   753 AM EDT   SUNSET   641 PM EDT


-  INDICATES NEGATIVE NUMBERS.
R  INDICATES RECORD WAS SET OR TIED.
MM INDICATES DATA IS MISSING.
T  INDICATES TRACE AMOUNT.




$$
