000
CDUS42 KFFC 060917
CLIAHN


CLIMATE REPORT
NATIONAL WEATHER SERVICE PEACHTREE CITY GA
417 AM EST FRI MAR 6 2015


...................................

...THE ATHENS CLIMATE SUMMARY FOR MARCH 5 2015...

CLIMATE NORMAL PERIOD 1981 TO 2010
CLIMATE RECORD PERIOD 1898 TO 2015


WEATHER ITEM   OBSERVED TIME   RECORD YEAR NORMAL DEPARTURE LAST
                VALUE   (LST)  VALUE       VALUE  FROM      YEAR
                                                  NORMAL
..................................................................
TEMPERATURE (F)
 YESTERDAY
  MAXIMUM         68   1015 AM  81    1955  63      5       57
  MINIMUM         40   1159 PM  13    1960  40      0       32
  AVERAGE         54                        52      2       45

PRECIPITATION (IN)
  YESTERDAY        0.16          4.36 1929   0.15   0.01     0.04
  MONTH TO DATE    0.61                      0.76  -0.15     0.17
  SINCE MAR 1      0.61                      0.76  -0.15     0.17
  SINCE JAN 1      7.58                      9.29  -1.71     8.81

SNOWFALL (IN)
  YESTERDAY       MM             0.0  2002   0.0   MM        0.0
                                      2000
  MONTH TO DATE   MM                         0.1   MM        0.0
  SINCE MAR 1     MM                         0.1   MM        0.0
  SINCE JUL 1      T                         2.2   -2.2      2.8
  SNOW DEPTH       0

DEGREE DAYS
 HEATING
  YESTERDAY       11                        14     -3       20
  MONTH TO DATE   61                        71    -10       82
  SINCE MAR 1     61                        71    -10       82
  SINCE JUL 1   2567                      2326    241     2544

 COOLING
  YESTERDAY        0                         0      0        0
  MONTH TO DATE    0                         0      0        0
  SINCE MAR 1      0                         0      0        0
  SINCE JAN 1      0                         1     -1        1
..................................................................


WIND (MPH)
  RESULTANT WIND SPEED   8   RESULTANT WIND DIRECTION   W (270)
  HIGHEST WIND SPEED    25   HIGHEST WIND DIRECTION    NW (300)
  HIGHEST GUST SPEED    34   HIGHEST GUST DIRECTION    NW (300)
  AVERAGE WIND SPEED    10.4


SKY COVER
  POSSIBLE SUNSHINE  MM
  AVERAGE SKY COVER 0.9


WEATHER CONDITIONS
 THE FOLLOWING WEATHER WAS RECORDED YESTERDAY.
  HEAVY RAIN
  RAIN
  LIGHT RAIN
  FOG


RELATIVE HUMIDITY (PERCENT)
 HIGHEST    96          1200 PM
 LOWEST     70           800 PM
 AVERAGE    83

..........................................................


THE ATHENS CLIMATE NORMALS FOR TODAY
                         NORMAL    RECORD    YEAR
 MAXIMUM TEMPERATURE (F)   63        82      1974
 MINIMUM TEMPERATURE (F)   40        17      1960


SUNRISE AND SUNSET
MARCH  6 2015.........SUNRISE   656 AM EST   SUNSET   634 PM EST
MARCH  7 2015.........SUNRISE   655 AM EST   SUNSET   634 PM EST


-  INDICATES NEGATIVE NUMBERS.
R  INDICATES RECORD WAS SET OR TIED.
MM INDICATES DATA IS MISSING.
T  INDICATES TRACE AMOUNT.




$$
