000
CDUS42 KFFC 230821
CLIAHN


CLIMATE REPORT
NATIONAL WEATHER SERVICE PEACHTREE CITY GA
420 AM EDT WED AUG 23 2017


...................................

...THE ATHENS CLIMATE SUMMARY FOR AUGUST 22 2017...

CLIMATE NORMAL PERIOD 1981 TO 2010
CLIMATE RECORD PERIOD 1898 TO 2017


WEATHER ITEM   OBSERVED TIME   RECORD YEAR NORMAL DEPARTURE LAST
                VALUE   (LST)  VALUE       VALUE  FROM      YEAR
                                                  NORMAL
..................................................................
TEMPERATURE (F)
 YESTERDAY
  MAXIMUM         93    343 PM 106    2007  90      3       89
                                      1983
  MINIMUM         71    623 AM  54    1918  69      2       71
  AVERAGE         82                        79      3       80

PRECIPITATION (IN)
  YESTERDAY        0.00          2.97 1969   0.11  -0.11     0.00
  MONTH TO DATE    4.28                      2.60   1.68     9.72
  SINCE JUN 1     15.69                     11.25   4.44    15.41
  SINCE JAN 1     40.80                     30.36  10.44    30.59

DEGREE DAYS
 COOLING
  YESTERDAY       17                        14      3       15
  MONTH TO DATE  323                       329     -6      393
  SINCE JUN 1   1168                      1191    -23     1469
  SINCE JAN 1   1533                      1431    102     1770
..................................................................


WIND (MPH)
  RESULTANT WIND SPEED   1   RESULTANT WIND DIRECTION   S (180)
  HIGHEST WIND SPEED     9   HIGHEST WIND DIRECTION     S (180)
  HIGHEST GUST SPEED    17   HIGHEST GUST DIRECTION    SW (210)
  AVERAGE WIND SPEED     1.8


SKY COVER
  POSSIBLE SUNSHINE  MM
  AVERAGE SKY COVER 0.2


WEATHER CONDITIONS
 THE FOLLOWING WEATHER WAS RECORDED YESTERDAY.
  FOG


RELATIVE HUMIDITY (PERCENT)
 HIGHEST   100           100 AM
 LOWEST     52           400 PM
 AVERAGE    76

..........................................................


THE ATHENS CLIMATE NORMALS FOR TODAY
                         NORMAL    RECORD    YEAR
 MAXIMUM TEMPERATURE (F)   89       105      1983
 MINIMUM TEMPERATURE (F)   69        56      1930


SUNRISE AND SUNSET
AUGUST 23 2017........SUNRISE   701 AM EDT   SUNSET   810 PM EDT
AUGUST 24 2017........SUNRISE   702 AM EDT   SUNSET   809 PM EDT


-  INDICATES NEGATIVE NUMBERS.
R  INDICATES RECORD WAS SET OR TIED.
MM INDICATES DATA IS MISSING.
T  INDICATES TRACE AMOUNT.




$$
