000
CDUS45 KCYS 290344
CLIAIA


CLIMATE REPORT
NATIONAL WEATHER SERVICE CHEYENNE WY
943 PM MDT THU MAY 28 2015


...................................

...THE ALLIANCE NE AIRPORT CLIMATE SUMMARY FOR MAY 28 2015...
VALID TODAY AS OF 0900 PM LOCAL TIME.

CLIMATE NORMAL PERIOD 1981 TO 2010
CLIMATE RECORD PERIOD 1896 TO 2015


WEATHER ITEM   OBSERVED TIME   RECORD YEAR NORMAL DEPARTURE LAST
                VALUE   (LST)  VALUE       VALUE  FROM      YEAR
                                                  NORMAL
..................................................................
TEMPERATURE (F)
 TODAY
  MAXIMUM         76    121 PM  95    1934  74      2       87
  MINIMUM         50    356 AM  27    2005  44      6       54
  AVERAGE         63                        59      4       71

PRECIPITATION (IN)
  TODAY            0.09          2.66 1978   0.10  -0.01     0.00
  MONTH TO DATE    7.67                      2.27   5.40     4.02
  SINCE JAN 1     11.10                      5.13   5.97     6.82

DEGREE DAYS
 HEATING
  TODAY            2                         7     -5        0
  MONTH TO DATE  369                       308     61      336
  SINCE MAR 1   1637                      1793   -156     1855
  SINCE JUL 1   6864                      7197   -333     7419

 COOLING
  TODAY            0                         1     -1        6
  MONTH TO DATE    0                         3     -3        6
  SINCE MAR 1      0                         3     -3        6
  SINCE JAN 1      0                         3     -3        6
..................................................................


WIND (MPH)
  HIGHEST WIND SPEED    26   HIGHEST WIND DIRECTION    NW (330)
  HIGHEST GUST SPEED    35   HIGHEST GUST DIRECTION    NW (330)
  AVERAGE WIND SPEED    10.2


SKY COVER
  AVERAGE SKY COVER 0.3


WEATHER CONDITIONS
 THE FOLLOWING WEATHER WAS RECORDED TODAY.
  THUNDERSTORM
  RAIN
  LIGHT RAIN
  FOG


RELATIVE HUMIDITY (PERCENT)
 HIGHEST    96           500 AM
 LOWEST     43          1200 PM
 AVERAGE    70

..........................................................


THE ALLIANCE NE AIRPORT CLIMATE NORMALS FOR TOMORROW
                         NORMAL    RECORD    YEAR
 MAXIMUM TEMPERATURE (F)   74        97      2003
 MINIMUM TEMPERATURE (F)   44        19      1947


SUNRISE AND SUNSET
MAY 28 2015...........SUNRISE   520 AM MDT   SUNSET   817 PM MDT
MAY 29 2015...........SUNRISE   520 AM MDT   SUNSET   818 PM MDT


-  INDICATES NEGATIVE NUMBERS.
R  INDICATES RECORD WAS SET OR TIED.
MM INDICATES DATA IS MISSING.
T  INDICATES TRACE AMOUNT.




$$
