000
CDUS45 KCYS 282233
CLIAIA


CLIMATE REPORT
NATIONAL WEATHER SERVICE CHEYENNE WY
333 PM MST WED JAN 28 2015


...................................

...THE ALLIANCE NE AIRPORT CLIMATE SUMMARY FOR JANUARY 28 2015...
VALID AS OF 0300 PM LOCAL TIME.

CLIMATE NORMAL PERIOD 1981 TO 2010
CLIMATE RECORD PERIOD 1896 TO 2015


WEATHER ITEM   OBSERVED TIME   RECORD YEAR NORMAL DEPARTURE LAST
                VALUE   (LST)  VALUE       VALUE  FROM      YEAR
                                                  NORMAL
..................................................................
TEMPERATURE (F)
 TODAY
  MAXIMUM         58    137 PM  61    1987  39     19       29
                                      1931
  MINIMUM         33    146 AM -18    1902  11     22       -2
  AVERAGE         46                        25     21       14

PRECIPITATION (IN)
  TODAY            0.00          0.10 2013   0.00   0.00     0.00
                                      1908
                                      1907
  MONTH TO DATE    0.02                      0.15  -0.13     0.13
  SINCE JAN 1      0.02                      0.15  -0.13     0.13

DEGREE DAYS
 HEATING
  TODAY           19                        40    -21       51
  MONTH TO DATE 1147                      1142      5     1005
  SINCE DEC 1   2406                      2425    -19     2364
  SINCE JUL 1   4114                      4224   -110     4094

 COOLING
  TODAY            0                         0      0        0
  MONTH TO DATE    0                         0      0        0
  SINCE DEC 1      0                         0      0        0
  SINCE JAN 1      0                         0      0        0
..................................................................


WIND (MPH)
  HIGHEST WIND SPEED    36   HIGHEST WIND DIRECTION    NW (330)
  HIGHEST GUST SPEED    46   HIGHEST GUST DIRECTION    NW (320)
  AVERAGE WIND SPEED    19.3


SKY COVER
  AVERAGE SKY COVER 0.2


WEATHER CONDITIONS
 THE FOLLOWING WEATHER WAS RECORDED TODAY.
  NO SIGNIFICANT WEATHER WAS OBSERVED.


RELATIVE HUMIDITY (PERCENT)
 HIGHEST    75           100 AM
 LOWEST     35           100 PM
 AVERAGE    55

..........................................................


THE ALLIANCE NE AIRPORT CLIMATE NORMALS FOR TOMORROW
                         NORMAL    RECORD    YEAR
 MAXIMUM TEMPERATURE (F)   39        67      1931
 MINIMUM TEMPERATURE (F)   11       -18      1916


SUNRISE AND SUNSET
JANUARY 28 2015.......SUNRISE   708 AM MST   SUNSET   501 PM MST
JANUARY 29 2015.......SUNRISE   707 AM MST   SUNSET   502 PM MST


-  INDICATES NEGATIVE NUMBERS.
R  INDICATES RECORD WAS SET OR TIED.
MM INDICATES DATA IS MISSING.
T  INDICATES TRACE AMOUNT.




$$
