000
CDUS45 KCYS 030730
CLIAIA


CLIMATE REPORT
NATIONAL WEATHER SERVICE CHEYENNE WY
130 AM MDT TUE MAY 3 2016


...................................

...THE ALLIANCE NE AIRPORT CLIMATE SUMMARY FOR MAY 2 2016...

CLIMATE NORMAL PERIOD 1981 TO 2010
CLIMATE RECORD PERIOD 1896 TO 2016


WEATHER ITEM   OBSERVED TIME   RECORD YEAR NORMAL DEPARTURE LAST
                VALUE   (LST)  VALUE       VALUE  FROM      YEAR
                                                  NORMAL
..................................................................
TEMPERATURE (F)
 YESTERDAY
  MAXIMUM         63    410 PM  86    1981  66     -3       82
  MINIMUM         21    429 AM  12    2005  34    -13       41
  AVERAGE         42                        50     -8       62

PRECIPITATION (IN)
  YESTERDAY        0.01          1.16 1988   0.10  -0.09     0.00
  MONTH TO DATE    0.02                      0.19  -0.17     0.00
  SINCE JAN 1      5.14                      3.05   2.09     3.43

DEGREE DAYS
 HEATING
  YESTERDAY       23                        15      8        3
  MONTH TO DATE   53                        31     22       14
  SINCE MAR 1   1434                      1516    -82     1282
  SINCE JUL 1   6509                      6920   -411     6509

 COOLING
  YESTERDAY        0                         0      0        0
  MONTH TO DATE    0                         0      0        0
  SINCE MAR 1      0                         0      0        0
  SINCE JAN 1      0                         0      0        0
..................................................................


WIND (MPH)
  HIGHEST WIND SPEED    21   HIGHEST WIND DIRECTION    NW (310)
  HIGHEST GUST SPEED    26   HIGHEST GUST DIRECTION     W (270)
  AVERAGE WIND SPEED     8.7


SKY COVER
  AVERAGE SKY COVER 0.3


WEATHER CONDITIONS
 THE FOLLOWING WEATHER WAS RECORDED YESTERDAY.
  NO SIGNIFICANT WEATHER WAS OBSERVED.


RELATIVE HUMIDITY (PERCENT)
 HIGHEST   100          1100 PM
 LOWEST     30           200 PM
 AVERAGE    65

..........................................................


THE ALLIANCE NE AIRPORT CLIMATE NORMALS FOR TODAY
                         NORMAL    RECORD    YEAR
 MAXIMUM TEMPERATURE (F)   66        87      1940
 MINIMUM TEMPERATURE (F)   35        16      2008
                                             1954


SUNRISE AND SUNSET
MAY  3 2016...........SUNRISE   544 AM MDT   SUNSET   753 PM MDT
MAY  4 2016...........SUNRISE   542 AM MDT   SUNSET   754 PM MDT


-  INDICATES NEGATIVE NUMBERS.
R  INDICATES RECORD WAS SET OR TIED.
MM INDICATES DATA IS MISSING.
T  INDICATES TRACE AMOUNT.




$$
