000
CDUS45 KCYS 050728
CLIAIA


CLIMATE REPORT
NATIONAL WEATHER SERVICE CHEYENNE WY
128 AM MDT SUN JUL 5 2015


...................................

...THE ALLIANCE NE AIRPORT CLIMATE SUMMARY FOR JULY 4 2015...

CLIMATE NORMAL PERIOD 1981 TO 2010
CLIMATE RECORD PERIOD 1896 TO 2015


WEATHER ITEM   OBSERVED TIME   RECORD YEAR NORMAL DEPARTURE LAST
                VALUE   (LST)  VALUE       VALUE  FROM      YEAR
                                                  NORMAL
..................................................................
TEMPERATURE (F)
 YESTERDAY
  MAXIMUM         90    220 PM 105    1936  86      4       89
  MINIMUM         62    437 AM  36    1997  55      7       60
  AVERAGE         76                        70      6       75

PRECIPITATION (IN)
  YESTERDAY        0.00          1.47 1944   0.08  -0.08     0.01
  MONTH TO DATE    0.71                      0.32   0.39     0.01
  SINCE JAN 1     15.91                      8.71   7.20    12.19

DEGREE DAYS
 HEATING
  YESTERDAY        0                         1     -1        0
  MONTH TO DATE    0                         4     -4       10
  SINCE JUN 1      9                        97    -88      109
  SINCE JUL 1      0                         4     -4       10

 COOLING
  YESTERDAY       11                         6      5       10
  MONTH TO DATE   29                        24      5       14
  SINCE JUN 1    133                       112     21       50
  SINCE JAN 1    133                       122     11       64
..................................................................


WIND (MPH)
  HIGHEST WIND SPEED    17   HIGHEST WIND DIRECTION     S (170)
  HIGHEST GUST SPEED    26   HIGHEST GUST DIRECTION     S (180)
  AVERAGE WIND SPEED    10.5


SKY COVER
  AVERAGE SKY COVER 0.0


WEATHER CONDITIONS
 THE FOLLOWING WEATHER WAS RECORDED YESTERDAY.
  NO SIGNIFICANT WEATHER WAS OBSERVED.


RELATIVE HUMIDITY (PERCENT)
 HIGHEST    93           300 AM
 LOWEST     41           100 PM
 AVERAGE    67

..........................................................


THE ALLIANCE NE AIRPORT CLIMATE NORMALS FOR TODAY
                         NORMAL    RECORD    YEAR
 MAXIMUM TEMPERATURE (F)   87       106      1936
 MINIMUM TEMPERATURE (F)   55        41      1908


SUNRISE AND SUNSET
JULY  5 2015..........SUNRISE   521 AM MDT   SUNSET   830 PM MDT
JULY  6 2015..........SUNRISE   522 AM MDT   SUNSET   830 PM MDT


-  INDICATES NEGATIVE NUMBERS.
R  INDICATES RECORD WAS SET OR TIED.
MM INDICATES DATA IS MISSING.
T  INDICATES TRACE AMOUNT.




$$
