000
CDUS45 KCYS 230735
CLIAIA


CLIMATE REPORT
NATIONAL WEATHER SERVICE CHEYENNE WY
135 AM MDT SAT JUL 23 2016


...................................

...THE ALLIANCE NE AIRPORT CLIMATE SUMMARY FOR JULY 22 2016...

CLIMATE NORMAL PERIOD 1981 TO 2010
CLIMATE RECORD PERIOD 1896 TO 2016


WEATHER ITEM   OBSERVED TIME   RECORD YEAR NORMAL DEPARTURE LAST
                VALUE   (LST)  VALUE       VALUE  FROM      YEAR
                                                  NORMAL
..................................................................
TEMPERATURE (F)
 YESTERDAY
  MAXIMUM         97    125 PM 103    2012  89      8       88
                                      2007
  MINIMUM         61    235 AM  43    1990  57      4       56
  AVERAGE         79                        73      6       72

PRECIPITATION (IN)
  YESTERDAY        0.55          1.72 1935   0.08   0.47     0.00
  MONTH TO DATE    1.72                      1.78  -0.06     2.19
  SINCE JAN 1     11.28                     10.17   1.11    17.39

DEGREE DAYS
 HEATING
  YESTERDAY        0                         0      0        0
  MONTH TO DATE    3                         5     -2       12
  SINCE JUN 1     26                        98    -72       21
  SINCE JUL 1      3                         5     -2       12

 COOLING
  YESTERDAY       14                         8      6        7
  MONTH TO DATE  164                       157      7      113
  SINCE JUN 1    338                       245     93      217
  SINCE JAN 1    338                       255     83      217
..................................................................


WIND (MPH)
  HIGHEST WIND SPEED    29   HIGHEST WIND DIRECTION    NE (30)
  HIGHEST GUST SPEED    36   HIGHEST GUST DIRECTION     N (20)
  AVERAGE WIND SPEED     8.8


SKY COVER
  AVERAGE SKY COVER 0.0


WEATHER CONDITIONS
 THE FOLLOWING WEATHER WAS RECORDED YESTERDAY.
  THUNDERSTORM
  HEAVY RAIN
  RAIN
  LIGHT RAIN
  FOG


RELATIVE HUMIDITY (PERCENT)
 HIGHEST    93           300 AM
 LOWEST     30          1200 PM
 AVERAGE    62

..........................................................


THE ALLIANCE NE AIRPORT CLIMATE NORMALS FOR TODAY
                         NORMAL    RECORD    YEAR
 MAXIMUM TEMPERATURE (F)   89       107      2005
 MINIMUM TEMPERATURE (F)   57        42      1954


SUNRISE AND SUNSET
JULY 23 2016..........SUNRISE   536 AM MDT   SUNSET   819 PM MDT
JULY 24 2016..........SUNRISE   537 AM MDT   SUNSET   818 PM MDT


-  INDICATES NEGATIVE NUMBERS.
R  INDICATES RECORD WAS SET OR TIED.
MM INDICATES DATA IS MISSING.
T  INDICATES TRACE AMOUNT.




$$
