000
CDAK48 PAKN 261004
CLIAKN

CLIMATE REPORT
NATIONAL WEATHER SERVICE KING SALMON, AK
104 AM AKST MON JAN 26 2015

...................................
...THE KING SALMON AP CLIMATE SUMMARY FOR JANUARY 25 2015...

CLIMATE NORMAL PERIOD  1981 TO  2010
CLIMATE RECORD PERIOD  1917 TO  2015

WEATHER ITEM   OBSERVED TIME    RECORD YEAR NORMAL DEPARTURE LAST
               VALUE    (LST)   VALUE       VALUE  FROM      YEAR
                                                   NORMAL
...................................................................
TEMPERATURE
YESTERDAY
 MAXIMUM            -2  0651 PM    48  2014     24     -26     48
 MINIMUM           -12  1027 AM   -39  1919      9     -21     35
 AVERAGE            -7                          16     -23     42

PRECIPITATION
(INCHES)
 YESTERDAY        0.00           0.21  1948   0.04   -0.04   0.03
 MONTH TO DATE    0.52                        0.82   -0.30   1.73
 SINCE DEC 1      2.48                        2.05    0.43   2.86
 SINCE JAN 1      0.52                        0.82   -0.30   1.73

SNOWFALL
(INCHES)
 YESTERDAY         0.0            5.2  1993    0.3    -0.3    0.0
 MONTH TO DATE     0.7                         8.2    -7.5   10.6
 SINCE DEC 1       8.2                        17.7    -9.5   13.8
 SINCE JUL 1      11.7                        27.5   -15.8   25.4
 SNOW DEPTH (IN)     T                                          0

DEGREE DAYS
 HEATING
  YESTERDAY         72                          49      23     23
  MONTH TO DATE   1053                        1221    -168    793
  SINCE DEC 1     2080                        2659    -579   2135
  SINCE JUL 1     4831                        6034   -1203   5039

 COOLING
  YESTERDAY          0                           0       0      0
  MONTH TO DATE      0                           0       0      0
  SINCE DEC 1        0                           0       0      0
  SINCE JAN 1        0                           0       0      0
...................................................................

WIND (MPH)
 HIGHEST WIND SPEED    20     HIGHEST WIND DIRECTION    360
 HIGHEST GUST SPEED    23     HIGHEST GUST DIRECTION    360
 AVERAGE WIND SPEED   9.8

SKY COVER
  POSSIBLE SUNSHINE    MM          AVERAGE SKY COVER     MM

WEATHER CONDITIONS
 THE FOLLOWING WEATHER WAS RECORDED YESTERDAY.
  NO SIGNIFICANT WEATHER WAS OBSERVED.

RELATIVE HUMIDITY
 HIGHEST RH     MM PERCENT       MM
 LOWEST  RH     MM PERCENT       MM
 AVERAGE RH     MM PERCENT       MM
...................................................................

THE KING SALMON CLIMATE NORMALS FOR TODAY
                           NORMAL    RECORD   YEAR
 MAXIMUM TEMPERATURE (F)     24        51     2014
 MINIMUM TEMPERATURE (F)      9       -42     1919

SUNRISE AND SUNSET
 JAN 26 2015..........SUNRISE  9:46 AM      SUNSET  5:34 PM
 JAN 27 2015..........SUNRISE  9:44 AM      SUNSET  5:36 PM

-  INDICATES NEGATIVE NUMBERS.
R  INDICATES RECORD HAS BEEN SET OR TIED.
MM INDICATES DATA IS MISSING.
T  INDICATES TRACE OF PRECIPITATION.

&&
-------------------------------------------------------------------

AMOUNT OF DAYLIGHT TODAY  (HOUR:MIN)........7 HOURS 48 MINUTES
GAIN/LOSS SINCE YESTERDAY (HOUR:MIN:SEC)....+0:04:19

$$
FS JAN 15
