000
CDAK48 PAKN 190004
CLIAKN

CLIMATE REPORT
NATIONAL WEATHER SERVICE KING SALMON, AK
404 PM AKDT FRI APR 18 2014

...................................
...THE KING SALMON AP CLIMATE SUMMARY FOR APRIL 18 2014...
VALID TODAY AS OF 2:00 PM LOCAL TIME

CLIMATE NORMAL PERIOD  1981 TO  2010
CLIMATE RECORD PERIOD  1949 TO  2014

WEATHER ITEM   OBSERVED TIME    RECORD YEAR NORMAL DEPARTURE LAST
               VALUE    (LST)   VALUE       VALUE  FROM      YEAR
                                                   NORMAL
...................................................................
TEMPERATURE
TODAY
 MAXIMUM            46  0255 PM    56  1965     43       3     47
 MINIMUM            32  0224 AM    -6  1985     26       6     16
 AVERAGE            39                          35       4     32

PRECIPITATION
(INCHES)
 TODAY               T           0.32  1950   0.03   -0.03   0.00
 MONTH TO DATE    0.40                        0.55   -0.15   0.06
 SINCE MAR 1      1.16                        1.25   -0.09   1.56
 SINCE JAN 1      2.97                        3.03   -0.06   5.89

SNOWFALL
(INCHES)
 TODAY               T            3.8  1950    0.2    -0.2    0.0
 MONTH TO DATE     0.5                         2.9    -2.4    0.8
 SINCE MAR 1       9.3                         9.3     0.0   12.1
 SINCE JUL 1      36.0                        44.8    -8.8   74.5
 SNOW DEPTH (IN)     0                                          0

DEGREE DAYS
 HEATING
  TODAY             26                          30      -4     33
  MONTH TO DATE    537                         606     -69    755
  SINCE MAR 1     1786                        1871     -85   2103
  SINCE JUL 1     8141                        9489   -1348   9968

 COOLING
  TODAY              0                           0       0      0
  MONTH TO DATE      0                           0       0      0
  SINCE MAR 1        0                           0       0      0
  SINCE JAN 1        0                           0       0      0
...................................................................

WIND (MPH)
 HIGHEST WIND SPEED    14     HIGHEST WIND DIRECTION    110
 HIGHEST GUST SPEED    23     HIGHEST GUST DIRECTION     90
 AVERAGE WIND SPEED    MM

SKY COVER
  POSSIBLE SUNSHINE  MM            AVERAGE SKY COVER MM

WEATHER CONDITIONS
 THE FOLLOWING WEATHER WAS RECORDED TODAY.
FOG
RAIN
SNOW


RELATIVE HUMIDITY
 HIGHEST RH     MM PERCENT       MM
 LOWEST  RH     MM PERCENT       MM
 AVERAGE RH     MM PERCENT       MM
...................................................................

THE KING SALMON CLIMATE NORMALS FOR TOMORROW
                        NORMAL    RECORD   YEAR
 MAXIMUM TEMPERATURE      44        59     1951
 MINIMUM TEMPERATURE      26         0     1982

SUNRISE AND SUNSET
 APR 18 2014..........SUNRISE  7:05 AM      SUNSET  9:49 PM
 APR 19 2014..........SUNRISE  7:03 AM      SUNSET  9:51 PM

-  INDICATES NEGATIVE NUMBERS.
R  INDICATES RECORD HAS BEEN SET OR TIED.
MM INDICATES DATA IS MISSING.
T  INDICATES TRACE OF PRECIPITATION.

&&
-------------------------------------------------------------------

AMOUNT OF DAYLIGHT TODAY  (HOUR:MIN)........14 HOURS 44 MINUTES
GAIN/LOSS SINCE YESTERDAY (HOUR:MIN:SEC)....+0:05:04

$$
FS APR 14
