000
CDAK48 PAKN 281745 CCB
CLIAKN

CLIMATE REPORT
NATIONAL WEATHER SERVICE KING SALMON, AK
945 AM AKDT MON JUL 28 2014

...................................
...THE KING SALMON AP CLIMATE SUMMARY FOR JULY 27 2014...

CLIMATE NORMAL PERIOD  1981 TO  2010
CLIMATE RECORD PERIOD  1917 TO  2013

WEATHER ITEM   OBSERVED TIME    RECORD YEAR NORMAL DEPARTURE LAST
               VALUE    (LST)   VALUE       VALUE  FROM      YEAR
                                                   NORMAL
...................................................................
TEMPERATURE
YESTERDAY
 MAXIMUM            72  0534 PM    82  1987     64       8     79
 MINIMUM            38  0316 AM    36  1967     48     -10     53
 AVERAGE            55                          56      -1     66

PRECIPITATION
(INCHES)
 YESTERDAY        0.00           1.01  1933   0.08   -0.08   0.00
 MONTH TO DATE    2.20                        1.95    0.25   1.30
 SINCE JUN 1      5.45                        3.60    1.85   2.35
 SINCE JAN 1     10.58                        8.30    2.28   8.71

SNOWFALL
(INCHES)
 YESTERDAY         0.0            0.0  2014    0.0     0.0    0.0
 MONTH TO DATE     0.0                         0.0     0.0    0.0
 SINCE JUN 1       0.0                         0.0     0.0    0.0
 SINCE JUL 1       0.0                         0.0     0.0    0.0
 SNOW DEPTH (IN)     0                                          0

DEGREE DAYS
 HEATING
  YESTERDAY         10                           9       1      0
  MONTH TO DATE    214                         254     -40    217
  SINCE JUN 1      645                         661     -16    499
  SINCE JUL 1      214                         254     -40    217

 COOLING
  YESTERDAY          0                           0       0      1
  MONTH TO DATE      0                           0       0      4
  SINCE JUN 1        0                           0       0      4
  SINCE JAN 1        0                           0       0      4
...................................................................

WIND (MPH)
 HIGHEST WIND SPEED    16     HIGHEST WIND DIRECTION    350
 HIGHEST GUST SPEED    22     HIGHEST GUST DIRECTION     10
 AVERAGE WIND SPEED   5.3

SKY COVER
  POSSIBLE SUNSHINE    MM          AVERAGE SKY COVER     MM

WEATHER CONDITIONS
 THE FOLLOWING WEATHER WAS RECORDED YESTERDAY.
  FOG


RELATIVE HUMIDITY
 HIGHEST RH     MM PERCENT       MM
 LOWEST  RH     MM PERCENT       MM
 AVERAGE RH     MM PERCENT       MM
...................................................................

THE KING SALMON CLIMATE NORMALS FOR TODAY
                           NORMAL    RECORD   YEAR
 MAXIMUM TEMPERATURE (F)     64        78     1997
 MINIMUM TEMPERATURE (F)     48        36     2008

SUNRISE AND SUNSET
 JUL 28 2014..........SUNRISE  6:08 AM      SUNSET 10:57 PM
 JUL 29 2014..........SUNRISE  6:10 AM      SUNSET 10:55 PM

-  INDICATES NEGATIVE NUMBERS.
R  INDICATES RECORD HAS BEEN SET OR TIED.
MM INDICATES DATA IS MISSING.
T  INDICATES TRACE OF PRECIPITATION.

&&
-------------------------------------------------------------------

AMOUNT OF DAYLIGHT TODAY  (HOUR:MIN)........16 HOURS 49 MINUTES
LOSS SINCE YESTERDAY (HOUR:MIN:SEC).........-0:04:16

$$

DT JUL 14
