000
CDAK48 PAKN 230933
CLIAKN

CLIMATE REPORT
NATIONAL WEATHER SERVICE KING SALMON, AK
133 AM AKDT SAT JUL 23 2016

...................................
...THE KING SALMON AP CLIMATE SUMMARY FOR JULY 22 2016...

CLIMATE NORMAL PERIOD  1981 TO  2010
CLIMATE RECORD PERIOD  1917 TO  2016

WEATHER ITEM   OBSERVED TIME    RECORD YEAR NORMAL DEPARTURE LAST
               VALUE    (LST)   VALUE       VALUE  FROM      YEAR
                                                   NORMAL
...................................................................
TEMPERATURE
YESTERDAY
 MAXIMUM            62  0601 PM    79  2013     64      -2     56
 MINIMUM            54  1148 PM    38  1965     48       6     51
 AVERAGE            58                          56       2     54

PRECIPITATION
(INCHES)
 YESTERDAY        0.31           0.78  1986   0.08    0.23   0.62
 MONTH TO DATE    2.13                        1.54    0.59   2.23
 SINCE JUN 1      4.41                        3.19    1.22   3.07
 SINCE JAN 1     11.82                        7.89    3.93  10.31

SNOWFALL
(INCHES)
 YESTERDAY         0.0            0.0  2016    0.0     0.0    0.0
 MONTH TO DATE     0.0                         0.0     0.0    0.0
 SINCE JUN 1       0.0                         0.0     0.0    0.0
 SINCE JUL 1       0.0                         0.0     0.0    0.0
 SNOW DEPTH (IN)     0                                          0

DEGREE DAYS
 HEATING
  YESTERDAY          7                           9      -2     11
  MONTH TO DATE    138                         209     -71    167
  SINCE JUN 1      409                         616    -207    416
  SINCE JUL 1      138                         209     -71    167

 COOLING
  YESTERDAY          0                           0       0      0
  MONTH TO DATE      0                           0       0      0
  SINCE JUN 1        0                           0       0      2
  SINCE JAN 1        0                           0       0      2
...................................................................

WIND (MPH)
 HIGHEST WIND SPEED    17     HIGHEST WIND DIRECTION    320
 HIGHEST GUST SPEED    25     HIGHEST GUST DIRECTION    320
 AVERAGE WIND SPEED   8.5

SKY COVER
  POSSIBLE SUNSHINE    MM          AVERAGE SKY COVER     MM

WEATHER CONDITIONS
 THE FOLLOWING WEATHER WAS RECORDED YESTERDAY.
  FOG
RAIN


RELATIVE HUMIDITY
 HIGHEST RH     MM PERCENT       MM
 LOWEST  RH     MM PERCENT       MM
 AVERAGE RH     MM PERCENT       MM
...................................................................

THE KING SALMON CLIMATE NORMALS FOR TODAY
                           NORMAL    RECORD   YEAR
 MAXIMUM TEMPERATURE (F)     64        81     1980
 MINIMUM TEMPERATURE (F)     48        39     1970

SUNRISE AND SUNSET
 JUL 23 2016..........SUNRISE  5:59 AM      SUNSET 11:07 PM
 JUL 24 2016..........SUNRISE  6:01 AM      SUNSET 11:05 PM

-  INDICATES NEGATIVE NUMBERS.
R  INDICATES RECORD HAS BEEN SET OR TIED.
MM INDICATES DATA IS MISSING.
T  INDICATES TRACE OF PRECIPITATION.

&&
-------------------------------------------------------------------

AMOUNT OF DAYLIGHT TODAY  (HOUR:MIN)........17 HOURS 8 MINUTES
GAIN/LOSS SINCE YESTERDAY (HOUR:MIN:SEC)....-0:03:59

$$
DJH JUL 16
