000
CDAK48 PAKN 231200
CLIAKN

CLIMATE REPORT
NATIONAL WEATHER SERVICE KING SALMON, AK
400 AM AKDT SAT AUG 23 2014

...................................
...THE KING SALMON AP CLIMATE SUMMARY FOR AUGUST 22 2014...

CLIMATE NORMAL PERIOD  1981 TO  2010
CLIMATE RECORD PERIOD  1917 TO  2013

WEATHER ITEM   OBSERVED TIME    RECORD YEAR NORMAL DEPARTURE LAST
               VALUE    (LST)   VALUE       VALUE  FROM      YEAR
                                                   NORMAL
...................................................................
TEMPERATURE
YESTERDAY
 MAXIMUM            72  0609 PM    76  1987     62      10     59
 MINIMUM            39  0639 AM    33  1981     46      -7     51
 AVERAGE            56                          54       2     55

PRECIPITATION
(INCHES)
 YESTERDAY        0.00           1.45  1948   0.10   -0.10   0.01
 MONTH TO DATE    2.35                        2.04    0.31   5.03
 SINCE JUN 1      7.98                        5.99    1.99   7.38
 SINCE JAN 1     13.11                       10.69    2.42  13.74

SNOWFALL
(INCHES)
 YESTERDAY         0.0            0.0  2014    0.0     0.0    0.0
 MONTH TO DATE     0.0                         0.0     0.0    0.0
 SINCE JUN 1       0.0                         0.0     0.0    0.0
 SINCE JUL 1       0.0                         0.0     0.0    0.0
 SNOW DEPTH (IN)     0                                          0

DEGREE DAYS
 HEATING
  YESTERDAY          9                          11      -2     10
  MONTH TO DATE    125                         218     -93    181
  SINCE JUN 1      794                         915    -121    685
  SINCE JUL 1      363                         508    -145    403

 COOLING
  YESTERDAY          0                           0       0      0
  MONTH TO DATE      0                           0       0      0
  SINCE JUN 1        0                           0       0      4
  SINCE JAN 1        0                           0       0      4
...................................................................

WIND (MPH)
 HIGHEST WIND SPEED     8     HIGHEST WIND DIRECTION    200
 HIGHEST GUST SPEED    10     HIGHEST GUST DIRECTION    280
 AVERAGE WIND SPEED   3.1

SKY COVER
  POSSIBLE SUNSHINE    MM          AVERAGE SKY COVER     MM

WEATHER CONDITIONS
 THE FOLLOWING WEATHER WAS RECORDED YESTERDAY.
  FOG


RELATIVE HUMIDITY
 HIGHEST RH     MM PERCENT       MM
 LOWEST  RH     MM PERCENT       MM
 AVERAGE RH     MM PERCENT       MM
...................................................................

THE KING SALMON CLIMATE NORMALS FOR TODAY
                           NORMAL    RECORD   YEAR
 MAXIMUM TEMPERATURE (F)     62        76     1979
 MINIMUM TEMPERATURE (F)     46        33     2011

SUNRISE AND SUNSET
 AUG 23 2014..........SUNRISE  7:06 AM      SUNSET  9:52 PM
 AUG 24 2014..........SUNRISE  7:08 AM      SUNSET  9:49 PM

-  INDICATES NEGATIVE NUMBERS.
R  INDICATES RECORD HAS BEEN SET OR TIED.
MM INDICATES DATA IS MISSING.
T  INDICATES TRACE OF PRECIPITATION.

&&
-------------------------------------------------------------------

AMOUNT OF DAYLIGHT TODAY  (HOUR:MIN)........14 HOURS 46 MINUTES
LOSS SINCE YESTERDAY (HOUR:MIN:SEC).........-0:04:59

$$

DT AUG 14
