106
CDAK48 PAFC 181235
CLIAKN


CLIMATE REPORT
NATIONAL WEATHER SERVICE ANCHORAGE, AK
335 AM AKST WED JAN 18 2017


...................................

...THE KING SALMON CLIMATE SUMMARY FOR JANUARY 17 2017...

CLIMATE NORMAL PERIOD 1981 TO 2010
CLIMATE RECORD PERIOD 1917 TO 2017


WEATHER ITEM   OBSERVED TIME   RECORD YEAR NORMAL DEPARTURE LAST
                VALUE   (LST)  VALUE       VALUE  FROM      YEAR
                                                  NORMAL
..................................................................
TEMPERATURE (F)
 YESTERDAY
  MAXIMUM        -10    427 PM  47    1963  23    -33       42
  MINIMUM        -19   1029 AM -34    1925   9    -28       34
  AVERAGE        -14                        16    -30       38

PRECIPITATION (IN)
  YESTERDAY        0.00          0.63 2002   0.04  -0.04     0.00
  MONTH TO DATE    0.01                      0.55  -0.54     0.18
  SINCE DEC 1      1.10                      1.78  -0.68     1.68
  SINCE JAN 1      0.01                      0.55  -0.54     0.18

SNOWFALL (IN)
  YESTERDAY        0.0          MM      MM   0.4   -0.4      0.0
  MONTH TO DATE    0.5                       5.4   -4.9      0.0
  SINCE DEC 1      6.0                      14.9   -8.9      0.0
  SINCE JUL 1     10.6                      24.7  -14.1     13.1
  SNOW DEPTH       0

DEGREE DAYS
 HEATING
  YESTERDAY       79                        49     30       27
  MONTH TO DATE  926                       829     97      535
  SINCE DEC 1   2348                      2267     81     1785
  SINCE JUL 1   5074                      5644   -570     4382

 COOLING
  YESTERDAY        0                         0      0        0
  MONTH TO DATE    0                         0      0        0
  SINCE DEC 1      0                         0      0        0
  SINCE JAN 1      0                         0      0        0
..................................................................


WIND (MPH)
  RESULTANT WIND SPEED  12   RESULTANT WIND DIRECTION   N (0)
  HIGHEST WIND SPEED    18   HIGHEST WIND DIRECTION     N (350)
  HIGHEST GUST SPEED    23   HIGHEST GUST DIRECTION     N (360)
  AVERAGE WIND SPEED    11.9



WEATHER CONDITIONS
 THE FOLLOWING WEATHER WAS RECORDED YESTERDAY.
  NO SIGNIFICANT WEATHER WAS OBSERVED.


RELATIVE HUMIDITY (PERCENT)
 HIGHEST    78
 LOWEST     58
 AVERAGE    68

..........................................................


THE KING SALMON CLIMATE NORMALS FOR TODAY
                         NORMAL    RECORD    YEAR
 MAXIMUM TEMPERATURE (F)   23        43      1963
                                             1937
 MINIMUM TEMPERATURE (F)    9       -31      1947


SUNRISE AND SUNSET
JANUARY 18 2017.......SUNRISE   959 AM AKST  SUNSET   516 PM AKST
JANUARY 19 2017.......SUNRISE   958 AM AKST  SUNSET   518 PM AKST


-  INDICATES NEGATIVE NUMBERS.
R  INDICATES RECORD WAS SET OR TIED.
MM INDICATES DATA IS MISSING.
T  INDICATES TRACE AMOUNT.




$$
