000
CDAK48 PAKN 300015
CLIAKN

CLIMATE REPORT
NATIONAL WEATHER SERVICE KING SALMON, AK
415 PM AKDT SUN MAY 29 2016

...................................
...THE KING SALMON AP CLIMATE SUMMARY FOR MAY 29 2016...
VALID TODAY AS OF 2:00 PM LOCAL TIME

CLIMATE NORMAL PERIOD  1981 TO  2010
CLIMATE RECORD PERIOD  1917 TO  2016

WEATHER ITEM   OBSERVED TIME    RECORD YEAR NORMAL DEPARTURE LAST
               VALUE    (LST)   VALUE       VALUE  FROM      YEAR
                                                   NORMAL
...................................................................
TEMPERATURE
TODAY
 MAXIMUM            69  0120 PM    77  2013     58      11     69
 MINIMUM            38  0447 AM    29  1962     38       0     37
 AVERAGE            54                          48       6     53

PRECIPITATION
(INCHES)
 TODAY            0.00           0.98  1941   0.05   -0.05   0.00
 MONTH TO DATE    3.05                        1.16    1.89   3.32
 SINCE MAR 1      5.85                        2.83    3.02   6.45
 SINCE JAN 1      7.29                        4.61    2.68   7.24

SNOWFALL
(INCHES)
 TODAY             0.0              T  1988    0.0     0.0    0.0
 MONTH TO DATE     0.0                         0.8    -0.8    0.0
 SINCE MAR 1       4.2                        11.1    -6.9   12.4
 SINCE JUL 1      38.8                        46.6    -7.8   26.1
 SNOW DEPTH (IN)     0                                          0

DEGREE DAYS
 HEATING
  TODAY             11                          18      -7     12
  MONTH TO DATE    464                         612    -148    506
  SINCE MAR 1     2096                        2817    -721   2431
  SINCE JUL 1     8030                       10435   -2405   8629

 COOLING
  TODAY              0                           0       0      0
  MONTH TO DATE      0                           0       0      0
  SINCE MAR 1        0                           0       0      0
  SINCE JAN 1        0                           0       0      0
...................................................................

WIND (MPH)
 HIGHEST WIND SPEED    14     HIGHEST WIND DIRECTION    270
 HIGHEST GUST SPEED    18     HIGHEST GUST DIRECTION    270
 AVERAGE WIND SPEED    MM

SKY COVER
  POSSIBLE SUNSHINE  MM            AVERAGE SKY COVER MM

WEATHER CONDITIONS
 THE FOLLOWING WEATHER WAS RECORDED TODAY.
NO SIGNIFICANT WEATHER WAS OBSERVED.

RELATIVE HUMIDITY
 HIGHEST RH     MM PERCENT       MM
 LOWEST  RH     MM PERCENT       MM
 AVERAGE RH     MM PERCENT       MM
...................................................................

THE KING SALMON CLIMATE NORMALS FOR TOMORROW
                        NORMAL    RECORD   YEAR
 MAXIMUM TEMPERATURE      58        77     1993
 MINIMUM TEMPERATURE      38        26     1976

SUNRISE AND SUNSET
 MAY 29 2016..........SUNRISE  5:32 AM      SUNSET 11:19 PM
 MAY 30 2016..........SUNRISE  5:30 AM      SUNSET 11:21 PM

-  INDICATES NEGATIVE NUMBERS.
R  INDICATES RECORD HAS BEEN SET OR TIED.
MM INDICATES DATA IS MISSING.
T  INDICATES TRACE OF PRECIPITATION.

&&
-------------------------------------------------------------------

AMOUNT OF DAYLIGHT TODAY  (HOUR:MIN)........17 HOURS 47 MINUTES
GAIN/LOSS SINCE YESTERDAY (HOUR:MIN:SEC)....+0:03:10

$$
FS MAY 16
