000
CDAK48 PAFC 161249
CLIAKN


CLIMATE REPORT
NATIONAL WEATHER SERVICE ANCHORAGE, AK
349 AM AKST SAT DEC 16 2017


...................................

...THE KING SALMON CLIMATE SUMMARY FOR DECEMBER 15 2017...

CLIMATE NORMAL PERIOD 1981 TO 2010
CLIMATE RECORD PERIOD 1917 TO 2017


WEATHER ITEM   OBSERVED TIME   RECORD YEAR NORMAL DEPARTURE LAST
                VALUE   (LST)  VALUE       VALUE  FROM      YEAR
                                                  NORMAL
..................................................................
TEMPERATURE (F)
 YESTERDAY
  MAXIMUM         38        MM  46    1989  27     11       41
  MINIMUM         31   1200 AM -35    2001  11     20       36
  AVERAGE         35                        19     16       39

PRECIPITATION (IN)
  YESTERDAY        0.37          0.56 1938   0.05   0.32     0.02
  MONTH TO DATE    1.46                      0.67   0.79     0.37
  SINCE SEP 1      9.95                      7.33   2.62     7.26
  SINCE JAN 1     20.64                     18.93   1.71    25.23

SNOWFALL (IN)
  YESTERDAY        T             5.1  1964   0.3   -0.3      0.0
  MONTH TO DATE    1.3                       5.2   -3.9      3.5
  SINCE SEP 1      6.5                      15.0   -8.5      8.1
  SINCE JUL 1      6.5                      15.0   -8.5      8.1
  SNOW DEPTH       1

DEGREE DAYS
 HEATING
  YESTERDAY       30                        46    -16       26
  MONTH TO DATE  471                       683   -212      835
  SINCE DEC 1    471                       683   -212      835
  SINCE JUL 1   3407                      4060   -653     3561

 COOLING
  YESTERDAY        0                         0      0        0
  MONTH TO DATE    0                         0      0        0
  SINCE DEC 1      0                         0      0        0
  SINCE JAN 1      1                         1      0        0
..................................................................


WIND (MPH)
  RESULTANT WIND SPEED  11   RESULTANT WIND DIRECTION   E (100)
  HIGHEST WIND SPEED    23   HIGHEST WIND DIRECTION     E (110)
  HIGHEST GUST SPEED    37   HIGHEST GUST DIRECTION     E (100)
  AVERAGE WIND SPEED    12.0



WEATHER CONDITIONS
 THE FOLLOWING WEATHER WAS RECORDED YESTERDAY.
  RAIN
  LIGHT RAIN
  LIGHT SNOW
  FOG


RELATIVE HUMIDITY (PERCENT)
 HIGHEST   100
 LOWEST     76
 AVERAGE    88

..........................................................


THE KING SALMON CLIMATE NORMALS FOR TODAY
                         NORMAL    RECORD    YEAR
 MAXIMUM TEMPERATURE (F)   27        42      2016
                                             1960
                                             1944
 MINIMUM TEMPERATURE (F)   11       -34      1952


SUNRISE AND SUNSET
DECEMBER 16 2017......SUNRISE  1013 AM AKST  SUNSET   432 PM AKST
DECEMBER 17 2017......SUNRISE  1014 AM AKST  SUNSET   432 PM AKST


-  INDICATES NEGATIVE NUMBERS.
R  INDICATES RECORD WAS SET OR TIED.
MM INDICATES DATA IS MISSING.
T  INDICATES TRACE AMOUNT.




$$
