694
CDAK48 PAKN 111007
CLIAKN

CLIMATE REPORT
NATIONAL WEATHER SERVICE KING SALMON, AK
107 AM AKST THU FEB 11 2016

...................................
...THE KING SALMON AP CLIMATE SUMMARY FOR FEBRUARY 10 2016...

CLIMATE NORMAL PERIOD  1981 TO  2010
CLIMATE RECORD PERIOD  1917 TO  2016

WEATHER ITEM   OBSERVED TIME    RECORD YEAR NORMAL DEPARTURE LAST
               VALUE    (LST)   VALUE       VALUE  FROM      YEAR
                                                   NORMAL
...................................................................
TEMPERATURE
YESTERDAY
 MAXIMUM            43  0454 PM    49  1933     26      17     38
 MINIMUM            30  1159 PM   -39  1990     10      20     33
 AVERAGE            37                          18      19     36

PRECIPITATION
(INCHES)
 YESTERDAY        0.00           0.70  1936   0.03   -0.03      T
 MONTH TO DATE    0.24                        0.29   -0.05   0.01
 SINCE DEC 1      3.07                        2.54    0.53   2.49
 SINCE JAN 1      0.72                        1.31   -0.59   0.53

SNOWFALL
(INCHES)
 YESTERDAY         0.0           26.0  1920    0.2    -0.2      T
 MONTH TO DATE     1.3                         2.3    -1.0      T
 SINCE DEC 1      18.1                        22.0    -3.9    8.2
 SINCE JUL 1      31.2                        31.8    -0.6   11.7
 SNOW DEPTH (IN)     0                                          T

DEGREE DAYS
 HEATING
  YESTERDAY         28                          47     -19     29
  MONTH TO DATE    306                         476    -170    519
  SINCE DEC 1     2595                        3427    -832   2902
  SINCE JUL 1     5373                        6802   -1429   5654

 COOLING
  YESTERDAY          0                           0       0      0
  MONTH TO DATE      0                           0       0      0
  SINCE DEC 1        0                           0       0      0
  SINCE JAN 1        0                           0       0      0
...................................................................

WIND (MPH)
 HIGHEST WIND SPEED    28     HIGHEST WIND DIRECTION     60
 HIGHEST GUST SPEED    38     HIGHEST GUST DIRECTION     50
 AVERAGE WIND SPEED  15.3

SKY COVER
  POSSIBLE SUNSHINE    MM          AVERAGE SKY COVER     MM

WEATHER CONDITIONS
 THE FOLLOWING WEATHER WAS RECORDED YESTERDAY.
 NO SIGNIFICANT WEATHER WAS OBSERVED.

RELATIVE HUMIDITY
 HIGHEST RH     MM PERCENT       MM
 LOWEST  RH     MM PERCENT       MM
 AVERAGE RH     MM PERCENT       MM
...................................................................

THE KING SALMON CLIMATE NORMALS FOR TODAY
                           NORMAL    RECORD   YEAR
 MAXIMUM TEMPERATURE (F)     26        52     1986
 MINIMUM TEMPERATURE (F)     10       -35     1990

SUNRISE AND SUNSET
 FEB 11 2016..........SUNRISE  9:11 AM      SUNSET  6:12 PM
 FEB 12 2016..........SUNRISE  9:09 AM      SUNSET  6:15 PM

-  INDICATES NEGATIVE NUMBERS.
R  INDICATES RECORD HAS BEEN SET OR TIED.
MM INDICATES DATA IS MISSING.
T  INDICATES TRACE OF PRECIPITATION.

&&
-------------------------------------------------------------------

AMOUNT OF DAYLIGHT TODAY  (HOUR:MIN)........9 HOURS 1 MINUTES
GAIN/LOSS SINCE YESTERDAY (HOUR:MIN:SEC)....+0:04:56

$$
JML FEB 16
