000
CDUS45 KBOU 280725
CLIAKO


CLIMATE REPORT
NATIONAL WEATHER SERVICE DENVER/BOULDER CO
125 AM MDT SAT MAY 28 2016


...................................

...THE AKRON CO CLIMATE SUMMARY FOR MAY 27 2016...

CLIMATE NORMAL PERIOD 1981 TO 2010
CLIMATE RECORD PERIOD 9999 TO 9999


WEATHER ITEM   OBSERVED TIME   RECORD YEAR NORMAL DEPARTURE LAST
                VALUE   (LST)  VALUE       VALUE  FROM      YEAR
                                                  NORMAL
..................................................................
TEMPERATURE (F)
 YESTERDAY
  MAXIMUM         60    215 PM  92    2006  74    -14
  MINIMUM         44   1156 PM  33    1950  47     -3
  AVERAGE         52                        60     -8

PRECIPITATION (IN)
  YESTERDAY        0.99          1.66 1962   0.11   0.88      T
  MONTH TO DATE    3.02                      2.51   0.51     5.53
  SINCE MAR 1      6.30                      5.03   1.27     7.24
  SINCE JAN 1      6.41                      5.77   0.64     7.52

DEGREE DAYS
 HEATING
  YESTERDAY       13
  MONTH TO DATE  302

 COOLING
  YESTERDAY        0
  MONTH TO DATE    5
..................................................................


WIND (MPH)
  HIGHEST WIND SPEED    33   HIGHEST WIND DIRECTION     N (360)
  HIGHEST GUST SPEED    40   HIGHEST GUST DIRECTION     N (360)




RELATIVE HUMIDITY (PERCENT)
 HIGHEST    93
 LOWEST     60
 AVERAGE    77

..........................................................


THE AKRON CO CLIMATE NORMALS FOR TODAY
                         NORMAL    RECORD    YEAR
 MAXIMUM TEMPERATURE (F)   74        95      2000
 MINIMUM TEMPERATURE (F)   47        30      1947


SUNRISE AND SUNSET
MAY 28 2016...........SUNRISE   527 AM MDT   SUNSET   814 PM MDT
MAY 29 2016...........SUNRISE   527 AM MDT   SUNSET   814 PM MDT


-  INDICATES NEGATIVE NUMBERS.
R  INDICATES RECORD WAS SET OR TIED.
MM INDICATES DATA IS MISSING.
T  INDICATES TRACE AMOUNT.




$$
