000
CDUS45 KBOU 301226
CLIAKO


CLIMATE REPORT
NATIONAL WEATHER SERVICE DENVER/BOULDER CO
626 AM MDT FRI SEP 30 2016


...................................

...THE AKRON CO CLIMATE SUMMARY FOR SEPTEMBER 29 2016...

CLIMATE NORMAL PERIOD 1981 TO 2010
CLIMATE RECORD PERIOD 9999 TO 9999


WEATHER ITEM   OBSERVED TIME   RECORD YEAR NORMAL DEPARTURE LAST
                VALUE   (LST)  VALUE       VALUE  FROM      YEAR
                                                  NORMAL
..................................................................
TEMPERATURE (F)
 YESTERDAY
  MAXIMUM         80    249 PM  90    1994  71      9
  MINIMUM         48    320 AM  20    1985  43      5
  AVERAGE         64                        57      7

PRECIPITATION (IN)
  YESTERDAY        0.00          1.11 2014   0.03  -0.03     0.08
  MONTH TO DATE    1.37                      1.12   0.25     0.10
  SINCE SEP 1      1.37                      1.12   0.25     0.10
  SINCE JAN 1     16.10                     14.61   1.49    11.66

DEGREE DAYS
 HEATING
  YESTERDAY        1
  MONTH TO DATE   74

 COOLING
  YESTERDAY        0
  MONTH TO DATE   83
..................................................................


WIND (MPH)
  HIGHEST WIND SPEED    26   HIGHEST WIND DIRECTION    SE (150)
  HIGHEST GUST SPEED    35   HIGHEST GUST DIRECTION    SE (140)




RELATIVE HUMIDITY (PERCENT)
 HIGHEST    71
 LOWEST     25
 AVERAGE    48

..........................................................


THE AKRON CO CLIMATE NORMALS FOR TODAY
                         NORMAL    RECORD    YEAR
 MAXIMUM TEMPERATURE (F)   70        90      1942
 MINIMUM TEMPERATURE (F)   43        17      1985


SUNRISE AND SUNSET
SEPTEMBER 30 2016.....SUNRISE   649 AM MDT   SUNSET   636 PM MDT
OCTOBER  1 2016.......SUNRISE   650 AM MDT   SUNSET   634 PM MDT


-  INDICATES NEGATIVE NUMBERS.
R  INDICATES RECORD WAS SET OR TIED.
MM INDICATES DATA IS MISSING.
T  INDICATES TRACE AMOUNT.




$$
