000
CDUS45 KBOU 160809
CLIAKO


CLIMATE REPORT
NATIONAL WEATHER SERVICE DENVER/BOULDER CO
104 AM MST SAT DEC 16 2017


...................................

...THE AKRON CO CLIMATE SUMMARY FOR DECEMBER 15 2017...

CLIMATE NORMAL PERIOD 1981 TO 2010
CLIMATE RECORD PERIOD 9999 TO 9999


WEATHER ITEM   OBSERVED TIME   RECORD YEAR NORMAL DEPARTURE LAST
                VALUE   (LST)  VALUE       VALUE  FROM      YEAR
                                                  NORMAL
..................................................................
TEMPERATURE (F)
 YESTERDAY
  MAXIMUM         59    246 PM  64    2002  39     20
  MINIMUM         17    553 AM -10    1940  16      1
  AVERAGE         38                        28     10

PRECIPITATION (IN)
  YESTERDAY        0.00          0.08 1967   0.01  -0.01     0.00
  MONTH TO DATE    0.01                      0.23  -0.22     0.01
  SINCE DEC 1      0.01                      0.23  -0.22     0.01
  SINCE JAN 1     13.68                     16.57  -2.89    16.66

SNOWFALL (IN)
  YESTERDAY        0.0
  SNOW DEPTH       0

DEGREE DAYS
 HEATING
  YESTERDAY       27
  MONTH TO DATE  407

 COOLING
  YESTERDAY        0
  MONTH TO DATE    0
..................................................................


WIND (MPH)
  HIGHEST WIND SPEED    18   HIGHEST WIND DIRECTION     W (260)
  HIGHEST GUST SPEED    27   HIGHEST GUST DIRECTION    SW (230)




RELATIVE HUMIDITY (PERCENT)
 HIGHEST    77
 LOWEST     14
 AVERAGE    46

..........................................................


THE AKRON CO CLIMATE NORMALS FOR TODAY
                         NORMAL    RECORD    YEAR
 MAXIMUM TEMPERATURE (F)   39        68      1962
 MINIMUM TEMPERATURE (F)   16        -6      1964


SUNRISE AND SUNSET
DECEMBER 16 2017......SUNRISE   709 AM MST   SUNSET   428 PM MST
DECEMBER 17 2017......SUNRISE   710 AM MST   SUNSET   429 PM MST


-  INDICATES NEGATIVE NUMBERS.
R  INDICATES RECORD WAS SET OR TIED.
MM INDICATES DATA IS MISSING.
T  INDICATES TRACE AMOUNT.




$$
