415
CDUS45 KBOU 180725
CLIAKO


CLIMATE REPORT
NATIONAL WEATHER SERVICE DENVER/BOULDER CO
125 AM MDT WED OCT 18 2017


...................................

...THE AKRON CO CLIMATE SUMMARY FOR OCTOBER 17 2017...

CLIMATE NORMAL PERIOD 1981 TO 2010
CLIMATE RECORD PERIOD 9999 TO 9999


WEATHER ITEM   OBSERVED TIME   RECORD YEAR NORMAL DEPARTURE LAST
                VALUE   (LST)  VALUE       VALUE  FROM      YEAR
                                                  NORMAL
..................................................................
TEMPERATURE (F)
 YESTERDAY
  MAXIMUM         79    233 PM  84    1991  63     16
  MINIMUM         38    529 AM  16    1948  36      2
  AVERAGE         59                        50      9

PRECIPITATION (IN)
  YESTERDAY        0.00          0.39 1993   0.04  -0.04     0.00
  MONTH TO DATE    0.47                      0.70  -0.23     0.46
  SINCE SEP 1      1.76                      1.86  -0.10     1.83
  SINCE JAN 1     13.55                     15.35  -1.80    16.56

DEGREE DAYS
 HEATING
  YESTERDAY        6
  MONTH TO DATE  231

 COOLING
  YESTERDAY        0
  MONTH TO DATE    0
..................................................................


WIND (MPH)
  HIGHEST WIND SPEED    21   HIGHEST WIND DIRECTION    SW (220)
  HIGHEST GUST SPEED    24   HIGHEST GUST DIRECTION    SW (220)




RELATIVE HUMIDITY (PERCENT)
 HIGHEST    48
 LOWEST      7
 AVERAGE    28

..........................................................


THE AKRON CO CLIMATE NORMALS FOR TODAY
                         NORMAL    RECORD    YEAR
 MAXIMUM TEMPERATURE (F)   63        85      1958
 MINIMUM TEMPERATURE (F)   36        22      1976


SUNRISE AND SUNSET
OCTOBER 18 2017.......SUNRISE   707 AM MDT   SUNSET   608 PM MDT
OCTOBER 19 2017.......SUNRISE   708 AM MDT   SUNSET   607 PM MDT


-  INDICATES NEGATIVE NUMBERS.
R  INDICATES RECORD WAS SET OR TIED.
MM INDICATES DATA IS MISSING.
T  INDICATES TRACE AMOUNT.




$$
