000
CDUS45 KBOU 290725
CLIAKO


CLIMATE REPORT
NATIONAL WEATHER SERVICE BOULDER, CO
125 AM MDT WED JUL 29 2015


...................................

...THE AKRON CO CLIMATE SUMMARY FOR JULY 28 2015...

CLIMATE NORMAL PERIOD 1981 TO 2010
CLIMATE RECORD PERIOD 9999 TO 9999


WEATHER ITEM   OBSERVED TIME   RECORD YEAR NORMAL DEPARTURE LAST
                VALUE   (LST)  VALUE       VALUE  FROM      YEAR
                                                  NORMAL
..................................................................
TEMPERATURE (F)
 YESTERDAY
  MAXIMUM         83        MM 100    1959  88     -5
  MINIMUM         62        MM  50    1971  60      2
  AVERAGE         73                        74     -1

PRECIPITATION (IN)
  YESTERDAY        0.00          1.16   MM   0.09  -0.09     0.00
  MONTH TO DATE    1.82                      2.29  -0.47     1.12
  SINCE JUN 1      2.87                      4.75  -1.88     4.94
  SINCE JAN 1     10.88                     10.93  -0.05     9.64

DEGREE DAYS
 HEATING
  YESTERDAY        0
  MONTH TO DATE    4

 COOLING
  YESTERDAY        8
  MONTH TO DATE  210
..................................................................


WIND (MPH)
  HIGHEST WIND SPEED    20   HIGHEST WIND DIRECTION     N (360)
  HIGHEST GUST SPEED    25   HIGHEST GUST DIRECTION     N (360)




RELATIVE HUMIDITY (PERCENT)
 HIGHEST    56
 LOWEST     17
 AVERAGE    37

..........................................................


THE AKRON CO CLIMATE NORMALS FOR TODAY
                         NORMAL    RECORD    YEAR
 MAXIMUM TEMPERATURE (F)   88       100      2005
 MINIMUM TEMPERATURE (F)   60        47      1917


SUNRISE AND SUNSET
JULY 29 2015..........SUNRISE   548 AM MDT   SUNSET   810 PM MDT
JULY 30 2015..........SUNRISE   549 AM MDT   SUNSET   809 PM MDT


-  INDICATES NEGATIVE NUMBERS.
R  INDICATES RECORD WAS SET OR TIED.
MM INDICATES DATA IS MISSING.
T  INDICATES TRACE AMOUNT.




$$
