000
CDUS45 KBOU 291252
CLIAKO


CLIMATE REPORT
NATIONAL WEATHER SERVICE BOULDER, CO
651 AM MDT TUE JUL 29 2014


...................................

...THE AKRON CO CLIMATE SUMMARY FOR JULY 28 2014...

CLIMATE NORMAL PERIOD 1981 TO 2010
CLIMATE RECORD PERIOD 9999 TO 9999


WEATHER ITEM   OBSERVED TIME   RECORD YEAR NORMAL DEPARTURE LAST
                VALUE   (LST)  VALUE       VALUE  FROM      YEAR
                                                  NORMAL
..................................................................
TEMPERATURE (F)
 YESTERDAY
  MAXIMUM         88   1212 PM 100    1959  88      0
  MINIMUM         58    510 AM  50    1971  60     -2
  AVERAGE         73                        74     -1

PRECIPITATION (IN)
  YESTERDAY        0.00          1.16   MM   0.09  -0.09     0.01
  MONTH TO DATE    1.12                      2.29  -1.17     3.17
  SINCE JUN 1      4.94                      4.75   0.19     4.37
  SINCE JAN 1      9.64                     10.93  -1.29     8.26

DEGREE DAYS
 HEATING
  YESTERDAY        0
  MONTH TO DATE   10

 COOLING
  YESTERDAY        8
  MONTH TO DATE  273
..................................................................


WIND (MPH)
  HIGHEST WIND SPEED    24   HIGHEST WIND DIRECTION     S (170)
  HIGHEST GUST SPEED    28   HIGHEST GUST DIRECTION     S (200)




RELATIVE HUMIDITY (PERCENT)
 HIGHEST    72
 LOWEST     34
 AVERAGE    53

..........................................................


THE AKRON CO CLIMATE NORMALS FOR TODAY
                         NORMAL    RECORD    YEAR
 MAXIMUM TEMPERATURE (F)   88       100      2005
 MINIMUM TEMPERATURE (F)   60        47      1917


SUNRISE AND SUNSET
JULY 29 2014..........SUNRISE   548 AM MDT   SUNSET   810 PM MDT
JULY 30 2014..........SUNRISE   549 AM MDT   SUNSET   809 PM MDT


-  INDICATES NEGATIVE NUMBERS.
R  INDICATES RECORD WAS SET OR TIED.
MM INDICATES DATA IS MISSING.
T  INDICATES TRACE AMOUNT.




$$
