000
CDUS45 KBOU 170725
CLIAKO


CLIMATE REPORT
NATIONAL WEATHER SERVICE DENVER/BOULDER CO
125 AM MDT THU AUG 17 2017


...................................

...THE AKRON CO CLIMATE SUMMARY FOR AUGUST 16 2017...

CLIMATE NORMAL PERIOD 1981 TO 2010
CLIMATE RECORD PERIOD 9999 TO 9999


WEATHER ITEM   OBSERVED TIME   RECORD YEAR NORMAL DEPARTURE LAST
                VALUE   (LST)  VALUE       VALUE  FROM      YEAR
                                                  NORMAL
..................................................................
TEMPERATURE (F)
 YESTERDAY
  MAXIMUM         76    408 PM 102    2002  86    -10
  MINIMUM         55    436 AM  50    1987  59     -4
  AVERAGE         66                        72     -6

PRECIPITATION (IN)
  YESTERDAY        0.01          1.26 1953   0.07  -0.06      T
  MONTH TO DATE    2.28                      1.37   0.91     1.35
  SINCE JUN 1      5.11                      6.38  -1.27     7.98
  SINCE JAN 1     11.76                     12.56  -0.80    14.49

DEGREE DAYS
 HEATING
  YESTERDAY        0
  MONTH TO DATE    9

 COOLING
  YESTERDAY        1
  MONTH TO DATE   55
..................................................................


WIND (MPH)
  HIGHEST WIND SPEED    22   HIGHEST WIND DIRECTION     N (350)
  HIGHEST GUST SPEED    28   HIGHEST GUST DIRECTION     N (360)




RELATIVE HUMIDITY (PERCENT)
 HIGHEST    93
 LOWEST     36
 AVERAGE    65

..........................................................


THE AKRON CO CLIMATE NORMALS FOR TODAY
                         NORMAL    RECORD    YEAR
 MAXIMUM TEMPERATURE (F)   86        98      1939
 MINIMUM TEMPERATURE (F)   59        41      1960


SUNRISE AND SUNSET
AUGUST 17 2017........SUNRISE   606 AM MDT   SUNSET   747 PM MDT
AUGUST 18 2017........SUNRISE   607 AM MDT   SUNSET   745 PM MDT


-  INDICATES NEGATIVE NUMBERS.
R  INDICATES RECORD WAS SET OR TIED.
MM INDICATES DATA IS MISSING.
T  INDICATES TRACE AMOUNT.




$$
