000
CDUS45 KBOU 210725
CLIAKO


CLIMATE REPORT
NATIONAL WEATHER SERVICE DENVER/BOULDER CO
1225 AM MST TUE FEB 21 2017


...................................

...THE AKRON CO CLIMATE SUMMARY FOR FEBRUARY 20 2017...

CLIMATE NORMAL PERIOD 1981 TO 2010
CLIMATE RECORD PERIOD 9999 TO 9999


WEATHER ITEM   OBSERVED TIME   RECORD YEAR NORMAL DEPARTURE LAST
                VALUE   (LST)  VALUE       VALUE  FROM      YEAR
                                                  NORMAL
..................................................................
TEMPERATURE (F)
 YESTERDAY
  MAXIMUM         62    410 PM  71    1958  45     17
  MINIMUM         35    538 AM  -2    1953  21     14
  AVERAGE         49                        32     17

PRECIPITATION (IN)
  YESTERDAY        0.00          0.38 1976   0.01  -0.01     0.00
  MONTH TO DATE    T                         0.28  -0.28     0.02
  SINCE DEC 1      0.25                      0.98  -0.73     0.13
  SINCE JAN 1      0.11                      0.58  -0.47     0.11

DEGREE DAYS
 HEATING
  YESTERDAY       16
  MONTH TO DATE  488

 COOLING
  YESTERDAY        0
  MONTH TO DATE    0
..................................................................


WIND (MPH)
  HIGHEST WIND SPEED    35   HIGHEST WIND DIRECTION     N (340)
  HIGHEST GUST SPEED    48   HIGHEST GUST DIRECTION     N (340)




RELATIVE HUMIDITY (PERCENT)
 HIGHEST    60
 LOWEST     13
 AVERAGE    37

..........................................................


THE AKRON CO CLIMATE NORMALS FOR TODAY
                         NORMAL    RECORD    YEAR
 MAXIMUM TEMPERATURE (F)   45        71      1982
 MINIMUM TEMPERATURE (F)   21        -6      1953


SUNRISE AND SUNSET
FEBRUARY 21 2017......SUNRISE   637 AM MST   SUNSET   536 PM MST
FEBRUARY 22 2017......SUNRISE   636 AM MST   SUNSET   537 PM MST


-  INDICATES NEGATIVE NUMBERS.
R  INDICATES RECORD WAS SET OR TIED.
MM INDICATES DATA IS MISSING.
T  INDICATES TRACE AMOUNT.




$$
