471
CDUS45 KBOU 100725
CLIAKO


CLIMATE REPORT
NATIONAL WEATHER SERVICE DENVER/BOULDER CO
1225 AM MST WED FEB 10 2016


...................................

...THE AKRON CO CLIMATE SUMMARY FOR FEBRUARY 9 2016...

CLIMATE NORMAL PERIOD 1981 TO 2010
CLIMATE RECORD PERIOD 9999 TO 9999


WEATHER ITEM   OBSERVED TIME   RECORD YEAR NORMAL DEPARTURE LAST
                VALUE   (LST)  VALUE       VALUE  FROM      YEAR
                                                  NORMAL
..................................................................
TEMPERATURE (F)
 YESTERDAY
  MAXIMUM         44    323 PM  73    1976  42      2
  MINIMUM         25    511 AM -11    1982  18      7
  AVERAGE         35                        30      5

PRECIPITATION (IN)
  YESTERDAY        0.00          0.18 1953   0.02  -0.02     0.00
  MONTH TO DATE    T                         0.13  -0.13     0.01
  SINCE DEC 1      0.11                      0.83  -0.72     0.44
  SINCE JAN 1      0.09                      0.43  -0.34     0.20

DEGREE DAYS
 HEATING
  YESTERDAY       30
  MONTH TO DATE  370

 COOLING
  YESTERDAY        0
  MONTH TO DATE    0
..................................................................


WIND (MPH)
  HIGHEST WIND SPEED    22   HIGHEST WIND DIRECTION    NW (320)
  HIGHEST GUST SPEED    27   HIGHEST GUST DIRECTION    NW (310)




RELATIVE HUMIDITY (PERCENT)
 HIGHEST    81
 LOWEST     57
 AVERAGE    69

..........................................................


THE AKRON CO CLIMATE NORMALS FOR TODAY
                         NORMAL    RECORD    YEAR
 MAXIMUM TEMPERATURE (F)   42        73      1962
 MINIMUM TEMPERATURE (F)   18       -15      1981


SUNRISE AND SUNSET
FEBRUARY 10 2016......SUNRISE   653 AM MST   SUNSET   522 PM MST
FEBRUARY 11 2016......SUNRISE   651 AM MST   SUNSET   523 PM MST


-  INDICATES NEGATIVE NUMBERS.
R  INDICATES RECORD WAS SET OR TIED.
MM INDICATES DATA IS MISSING.
T  INDICATES TRACE AMOUNT.




$$
