000
CDUS45 KBOU 251945
CLIAKO


CLIMATE REPORT
NATIONAL WEATHER SERVICE DENVER/BOULDER CO
144 PM MDT SAT MAR 25 2017


...................................

...THE AKRON CO CLIMATE SUMMARY FOR MARCH 24 2017...

CLIMATE NORMAL PERIOD 1981 TO 2010
CLIMATE RECORD PERIOD 9999 TO 9999


WEATHER ITEM   OBSERVED TIME   RECORD YEAR NORMAL DEPARTURE LAST
                VALUE   (LST)  VALUE       VALUE  FROM      YEAR
                                                  NORMAL
..................................................................
TEMPERATURE (F)
 YESTERDAY
  MAXIMUM         51    313 PM  76    2004  55     -4
  MINIMUM         33   1159 PM   0    1965  28      5
  AVERAGE         42                        41      1

PRECIPITATION (IN)
  YESTERDAY        1.04R         1.04 2017   0.03   1.01     0.00
  MONTH TO DATE    1.07                      0.62   0.45     0.22
  SINCE MAR 1      1.07                      0.62   0.45     0.22
  SINCE JAN 1      1.18                      1.36  -0.18     0.33

DEGREE DAYS
 HEATING
  YESTERDAY       23
  MONTH TO DATE  423

 COOLING
  YESTERDAY        0
  MONTH TO DATE    0
..................................................................


WIND (MPH)
  HIGHEST WIND SPEED    41   HIGHEST WIND DIRECTION     N (360)
  HIGHEST GUST SPEED    51   HIGHEST GUST DIRECTION     N (360)




RELATIVE HUMIDITY (PERCENT)
 HIGHEST    96
 LOWEST     56
 AVERAGE    76

..........................................................


THE AKRON CO CLIMATE NORMALS FOR TODAY
                         NORMAL    RECORD    YEAR
 MAXIMUM TEMPERATURE (F)   55        79      1998
 MINIMUM TEMPERATURE (F)   28        -5      1965


SUNRISE AND SUNSET
MARCH 25 2017.........SUNRISE   648 AM MDT   SUNSET   710 PM MDT
MARCH 26 2017.........SUNRISE   646 AM MDT   SUNSET   711 PM MDT


-  INDICATES NEGATIVE NUMBERS.
R  INDICATES RECORD WAS SET OR TIED.
MM INDICATES DATA IS MISSING.
T  INDICATES TRACE AMOUNT.




$$
