000
CDUS45 KBOU 230725
CLIAKO


CLIMATE REPORT
NATIONAL WEATHER SERVICE DENVER/BOULDER CO
125 AM MDT SUN APR 23 2017


...................................

...THE AKRON CO CLIMATE SUMMARY FOR APRIL 22 2017...

CLIMATE NORMAL PERIOD 1981 TO 2010
CLIMATE RECORD PERIOD 9999 TO 9999


WEATHER ITEM   OBSERVED TIME   RECORD YEAR NORMAL DEPARTURE LAST
                VALUE   (LST)  VALUE       VALUE  FROM      YEAR
                                                  NORMAL
..................................................................
TEMPERATURE (F)
 YESTERDAY
  MAXIMUM         56    326 PM  86    1989  63     -7
  MINIMUM         34    205 AM  16    1951  35     -1
  AVERAGE         45                        49     -4

PRECIPITATION (IN)
  YESTERDAY        0.00          0.84 1971   0.06  -0.06     0.00
  MONTH TO DATE    1.24                      1.09   0.15     1.46
  SINCE MAR 1      2.80                      1.96   0.84     1.76
  SINCE JAN 1      2.91                      2.70   0.21     1.87

DEGREE DAYS
 HEATING
  YESTERDAY       20
  MONTH TO DATE  325

 COOLING
  YESTERDAY        0
  MONTH TO DATE    0
..................................................................


WIND (MPH)
  HIGHEST WIND SPEED    15   HIGHEST WIND DIRECTION     S (180)
  HIGHEST GUST SPEED    22   HIGHEST GUST DIRECTION     S (190)




RELATIVE HUMIDITY (PERCENT)
 HIGHEST   100
 LOWEST     38
 AVERAGE    69

..........................................................


THE AKRON CO CLIMATE NORMALS FOR TODAY
                         NORMAL    RECORD    YEAR
 MAXIMUM TEMPERATURE (F)   63        85      1954
 MINIMUM TEMPERATURE (F)   36        19      2013


SUNRISE AND SUNSET
APRIL 23 2017.........SUNRISE   603 AM MDT   SUNSET   740 PM MDT
APRIL 24 2017.........SUNRISE   601 AM MDT   SUNSET   741 PM MDT


-  INDICATES NEGATIVE NUMBERS.
R  INDICATES RECORD WAS SET OR TIED.
MM INDICATES DATA IS MISSING.
T  INDICATES TRACE AMOUNT.




$$
