000
CDUS45 KBOU 101226
CLIAKO


CLIMATE REPORT
NATIONAL WEATHER SERVICE BOULDER, CO
626 AM MDT THU JUL 10 2014


...................................

...THE AKRON CO CLIMATE SUMMARY FOR JULY 9 2014...

CLIMATE NORMAL PERIOD 1981 TO 2010
CLIMATE RECORD PERIOD 9999 TO 9999


WEATHER ITEM   OBSERVED TIME   RECORD YEAR NORMAL DEPARTURE LAST
                VALUE   (LST)  VALUE       VALUE  FROM      YEAR
                                                  NORMAL
..................................................................
TEMPERATURE (F)
 YESTERDAY
  MAXIMUM         91    311 PM 103    1940  88      3
  MINIMUM         60    501 AM  46    1952  60      0
  AVERAGE         76                        74      2

PRECIPITATION (IN)
  YESTERDAY        0.07          1.51 1963   0.08  -0.01     0.00
  MONTH TO DATE    0.60                      0.66  -0.06     0.34
  SINCE JUN 1      4.42                      3.12   1.30     1.54
  SINCE JAN 1      9.12                      9.30  -0.18     5.43

DEGREE DAYS
 HEATING
  YESTERDAY        0
  MONTH TO DATE    0

 COOLING
  YESTERDAY       11
  MONTH TO DATE   77
..................................................................


WIND (MPH)
  HIGHEST WIND SPEED    39   HIGHEST WIND DIRECTION     W (290)
  HIGHEST GUST SPEED    50   HIGHEST GUST DIRECTION    NW (330)




RELATIVE HUMIDITY (PERCENT)
 HIGHEST    84
 LOWEST     24
 AVERAGE    54

..........................................................


THE AKRON CO CLIMATE NORMALS FOR TODAY
                         NORMAL    RECORD    YEAR
 MAXIMUM TEMPERATURE (F)   89       103      1954
 MINIMUM TEMPERATURE (F)   60        50      1982


SUNRISE AND SUNSET
JULY 10 2014..........SUNRISE   533 AM MDT   SUNSET   824 PM MDT
JULY 11 2014..........SUNRISE   533 AM MDT   SUNSET   823 PM MDT


-  INDICATES NEGATIVE NUMBERS.
R  INDICATES RECORD WAS SET OR TIED.
MM INDICATES DATA IS MISSING.
T  INDICATES TRACE AMOUNT.




$$
