000
CDUS41 KALY 070627
CLIALB


CLIMATE REPORT
NATIONAL WEATHER SERVICE ALBANY NY
126 AM EST SUN FEB 7 2016


...................................

...THE ALBANY NY CLIMATE SUMMARY FOR FEBRUARY 6 2016...

CLIMATE NORMAL PERIOD 1981 TO 2010
CLIMATE RECORD PERIOD 1874 TO 2016


WEATHER ITEM   OBSERVED TIME   RECORD YEAR NORMAL DEPARTURE LAST
                VALUE   (LST)  VALUE       VALUE  FROM      YEAR
                                                  NORMAL
..................................................................
TEMPERATURE (F)
 YESTERDAY
  MAXIMUM         42    315 PM  55    1991  33      9       23
  MINIMUM         19    425 AM -20    1948  16      3      -10
  AVERAGE         31                        24      7        7

PRECIPITATION (IN)
  YESTERDAY        0.00          0.85 1955   0.08  -0.08     0.02
  MONTH TO DATE    0.35                      0.47  -0.12     0.93
  SINCE DEC 1      5.26                      5.99  -0.73     8.47
  SINCE JAN 1      1.59                      3.06  -1.47     3.10

SNOWFALL (IN)
  YESTERDAY        0.0          10.8  1978   0.5   -0.5      0.1
  MONTH TO DATE    0.0                       2.9   -2.9     12.9
  SINCE DEC 1      5.5                      34.5  -29.0     40.6
  SINCE JUL 1      5.5                      37.6  -32.1     52.9
  SNOW DEPTH       0

DEGREE DAYS
 HEATING
  YESTERDAY       34                        41     -7       58
  MONTH TO DATE  152                       248    -96      321
  SINCE DEC 1   2010                      2695   -685     2717
  SINCE JUL 1   3093                      4099  -1006     3992

 COOLING
  YESTERDAY        0                         0      0        0
  MONTH TO DATE    0                         0      0        0
  SINCE DEC 1      0                         0      0        0
  SINCE JAN 1      0                         0      0        0
..................................................................


WIND (MPH)
  HIGHEST WIND SPEED    17   HIGHEST WIND DIRECTION     S (170)
  HIGHEST GUST SPEED    23   HIGHEST GUST DIRECTION     S (160)
  AVERAGE WIND SPEED     7.4


SKY COVER
  AVERAGE SKY COVER 0.6



RELATIVE HUMIDITY (PERCENT)
 HIGHEST    74
 LOWEST     34
 AVERAGE    54

..........................................................


THE ALBANY NY CLIMATE NORMALS FOR TODAY
                         NORMAL    RECORD    YEAR
 MAXIMUM TEMPERATURE (F)   33        48      2005
                                             1951
 MINIMUM TEMPERATURE (F)   16       -18      1995


SUNRISE AND SUNSET
FEBRUARY  7 2016......SUNRISE   703 AM EST   SUNSET   516 PM EST
FEBRUARY  8 2016......SUNRISE   702 AM EST   SUNSET   517 PM EST


-  INDICATES NEGATIVE NUMBERS.
R  INDICATES RECORD WAS SET OR TIED.
MM INDICATES DATA IS MISSING.
T  INDICATES TRACE AMOUNT.




$$
