000
CDUS41 KALY 250623
CLIALB


CLIMATE REPORT
NATIONAL WEATHER SERVICE ALBANY NY
223 AM EDT TUE APR 25 2017


...................................

...THE ALBANY NY CLIMATE SUMMARY FOR APRIL 24 2017...

CLIMATE NORMAL PERIOD 1981 TO 2010
CLIMATE RECORD PERIOD 1874 TO 2017


WEATHER ITEM   OBSERVED TIME   RECORD YEAR NORMAL DEPARTURE LAST
                VALUE   (LST)  VALUE       VALUE  FROM      YEAR
                                                  NORMAL
..................................................................
TEMPERATURE (F)
 YESTERDAY
  MAXIMUM         74    441 PM  81    2001  62     12       58
                                      1885
  MINIMUM         39    519 AM  25    1965  40     -1       35
  AVERAGE         57                        51      6       47

PRECIPITATION (IN)
  YESTERDAY        0.00          2.01 1968   0.09  -0.09     0.00
  MONTH TO DATE    2.62                      2.53   0.09     1.33
  SINCE MAR 1      6.69                      5.74   0.95     2.51
  SINCE JAN 1     12.67                     10.53   2.14     7.82

SNOWFALL (IN)
  YESTERDAY        0.0           1.2  1967   0.0    0.0      0.0
  MONTH TO DATE    0.2                       2.1   -1.9      6.4
  SINCE MAR 1     19.6                      13.1    6.5      6.6
  SINCE JUL 1     60.8                      60.0    0.8     16.9
  SNOW DEPTH       0

DEGREE DAYS
 HEATING
  YESTERDAY        8                        14     -6       18
  MONTH TO DATE  337                       443   -106      470
  SINCE MAR 1   1362                      1372    -10     1152
  SINCE JUL 1   5525                      6316   -791     5081

 COOLING
  YESTERDAY        0                         0      0        0
  MONTH TO DATE   16                         0     16        2
  SINCE MAR 1     16                         0     16        2
  SINCE JAN 1     16                         0     16        2
..................................................................


WIND (MPH)
  HIGHEST WIND SPEED    16   HIGHEST WIND DIRECTION    NE (40)
  HIGHEST GUST SPEED    20   HIGHEST GUST DIRECTION    NE (40)
  AVERAGE WIND SPEED     4.2


SKY COVER
  AVERAGE SKY COVER 0.5



RELATIVE HUMIDITY (PERCENT)
 HIGHEST    82
 LOWEST     23
 AVERAGE    53

..........................................................


THE ALBANY NY CLIMATE NORMALS FOR TODAY
                         NORMAL    RECORD    YEAR
 MAXIMUM TEMPERATURE (F)   63        89      2009
 MINIMUM TEMPERATURE (F)   41        23      1965


SUNRISE AND SUNSET
APRIL 25 2017.........SUNRISE   558 AM EDT   SUNSET   749 PM EDT
APRIL 26 2017.........SUNRISE   556 AM EDT   SUNSET   750 PM EDT


-  INDICATES NEGATIVE NUMBERS.
R  INDICATES RECORD WAS SET OR TIED.
MM INDICATES DATA IS MISSING.
T  INDICATES TRACE AMOUNT.




$$
