000
CDUS41 KALY 282043
CLIALB


CLIMATE REPORT
NATIONAL WEATHER SERVICE ALBANY NY
443 PM EDT SUN MAY 28 2017


...................................

...THE ALBANY NY CLIMATE SUMMARY FOR MAY 28 2017...
VALID TODAY AS OF 0400 PM LOCAL TIME.

CLIMATE NORMAL PERIOD 1981 TO 2010
CLIMATE RECORD PERIOD 1874 TO 2017


WEATHER ITEM   OBSERVED TIME   RECORD YEAR NORMAL DEPARTURE LAST
                VALUE   (LST)  VALUE       VALUE  FROM      YEAR
                                                  NORMAL
..................................................................
TEMPERATURE (F)
 TODAY
  MAXIMUM         74   1251 PM  93    2016  73      1       93
  MINIMUM         60    512 AM  33    1994  51      9       67
  AVERAGE         67                        62      5       80

PRECIPITATION (IN)
  TODAY            0.00          1.13 1882   0.12  -0.12     0.00
  MONTH TO DATE    4.64                      3.23   1.41     1.82
  SINCE MAR 1     11.59                      9.61   1.98     4.84
  SINCE JAN 1     17.57                     14.40   3.17    10.15

SNOWFALL (IN)
  TODAY            0.0           T    1902   0.0    0.0      0.0
  MONTH TO DATE    T                         0.1   -0.1      0.0
  SINCE MAR 1     19.6                      13.4    6.2      6.6
  SINCE JUL 1     60.8                      60.3    0.5     16.9
  SNOW DEPTH       0

DEGREE DAYS
 HEATING
  TODAY            0                         5     -5        0
  MONTH TO DATE  242                       222     20      236
  SINCE MAR 1   1640                      1671    -31     1487
  SINCE JUL 1   5803                      6615   -812     5416

 COOLING
  TODAY            2                         2      0       15
  MONTH TO DATE   26                        18      8       43
  SINCE MAR 1     48                        22     26       45
  SINCE JAN 1     48                        22     26       45
..................................................................


WIND (MPH)
  HIGHEST WIND SPEED    12   HIGHEST WIND DIRECTION     S (190)
  HIGHEST GUST SPEED    15   HIGHEST GUST DIRECTION     S (190)
  AVERAGE WIND SPEED     3.6


SKY COVER
  AVERAGE SKY COVER 0.9



RELATIVE HUMIDITY (PERCENT)
 HIGHEST    84           300 AM
 LOWEST     53          1200 PM
 AVERAGE    69

..........................................................


THE ALBANY NY CLIMATE NORMALS FOR TOMORROW
                         NORMAL    RECORD    YEAR
 MAXIMUM TEMPERATURE (F)   73        93      1931
 MINIMUM TEMPERATURE (F)   51        34      1956


SUNRISE AND SUNSET
MAY 28 2017...........SUNRISE   522 AM EDT   SUNSET   824 PM EDT
MAY 29 2017...........SUNRISE   521 AM EDT   SUNSET   825 PM EDT


-  INDICATES NEGATIVE NUMBERS.
R  INDICATES RECORD WAS SET OR TIED.
MM INDICATES DATA IS MISSING.
T  INDICATES TRACE AMOUNT.




$$
