000
CDUS43 KDMX 222328
CLIALO

CLIMATE REPORT
NATIONAL WEATHER SERVICE DES MOINES IA
527 PM CST MON DEC 22 2014


...................................

...THE WATERLOO IA CLIMATE SUMMARY FOR DECEMBER 22 2014...
VALID TODAY AS OF 0500 PM LOCAL TIME.

CLIMATE NORMAL PERIOD 1981 TO 2010
CLIMATE RECORD PERIOD 1895 TO 2014


WEATHER ITEM   OBSERVED TIME   RECORD YEAR NORMAL DEPARTURE LAST
                VALUE   (LST)  VALUE       VALUE  FROM      YEAR
                                                  NORMAL
..................................................................
TEMPERATURE (F)
 TODAY
  MAXIMUM         37    343 PM  55    1941  29      8       26
  MINIMUM         36    459 PM -23    1983  12     24        1
  AVERAGE         37                        20     17       14

PRECIPITATION (IN)
  TODAY            0.09          0.66 1979   0.04   0.05     0.23
  MONTH TO DATE    0.96                      0.92   0.04     0.63
  SINCE DEC 1      0.96                      0.92   0.04     0.63
  SINCE JAN 1     34.21                     34.32  -0.11    40.50

SNOWFALL (IN)
  TODAY           MM             4.7  2007   0.3   MM        4.4
  MONTH TO DATE    T                         7.2   -7.2     11.8
  SINCE DEC 1      T                         7.2   -7.2     11.8
  SINCE JUL 1      5.4                      10.6   -5.2     17.7
  SNOW DEPTH       0

DEGREE DAYS
 HEATING
  TODAY           28                        45    -17       51
  MONTH TO DATE  769                       916   -147     1048
  SINCE DEC 1    769                       916   -147     1048
  SINCE JUL 1   2518                      2399    119     2654

 COOLING
  TODAY            0                         0      0        0
  MONTH TO DATE    0                         0      0        0
  SINCE DEC 1      0                         0      0        0
  SINCE JAN 1    658                       799   -141      837
..................................................................


WIND (MPH)
  HIGHEST WIND SPEED    18   HIGHEST WIND DIRECTION    SE (150)
  HIGHEST GUST SPEED    23   HIGHEST GUST DIRECTION    SE (150)
  AVERAGE WIND SPEED    14.4


SKY COVER
  POSSIBLE SUNSHINE  MM
  AVERAGE SKY COVER 1.0


WEATHER CONDITIONS
 THE FOLLOWING WEATHER WAS RECORDED TODAY.
  LIGHT RAIN
  FOG


RELATIVE HUMIDITY (PERCENT)
 HIGHEST   100           500 AM
 LOWEST     85           800 AM
 AVERAGE    93

..........................................................


THE WATERLOO IA CLIMATE NORMALS FOR TOMORROW
                         NORMAL    RECORD    YEAR
 MAXIMUM TEMPERATURE (F)   29        52      1965
 MINIMUM TEMPERATURE (F)   11       -25      1989


SUNRISE AND SUNSET
DECEMBER 22 2014......SUNRISE   737 AM CST   SUNSET   440 PM CST
DECEMBER 23 2014......SUNRISE   737 AM CST   SUNSET   440 PM CST


-  INDICATES NEGATIVE NUMBERS.
R  INDICATES RECORD WAS SET OR TIED.
MM INDICATES DATA IS MISSING.
T  INDICATES TRACE AMOUNT.




$$
