000
CDUS43 KDMX 300642
CLIALO

CLIMATE REPORT
NATIONAL WEATHER SERVICE DES MOINES IA
142 AM CDT WED JUL 30 2014

...................................

...THE WATERLOO IA CLIMATE SUMMARY FOR JULY 29 2014...

CLIMATE NORMAL PERIOD 1981 TO 2010
CLIMATE RECORD PERIOD 1895 TO 2014


WEATHER ITEM   OBSERVED TIME   RECORD YEAR NORMAL DEPARTURE LAST
                VALUE   (LST)  VALUE       VALUE  FROM      YEAR
                                                  NORMAL
..................................................................
TEMPERATURE (F)
 YESTERDAY
  MAXIMUM         79    323 PM 103    1916  84     -5       76
  MINIMUM         54    526 AM  44    1925  62     -8       48
  AVERAGE         67                        73     -6       62

PRECIPITATION (IN)
  YESTERDAY        0.00          2.28 1959   0.14  -0.14     0.00
  MONTH TO DATE    1.14                      4.63  -3.49     4.03
  SINCE JUN 1     10.77                      9.61   1.16     8.71
  SINCE JAN 1     24.80                     21.73   3.07    32.29

SNOWFALL (IN)
  YESTERDAY        0.0          MM      MM   0.0    0.0      0.0
  MONTH TO DATE    0.0                       0.0    0.0      0.0
  SINCE JUN 1      0.0                       0.0    0.0      0.0
  SINCE JUL 1      0.0                       0.0    0.0      0.0
  SNOW DEPTH       0

DEGREE DAYS
 HEATING
  YESTERDAY        0                         0      0        3
  MONTH TO DATE   17                         0     17       14
  SINCE JUN 1     24                        26     -2       52
  SINCE JUL 1     17                         0     17       14

 COOLING
  YESTERDAY        2                         8     -6        0
  MONTH TO DATE  142                       255   -113      249
  SINCE JUN 1    313                       432   -119      417
  SINCE JAN 1    380                       488   -108      470
..................................................................


WIND (MPH)
  HIGHEST WIND SPEED    15   HIGHEST WIND DIRECTION    NW (320)
  HIGHEST GUST SPEED    21   HIGHEST GUST DIRECTION    NW (320)
  AVERAGE WIND SPEED     6.5


SKY COVER
  POSSIBLE SUNSHINE  MM
  AVERAGE SKY COVER 0.1


WEATHER CONDITIONS
 THE FOLLOWING WEATHER WAS RECORDED YESTERDAY.
  NO SIGNIFICANT WEATHER WAS OBSERVED.


RELATIVE HUMIDITY (PERCENT)
 HIGHEST   100           200 AM
 LOWEST     42           400 PM
 AVERAGE    71

..........................................................


THE WATERLOO IA CLIMATE NORMALS FOR TODAY
                         NORMAL    RECORD    YEAR
 MAXIMUM TEMPERATURE (F)   84       104      1916
 MINIMUM TEMPERATURE (F)   62        45      1899


SUNRISE AND SUNSET
JULY 30 2014..........SUNRISE   600 AM CDT   SUNSET   832 PM CDT
JULY 31 2014..........SUNRISE   601 AM CDT   SUNSET   831 PM CDT


-  INDICATES NEGATIVE NUMBERS.
R  INDICATES RECORD WAS SET OR TIED.
MM INDICATES DATA IS MISSING.
T  INDICATES TRACE AMOUNT.

$$

SMALL
