614
CDUS43 KDMX 270655 RRB
CLIALO

CLIMATE REPORT
NATIONAL WEATHER SERVICE DES MOINES IA
154 AM CDT THU APR 27 2017


...................................

...THE WATERLOO IA CLIMATE SUMMARY FOR APRIL 26 2017...

CLIMATE NORMAL PERIOD 1981 TO 2010
CLIMATE RECORD PERIOD 1895 TO 2017


WEATHER ITEM   OBSERVED TIME   RECORD YEAR NORMAL DEPARTURE LAST
                VALUE   (LST)  VALUE       VALUE  FROM      YEAR
                                                  NORMAL
..................................................................
TEMPERATURE (F)
 YESTERDAY
  MAXIMUM         61   1202 AM  85    1986  65     -4       59
  MINIMUM         40   1159 PM  23    1907  42     -2       45
  AVERAGE         51                        53     -2       52

PRECIPITATION (IN)
  YESTERDAY        0.01          2.80 2009   0.14  -0.13     0.00
  MONTH TO DATE    2.48                      3.13  -0.65     1.18
  SINCE MAR 1      4.54                      5.19  -0.65     4.06
  SINCE JAN 1      8.47                      7.01   1.46     5.83

SNOWFALL (IN)
  YESTERDAY        0.0           0.4  1967   0.0    0.0      0.0
  MONTH TO DATE    0.0                       1.7   -1.7       T
  SINCE MAR 1     10.6                       6.3    4.3      2.9
  SINCE JUL 1     26.2                      35.2   -9.0     46.0
  SNOW DEPTH       0

DEGREE DAYS
 HEATING
  YESTERDAY       14                        12      2       13
  MONTH TO DATE  309                       447   -138      398
  SINCE MAR 1   1226                      1353   -127     1144
  SINCE JUL 1   5688                      6772  -1084     5844

 COOLING
  YESTERDAY        0                         0      0        0
  MONTH TO DATE    6                         0      6        3
  SINCE MAR 1      6                         0      6        3
  SINCE JAN 1      6                         0      6        3
..................................................................


WIND (MPH)
  HIGHEST WIND SPEED    21   HIGHEST WIND DIRECTION    NW (330)
  HIGHEST GUST SPEED    25   HIGHEST GUST DIRECTION    NW (330)
  AVERAGE WIND SPEED    12.8


SKY COVER
  POSSIBLE SUNSHINE  MM
  AVERAGE SKY COVER 1.0


WEATHER CONDITIONS
 THE FOLLOWING WEATHER WAS RECORDED YESTERDAY.
  LIGHT RAIN
  FOG


RELATIVE HUMIDITY (PERCENT)
 HIGHEST    93           500 AM
 LOWEST     71           300 PM
 AVERAGE    82

..........................................................


THE WATERLOO IA CLIMATE NORMALS FOR TODAY
                         NORMAL    RECORD    YEAR
 MAXIMUM TEMPERATURE (F)   66        89      1981
 MINIMUM TEMPERATURE (F)   42        24      1928


SUNRISE AND SUNSET
APRIL 27 2017.........SUNRISE   610 AM CDT   SUNSET   805 PM CDT
APRIL 28 2017.........SUNRISE   608 AM CDT   SUNSET   807 PM CDT


-  INDICATES NEGATIVE NUMBERS.
R  INDICATES RECORD WAS SET OR TIED.
MM INDICATES DATA IS MISSING.
T  INDICATES TRACE AMOUNT.




$$
