000
CDUS43 KDMX 260634
CLIALO

CLIMATE REPORT
NATIONAL WEATHER SERVICE DES MOINES IA
1233 AM CST SUN FEB 26 2017

...................................

...THE WATERLOO IA CLIMATE SUMMARY FOR FEBRUARY 25 2017...

CLIMATE NORMAL PERIOD 1981 TO 2010
CLIMATE RECORD PERIOD 1895 TO 2017


WEATHER ITEM   OBSERVED TIME   RECORD YEAR NORMAL DEPARTURE LAST
                VALUE   (LST)  VALUE       VALUE  FROM      YEAR
                                                  NORMAL
..................................................................
TEMPERATURE (F)
 YESTERDAY
  MAXIMUM         27    328 PM  65    2000  36     -9       35
  MINIMUM         15    735 AM -19    1940  19     -4       29
  AVERAGE         21                        27     -6       32

PRECIPITATION (IN)
  YESTERDAY        0.00          0.65 2008   0.05  -0.05     0.00
  MONTH TO DATE    1.01                      0.86   0.15     0.86
  SINCE DEC 1      5.77                      2.89   2.88     7.56
  SINCE JAN 1      3.90                      1.69   2.21     1.64

SNOWFALL (IN)
  YESTERDAY        0.0           7.0  1962   0.2   -0.2      0.0
  MONTH TO DATE    1.4                       6.8   -5.4     11.3
  SINCE DEC 1     15.6                      24.9   -9.3     28.8
  SINCE JUL 1     15.6                      28.3  -12.7     41.5
  SNOW DEPTH       1

DEGREE DAYS
 HEATING
  YESTERDAY       44                        38      6       33
  MONTH TO DATE  789                      1053   -264     1003
  SINCE DEC 1   3389                      3824   -435     3385
  SINCE JUL 1   4378                      5307   -929     4600

 COOLING
  YESTERDAY        0                         0      0        0
  MONTH TO DATE    0                         0      0        0
  SINCE DEC 1      0                         0      0        0
  SINCE JAN 1      0                         0      0        0
..................................................................


WIND (MPH)
  HIGHEST WIND SPEED    23   HIGHEST WIND DIRECTION     N (340)
  HIGHEST GUST SPEED    28   HIGHEST GUST DIRECTION    NW (310)
  AVERAGE WIND SPEED    12.5


SKY COVER
  POSSIBLE SUNSHINE  MM
  AVERAGE SKY COVER 0.2


WEATHER CONDITIONS
 THE FOLLOWING WEATHER WAS RECORDED YESTERDAY.
  NO SIGNIFICANT WEATHER WAS OBSERVED.


RELATIVE HUMIDITY (PERCENT)
 HIGHEST    80           500 AM
 LOWEST     55           300 PM
 AVERAGE    68

..........................................................


THE WATERLOO IA CLIMATE NORMALS FOR TODAY
                         NORMAL    RECORD    YEAR
 MAXIMUM TEMPERATURE (F)   36        64      1896
 MINIMUM TEMPERATURE (F)   19       -14      1897


SUNRISE AND SUNSET
FEBRUARY 26 2017......SUNRISE   649 AM CST   SUNSET   556 PM CST
FEBRUARY 27 2017......SUNRISE   648 AM CST   SUNSET   557 PM CST


-  INDICATES NEGATIVE NUMBERS.
R  INDICATES RECORD WAS SET OR TIED.
MM INDICATES DATA IS MISSING.
T  INDICATES TRACE AMOUNT.

$$

SMALL
