000
CDUS45 KPUB 160020
CLIALS


CLIMATE REPORT
NATIONAL WEATHER SERVICE PUEBLO
620 PM MDT TUE APR 15 2014


...................................

...THE ALAMOSA CO CLIMATE SUMMARY FOR APRIL 15 2014...
VALID TODAY AS OF 0500 PM LOCAL TIME.

CLIMATE NORMAL PERIOD 1981 TO 2010
CLIMATE RECORD PERIOD 1932 TO 2014


WEATHER ITEM   OBSERVED TIME   RECORD YEAR NORMAL DEPARTURE LAST
                VALUE   (LST)  VALUE       VALUE  FROM      YEAR
                                                  NORMAL
..................................................................
TEMPERATURE (F)
 TODAY
  MAXIMUM         62    320 PM  76    1937  59      3       63
  MINIMUM         19    539 AM  10    1974  24     -5       37
                                      1944
  AVERAGE         41                        42     -1       50

PRECIPITATION (IN)
  TODAY            0.00          1.45 1938   0.01  -0.01     0.00
  MONTH TO DATE    0.64                      0.27   0.37     0.27
  SINCE MAR 1      1.04                      0.80   0.24     0.61
  SINCE JAN 1      1.16                      1.32  -0.16     0.83

SNOWFALL (IN)
  TODAY            0.0          15.0  1938   0.1   -0.1      0.0
  MONTH TO DATE    5.6                       2.0    3.6      1.5
  SINCE MAR 1      9.0                       7.0    2.0      4.9
  SINCE JUL 1     37.1                      25.1   12.0     20.4
  SNOW DEPTH       0

DEGREE DAYS
 HEATING
  TODAY           24                        23      1       15
  MONTH TO DATE  371                       380     -9      350
  SINCE MAR 1   1246                      1357   -111     1309
  SINCE JUL 1   7814                      7686    128     8096

 COOLING
  TODAY            0                         0      0        0
  MONTH TO DATE    0                         0      0        0
  SINCE MAR 1      0                         0      0        0
  SINCE JAN 1      0                         0      0        0
..................................................................


WIND (MPH)
  HIGHEST WIND SPEED    24   HIGHEST WIND DIRECTION    SW (240)
  HIGHEST GUST SPEED    30   HIGHEST GUST DIRECTION     W (250)
  AVERAGE WIND SPEED     5.2


SKY COVER
  POSSIBLE SUNSHINE  MM
  AVERAGE SKY COVER 0.0


WEATHER CONDITIONS
 THE FOLLOWING WEATHER WAS RECORDED TODAY.
  NO SIGNIFICANT WEATHER WAS OBSERVED.


RELATIVE HUMIDITY (PERCENT)
 HIGHEST    84           300 AM
 LOWEST     15           300 PM
 AVERAGE    50

..........................................................


THE ALAMOSA CO CLIMATE NORMALS FOR TOMORROW
                         NORMAL    RECORD    YEAR
 MAXIMUM TEMPERATURE (F)   59        75      1962
 MINIMUM TEMPERATURE (F)   24         4      1999


SUNRISE AND SUNSET
APRIL 15 2014.........SUNRISE   629 AM MDT   SUNSET   739 PM MDT
APRIL 16 2014.........SUNRISE   627 AM MDT   SUNSET   740 PM MDT


-  INDICATES NEGATIVE NUMBERS.
R  INDICATES RECORD WAS SET OR TIED.
MM INDICATES DATA IS MISSING.
T  INDICATES TRACE AMOUNT.




$$
