000
CDUS45 KPUB 231038
CLIALS


CLIMATE REPORT
NATIONAL WEATHER SERVICE PUEBLO
437 AM MDT THU MAR 23 2017


...................................

...THE ALAMOSA CO CLIMATE SUMMARY FOR MARCH 22 2017...

CLIMATE NORMAL PERIOD 1981 TO 2010
CLIMATE RECORD PERIOD 1932 TO 2017


WEATHER ITEM   OBSERVED TIME   RECORD YEAR NORMAL DEPARTURE LAST
                VALUE   (LST)  VALUE       VALUE  FROM      YEAR
                                                  NORMAL
..................................................................
TEMPERATURE (F)
 YESTERDAY
  MAXIMUM         72R   139 PM  70    2004  52     20       62
  MINIMUM         25    552 AM  -4    1952  19      6       33
  AVERAGE         49                        35     14       48

PRECIPITATION (IN)
  YESTERDAY        0.00          0.57 1984   0.02  -0.02     0.00
  MONTH TO DATE    0.02                      0.36  -0.34      T
  SINCE MAR 1      0.02                      0.36  -0.34      T
  SINCE JAN 1      1.67                      0.88   0.79     0.98

SNOWFALL (IN)
  YESTERDAY        0.0           4.9  1984   0.2   -0.2      0.0
  MONTH TO DATE    T                         3.5   -3.5      0.0
  SINCE MAR 1      T                         3.5   -3.5      0.0
  SINCE JUL 1     35.5                      21.6   13.9     18.8
  SNOW DEPTH       0

DEGREE DAYS
 HEATING
  YESTERDAY       16                        30    -14       17
  MONTH TO DATE  538                       721   -183      588
  SINCE MAR 1    538                       721   -183      588
  SINCE JUL 1   6327                      7050   -723     6354

 COOLING
  YESTERDAY        0                         0      0        0
  MONTH TO DATE    0                         0      0        0
  SINCE MAR 1      0                         0      0        0
  SINCE JAN 1      0                         0      0        0
..................................................................


WIND (MPH)
  HIGHEST WIND SPEED    32   HIGHEST WIND DIRECTION     W (250)
  HIGHEST GUST SPEED    40   HIGHEST GUST DIRECTION     W (250)
  AVERAGE WIND SPEED    10.1


SKY COVER
  POSSIBLE SUNSHINE  MM
  AVERAGE SKY COVER 0.0


WEATHER CONDITIONS
 THE FOLLOWING WEATHER WAS RECORDED YESTERDAY.
  NO SIGNIFICANT WEATHER WAS OBSERVED.


RELATIVE HUMIDITY (PERCENT)
 HIGHEST    81           600 AM
 LOWEST     10           200 PM
 AVERAGE    46

..........................................................


THE ALAMOSA CO CLIMATE NORMALS FOR TODAY
                         NORMAL    RECORD    YEAR
 MAXIMUM TEMPERATURE (F)   52        70      2012
 MINIMUM TEMPERATURE (F)   19        -3      1952


SUNRISE AND SUNSET
MARCH 23 2017.........SUNRISE   702 AM MDT   SUNSET   718 PM MDT
MARCH 24 2017.........SUNRISE   700 AM MDT   SUNSET   719 PM MDT


-  INDICATES NEGATIVE NUMBERS.
R  INDICATES RECORD WAS SET OR TIED.
MM INDICATES DATA IS MISSING.
T  INDICATES TRACE AMOUNT.




$$
