000
CDUS45 KPUB 310020
CLIALS


CLIMATE REPORT
NATIONAL WEATHER SERVICE PUEBLO
619 PM MDT SAT AUG 30 2014


...................................

...THE ALAMOSA CO CLIMATE SUMMARY FOR AUGUST 30 2014...
VALID TODAY AS OF 0500 PM LOCAL TIME.

CLIMATE NORMAL PERIOD 1981 TO 2010
CLIMATE RECORD PERIOD 1932 TO 2014


WEATHER ITEM   OBSERVED TIME   RECORD YEAR NORMAL DEPARTURE LAST
                VALUE   (LST)  VALUE       VALUE  FROM      YEAR
                                                  NORMAL
..................................................................
TEMPERATURE (F)
 TODAY
  MAXIMUM         78    138 PM  87    2013  78      0       87
  MINIMUM         41    516 AM  30    1944  43     -2       48
  AVERAGE         60                        60      0       68

PRECIPITATION (IN)
  TODAY            T             0.54 1943   0.04  -0.04     0.00
  MONTH TO DATE    0.53                      1.23  -0.70     2.44
  SINCE JUN 1      2.07                      2.69  -0.62     3.78
  SINCE JAN 1      3.88                      4.91  -1.03     4.84

SNOWFALL (IN)
  TODAY            0.0           0.0  2002   0.0    0.0      0.0
  MONTH TO DATE    0.0                       0.0    0.0      0.0
  SINCE JUN 1      0.0                       0.0    0.0      0.0
  SINCE JUL 1      0.0                       0.0    0.0      0.0
  SNOW DEPTH       0

DEGREE DAYS
 HEATING
  TODAY            5                         5      0        0
  MONTH TO DATE   95                        79     16       47
  SINCE JUN 1    243                       292    -49      177
  SINCE JUL 1    117                       124     -7       75

 COOLING
  TODAY            0                         0      0        3
  MONTH TO DATE    3                        12     -9       29
  SINCE JUN 1     60                        50     10       94
  SINCE JAN 1     60                        50     10       94
..................................................................


WIND (MPH)
  HIGHEST WIND SPEED    26   HIGHEST WIND DIRECTION     W (290)
  HIGHEST GUST SPEED    35   HIGHEST GUST DIRECTION    NW (300)
  AVERAGE WIND SPEED     6.1


SKY COVER
  POSSIBLE SUNSHINE  MM
  AVERAGE SKY COVER 0.1


WEATHER CONDITIONS
 THE FOLLOWING WEATHER WAS RECORDED TODAY.
  LIGHT RAIN


RELATIVE HUMIDITY (PERCENT)
 HIGHEST    89           400 AM
 LOWEST     19           200 PM
 AVERAGE    54

..........................................................


THE ALAMOSA CO CLIMATE NORMALS FOR TOMORROW
                         NORMAL    RECORD    YEAR
 MAXIMUM TEMPERATURE (F)   77        88      2011
 MINIMUM TEMPERATURE (F)   43        31      1944


SUNRISE AND SUNSET
AUGUST 30 2014........SUNRISE   632 AM MDT   SUNSET   735 PM MDT
AUGUST 31 2014........SUNRISE   633 AM MDT   SUNSET   734 PM MDT


-  INDICATES NEGATIVE NUMBERS.
R  INDICATES RECORD WAS SET OR TIED.
MM INDICATES DATA IS MISSING.
T  INDICATES TRACE AMOUNT.




$$
