000
CDUS45 KPUB 260032
CLIALS


CLIMATE REPORT
NATIONAL WEATHER SERVICE PUEBLO
632 PM MDT SAT OCT 25 2014


...................................

...THE ALAMOSA CO CLIMATE SUMMARY FOR OCTOBER 25 2014...
VALID TODAY AS OF 0500 PM LOCAL TIME.

CLIMATE NORMAL PERIOD 1981 TO 2010
CLIMATE RECORD PERIOD 1932 TO 2014


WEATHER ITEM   OBSERVED TIME   RECORD YEAR NORMAL DEPARTURE LAST
                VALUE   (LST)  VALUE       VALUE  FROM      YEAR
                                                  NORMAL
..................................................................
TEMPERATURE (F)
 TODAY
  MAXIMUM         75R   316 PM  75    1959  58     17       58
  MINIMUM         23    528 AM  -1    1932  21      2       38
  AVERAGE         49                        40      9       48

PRECIPITATION (IN)
  TODAY            0.00          0.47 1958   0.02  -0.02     0.03
  MONTH TO DATE    0.70                      0.56   0.14     0.49
  SINCE SEP 1      1.11                      1.47  -0.36     3.47
  SINCE JAN 1      4.99                      6.42  -1.43     8.34

SNOWFALL (IN)
  TODAY            0.0           0.5  2010   0.1   -0.1      0.0
                                      1997
  MONTH TO DATE    T                         1.4   -1.4      3.5
  SINCE SEP 1      T                         1.4   -1.4      3.5
  SINCE JUL 1      T                         1.4   -1.4      3.5
  SNOW DEPTH       0

DEGREE DAYS
 HEATING
  TODAY           16                        25     -9       17
  MONTH TO DATE  428                       517    -89      549
  SINCE SEP 1    607                       819   -212      771
  SINCE JUL 1    728                       948   -220      846

 COOLING
  TODAY            0                         0      0        0
  MONTH TO DATE    0                         0      0        0
  SINCE SEP 1      0                         0      0       14
  SINCE JAN 1     60                        51      9      113
..................................................................


WIND (MPH)
  HIGHEST WIND SPEED    20   HIGHEST WIND DIRECTION    SW (210)
  HIGHEST GUST SPEED    23   HIGHEST GUST DIRECTION    SW (210)
  AVERAGE WIND SPEED     3.5


SKY COVER
  POSSIBLE SUNSHINE  MM
  AVERAGE SKY COVER 0.0


WEATHER CONDITIONS
 THE FOLLOWING WEATHER WAS RECORDED TODAY.
  NO SIGNIFICANT WEATHER WAS OBSERVED.


RELATIVE HUMIDITY (PERCENT)
 HIGHEST    88           500 AM
 LOWEST      9           400 PM
 AVERAGE    49

..........................................................


THE ALAMOSA CO CLIMATE NORMALS FOR TOMORROW
                         NORMAL    RECORD    YEAR
 MAXIMUM TEMPERATURE (F)   58        72      1979
 MINIMUM TEMPERATURE (F)   21         6      1997


SUNRISE AND SUNSET
OCTOBER 25 2014.......SUNRISE   721 AM MDT   SUNSET   613 PM MDT
OCTOBER 26 2014.......SUNRISE   722 AM MDT   SUNSET   612 PM MDT


-  INDICATES NEGATIVE NUMBERS.
R  INDICATES RECORD WAS SET OR TIED.
MM INDICATES DATA IS MISSING.
T  INDICATES TRACE AMOUNT.




$$
