000
CDUS45 KPUB 062332
CLIALS


CLIMATE REPORT
NATIONAL WEATHER SERVICE PUEBLO
532 PM MDT FRI MAY 6 2016


...................................

...THE ALAMOSA CO CLIMATE SUMMARY FOR MAY 6 2016...
VALID TODAY AS OF 0500 PM LOCAL TIME.

CLIMATE NORMAL PERIOD 1981 TO 2010
CLIMATE RECORD PERIOD 1932 TO 2016


WEATHER ITEM   OBSERVED TIME   RECORD YEAR NORMAL DEPARTURE LAST
                VALUE   (LST)  VALUE       VALUE  FROM      YEAR
                                                  NORMAL
..................................................................
TEMPERATURE (F)
 TODAY
  MAXIMUM         77    215 PM  80    2009  66     11       64
  MINIMUM         40    509 AM  17    1991  31      9       39
                                      1950
  AVERAGE         59                        48     11       52

PRECIPITATION (IN)
  TODAY            T             0.71 1973   0.02  -0.02      T
  MONTH TO DATE    0.08                      0.12  -0.04     0.32
  SINCE MAR 1      2.35                      1.24   1.11     1.15
  SINCE JAN 1      3.33                      1.76   1.57     2.49

SNOWFALL (IN)
  TODAY            0.0           8.4  1973   0.1   -0.1      0.0
  MONTH TO DATE    0.8                       0.4    0.4      0.0
  SINCE MAR 1     24.2                       9.0   15.2      0.7
  SINCE JUL 1     43.0                      27.1   15.9     23.8
  SNOW DEPTH       0

DEGREE DAYS
 HEATING
  TODAY            6                        17    -11       13
  MONTH TO DATE  102                       105     -3       82
  SINCE MAR 1   1704                      1776    -72     1507
  SINCE JUL 1   7470                      8105   -635     6999

 COOLING
  TODAY            0                         0      0        0
  MONTH TO DATE    0                         0      0        0
  SINCE MAR 1      0                         0      0        0
  SINCE JAN 1      0                         0      0        0
..................................................................


WIND (MPH)
  HIGHEST WIND SPEED    37   HIGHEST WIND DIRECTION     S (190)
  HIGHEST GUST SPEED    46   HIGHEST GUST DIRECTION     S (190)
  AVERAGE WIND SPEED    13.3


SKY COVER
  POSSIBLE SUNSHINE  MM
  AVERAGE SKY COVER 0.3


WEATHER CONDITIONS
 THE FOLLOWING WEATHER WAS RECORDED TODAY.
  LIGHT RAIN
  HAZE


RELATIVE HUMIDITY (PERCENT)
 HIGHEST    70           300 AM
 LOWEST      9           400 PM
 AVERAGE    40

..........................................................


THE ALAMOSA CO CLIMATE NORMALS FOR TOMORROW
                         NORMAL    RECORD    YEAR
 MAXIMUM TEMPERATURE (F)   66        81      2009
                                             1989
                                             1934
 MINIMUM TEMPERATURE (F)   31        13      1975


SUNRISE AND SUNSET
MAY  6 2016...........SUNRISE   602 AM MDT   SUNSET   758 PM MDT
MAY  7 2016...........SUNRISE   601 AM MDT   SUNSET   759 PM MDT


-  INDICATES NEGATIVE NUMBERS.
R  INDICATES RECORD WAS SET OR TIED.
MM INDICATES DATA IS MISSING.
T  INDICATES TRACE AMOUNT.




$$
