000
CDUS45 KPUB 211049
CLIALS


CLIMATE REPORT
NATIONAL WEATHER SERVICE PUEBLO
449 AM MDT THU SEP 21 2017


...................................

...THE ALAMOSA CO CLIMATE SUMMARY FOR SEPTEMBER 20 2017...

CLIMATE NORMAL PERIOD 1981 TO 2010
CLIMATE RECORD PERIOD 1932 TO 2017


WEATHER ITEM   OBSERVED TIME   RECORD YEAR NORMAL DEPARTURE LAST
                VALUE   (LST)  VALUE       VALUE  FROM      YEAR
                                                  NORMAL
..................................................................
TEMPERATURE (F)
 YESTERDAY
  MAXIMUM         76    339 PM  84    2014  72      4       79
  MINIMUM         43   1127 PM  20    1971  35      8       37
  AVERAGE         60                        53      7       58

PRECIPITATION (IN)
  YESTERDAY        0.00          0.76 1997   0.02  -0.02     0.00
  MONTH TO DATE    0.20                      0.66  -0.46     0.15
  SINCE SEP 1      0.20                      0.66  -0.46     0.15
  SINCE JAN 1      8.89                      5.61   3.28     7.50

SNOWFALL (IN)
  YESTERDAY        0.0           0.0  2002   0.0    0.0      0.0
  MONTH TO DATE    0.0                       0.0    0.0      0.0
  SINCE SEP 1      0.0                       0.0    0.0      0.0
  SINCE JUL 1      T                         0.0    0.0      0.0
  SNOW DEPTH       0

DEGREE DAYS
 HEATING
  YESTERDAY        5                        12     -7        7
  MONTH TO DATE  106                       164    -58      140
  SINCE SEP 1    106                       164    -58      140
  SINCE JUL 1    205                       293    -88      284

 COOLING
  YESTERDAY        0                         0      0        0
  MONTH TO DATE    0                         0      0        0
  SINCE SEP 1      0                         0      0        0
  SINCE JAN 1     76                        51     25      115
..................................................................


WIND (MPH)
  HIGHEST WIND SPEED    29   HIGHEST WIND DIRECTION     S (190)
  HIGHEST GUST SPEED    38   HIGHEST GUST DIRECTION     S (200)
  AVERAGE WIND SPEED    15.0


SKY COVER
  POSSIBLE SUNSHINE  MM
  AVERAGE SKY COVER 0.0


WEATHER CONDITIONS
 THE FOLLOWING WEATHER WAS RECORDED YESTERDAY.
  NO SIGNIFICANT WEATHER WAS OBSERVED.


RELATIVE HUMIDITY (PERCENT)
 HIGHEST    49          1100 PM
 LOWEST     15           300 PM
 AVERAGE    32

..........................................................


THE ALAMOSA CO CLIMATE NORMALS FOR TODAY
                         NORMAL    RECORD    YEAR
 MAXIMUM TEMPERATURE (F)   71        82      2010
 MINIMUM TEMPERATURE (F)   35        17      1978


SUNRISE AND SUNSET
SEPTEMBER 21 2017.....SUNRISE   651 AM MDT   SUNSET   701 PM MDT
SEPTEMBER 22 2017.....SUNRISE   652 AM MDT   SUNSET   700 PM MDT


-  INDICATES NEGATIVE NUMBERS.
R  INDICATES RECORD WAS SET OR TIED.
MM INDICATES DATA IS MISSING.
T  INDICATES TRACE AMOUNT.




$$
