000
CDUS44 KAMA 072232
CLIAMA


CLIMATE REPORT
NATIONAL WEATHER SERVICE AMARILLO TX
431 PM CST SUN FEB 7 2016


...................................

...THE AMARILLO CLIMATE SUMMARY FOR FEBRUARY 7 2016...
VALID TODAY AS OF 0400 PM LOCAL TIME.

CLIMATE NORMAL PERIOD 1981 TO 2010
CLIMATE RECORD PERIOD 1892 TO 2016


WEATHER ITEM   OBSERVED TIME   RECORD YEAR NORMAL DEPARTURE LAST
                VALUE   (LST)  VALUE       VALUE  FROM      YEAR
                                                  NORMAL
..................................................................
TEMPERATURE (F)
 TODAY
  MAXIMUM         58    250 PM  83    2015  53      5       83
  MINIMUM         25    400 AM  -8    1933  25      0       35
                                      1899
  AVERAGE         42                        39      3       59

PRECIPITATION (IN)
  TODAY            0.00          0.68 1986   0.02  -0.02     0.00
  MONTH TO DATE    0.11                      0.15  -0.04      T
  SINCE DEC 1      1.08                      1.58  -0.50     1.74
  SINCE JAN 1      0.30                      0.87  -0.57     1.61

SNOWFALL (IN)
  TODAY            0.0           8.5  1986   0.1   -0.1      0.0
  MONTH TO DATE    T                         1.0   -1.0       T
  SINCE DEC 1      7.6                       9.4   -1.8     14.5
  SINCE JUL 1      8.9                      12.1   -3.2     17.0
  SNOW DEPTH       0

DEGREE DAYS
 HEATING
  TODAY           23                        26     -3        6
  MONTH TO DATE  205                       187     18      149
  SINCE DEC 1   1747                      1928   -181     1795
  SINCE JUL 1   2406                      2772   -366     2589

 COOLING
  TODAY            0                         0      0        0
  MONTH TO DATE    0                         0      0        0
  SINCE DEC 1      0                         0      0        0
  SINCE JAN 1      0                         0      0        0
..................................................................


WIND (MPH)
  RESULTANT WIND SPEED   7   RESULTANT WIND DIRECTION   N (350)
  HIGHEST WIND SPEED    24   HIGHEST WIND DIRECTION    NE (30)
  HIGHEST GUST SPEED    31   HIGHEST GUST DIRECTION     N (20)
  AVERAGE WIND SPEED    13.2


SKY COVER
  AVERAGE SKY COVER 0.0


WEATHER CONDITIONS
 THE FOLLOWING WEATHER WAS RECORDED TODAY.
  NO SIGNIFICANT WEATHER WAS OBSERVED.


RELATIVE HUMIDITY (PERCENT)
 HIGHEST    56           900 AM
 LOWEST     23           200 PM
 AVERAGE    40

..........................................................


THE AMARILLO CLIMATE NORMALS FOR TOMORROW
                         NORMAL    RECORD    YEAR
 MAXIMUM TEMPERATURE (F)   53        80      1957
 MINIMUM TEMPERATURE (F)   25        -8      1933


SUNRISE AND SUNSET
FEBRUARY  7 2016......SUNRISE   741 AM CST   SUNSET   621 PM CST
FEBRUARY  8 2016......SUNRISE   740 AM CST   SUNSET   622 PM CST


-  INDICATES NEGATIVE NUMBERS.
R  INDICATES RECORD WAS SET OR TIED.
MM INDICATES DATA IS MISSING.
T  INDICATES TRACE AMOUNT.




$$
