000
CDUS44 KAMA 010634
CLIAMA


CLIMATE REPORT
NATIONAL WEATHER SERVICE AMARILLO TX
131 AM CDT WED JUN 1 2016


...................................

...THE AMARILLO CLIMATE SUMMARY FOR MAY 31 2016...

CLIMATE NORMAL PERIOD 1981 TO 2010
CLIMATE RECORD PERIOD 1892 TO 2016


WEATHER ITEM   OBSERVED TIME   RECORD YEAR NORMAL DEPARTURE LAST
                VALUE   (LST)  VALUE       VALUE  FROM      YEAR
                                                  NORMAL
..................................................................
TEMPERATURE (F)
 YESTERDAY
  MAXIMUM         79    353 PM 100    1953  84     -5       76
  MINIMUM         59    316 AM  44    1983  57      2       51
                                      1975
                                      1903
  AVERAGE         69                        70     -1       64

PRECIPITATION (IN)
  YESTERDAY        0.10          3.40 1988   0.11  -0.01     0.00
  MONTH TO DATE    1.60                      2.29  -0.69     9.29
  SINCE MAR 1      5.20                      5.08   0.12    12.47
  SINCE JAN 1      5.89                      6.36  -0.47    14.55

SNOWFALL (IN)
  YESTERDAY        0.0           T    2005   0.0    0.0      0.0
  MONTH TO DATE    T                         0.2   -0.2      0.0
  SINCE MAR 1      1.3                       3.8   -2.5      0.1
  SINCE JUL 1     13.4                      17.8   -4.4     23.9
  SNOW DEPTH       0

DEGREE DAYS
 HEATING
  YESTERDAY        0                         1     -1        1
  MONTH TO DATE  126                        83     43      107
  SINCE MAR 1    720                       894   -174      735
  SINCE JUL 1   3461                      4171   -710     3860

 COOLING
  YESTERDAY        4                         6     -2        0
  MONTH TO DATE   77                       104    -27       27
  SINCE MAR 1     87                       125    -38       49
  SINCE JAN 1     88                       125    -37       49
..................................................................


WIND (MPH)
  RESULTANT WIND SPEED   9   RESULTANT WIND DIRECTION   E (80)
  HIGHEST WIND SPEED    36   HIGHEST WIND DIRECTION    NW (300)
  HIGHEST GUST SPEED    51   HIGHEST GUST DIRECTION    NW (300)
  AVERAGE WIND SPEED    14.0


SKY COVER
  AVERAGE SKY COVER 0.1


WEATHER CONDITIONS
 THE FOLLOWING WEATHER WAS RECORDED YESTERDAY.
  THUNDERSTORM
  RAIN
  LIGHT RAIN


RELATIVE HUMIDITY (PERCENT)
 HIGHEST    87          1200 AM
 LOWEST     39           400 PM
 AVERAGE    63

..........................................................


THE AMARILLO CLIMATE NORMALS FOR TODAY
                         NORMAL    RECORD    YEAR
 MAXIMUM TEMPERATURE (F)   84       104      1998
 MINIMUM TEMPERATURE (F)   57        40      1919


SUNRISE AND SUNSET
JUNE  1 2016..........SUNRISE   633 AM CDT   SUNSET   856 PM CDT
JUNE  2 2016..........SUNRISE   633 AM CDT   SUNSET   857 PM CDT


-  INDICATES NEGATIVE NUMBERS.
R  INDICATES RECORD WAS SET OR TIED.
MM INDICATES DATA IS MISSING.
T  INDICATES TRACE AMOUNT.




$$
