000
CDUS44 KAMA 300626
CLIAMA


CLIMATE REPORT
NATIONAL WEATHER SERVICE AMARILLO TX
126 AM CDT TUE MAY 30 2017


...................................

...THE AMARILLO CLIMATE SUMMARY FOR MAY 29 2017...

CLIMATE NORMAL PERIOD 1981 TO 2010
CLIMATE RECORD PERIOD 1892 TO 2017


WEATHER ITEM   OBSERVED TIME   RECORD YEAR NORMAL DEPARTURE LAST
                VALUE   (LST)  VALUE       VALUE  FROM      YEAR
                                                  NORMAL
..................................................................
TEMPERATURE (F)
 YESTERDAY
  MAXIMUM         83    218 PM 104    2011  83      0       81
  MINIMUM         47    455 AM  36    1947  56     -9       51
  AVERAGE         65                        70     -5       66

PRECIPITATION (IN)
  YESTERDAY        T             2.90 1911   0.11  -0.11     0.69
  MONTH TO DATE    1.14                      2.08  -0.94     1.50
  SINCE MAR 1      4.46                      4.87  -0.41     5.10
  SINCE JAN 1      8.14                      6.15   1.99     5.79

SNOWFALL (IN)
  YESTERDAY        0.0           0.0    MM   0.0    0.0      0.0
  MONTH TO DATE    0.0                       0.2   -0.2       T
  SINCE MAR 1      2.0                       3.8   -1.8      1.3
  SINCE JUL 1     10.0                      17.8   -7.8     13.4
  SNOW DEPTH       0

DEGREE DAYS
 HEATING
  YESTERDAY        0                         1     -1        0
  MONTH TO DATE   94                        81     13      126
  SINCE MAR 1    679                       892   -213      720
  SINCE JUL 1   3237                      4169   -932     3461

 COOLING
  YESTERDAY        0                         6     -6        1
  MONTH TO DATE   66                        92    -26       72
  SINCE MAR 1    115                       113      2       82
  SINCE JAN 1    120                       113      7       83
..................................................................


WIND (MPH)
  RESULTANT WIND SPEED   4   RESULTANT WIND DIRECTION  SE (150)
  HIGHEST WIND SPEED    32   HIGHEST WIND DIRECTION     W (250)
  HIGHEST GUST SPEED    40   HIGHEST GUST DIRECTION     W (260)
  AVERAGE WIND SPEED     9.0


SKY COVER
  AVERAGE SKY COVER 0.2


WEATHER CONDITIONS
 THE FOLLOWING WEATHER WAS RECORDED YESTERDAY.
  LIGHT RAIN


RELATIVE HUMIDITY (PERCENT)
 HIGHEST    80          1100 PM
 LOWEST     20           200 PM
 AVERAGE    50

..........................................................


THE AMARILLO CLIMATE NORMALS FOR TODAY
                         NORMAL    RECORD    YEAR
 MAXIMUM TEMPERATURE (F)   83       101      1998
 MINIMUM TEMPERATURE (F)   56        42      1947


SUNRISE AND SUNSET
MAY 30 2017...........SUNRISE   634 AM CDT   SUNSET   855 PM CDT
MAY 31 2017...........SUNRISE   634 AM CDT   SUNSET   856 PM CDT


-  INDICATES NEGATIVE NUMBERS.
R  INDICATES RECORD WAS SET OR TIED.
MM INDICATES DATA IS MISSING.
T  INDICATES TRACE AMOUNT.




$$
