000
CDUS44 KAMA 162131
CLIAMA


CLIMATE REPORT
NATIONAL WEATHER SERVICE AMARILLO TX
431 PM CDT TUE SEP 16 2014


...................................

...THE AMARILLO CLIMATE SUMMARY FOR SEPTEMBER 16 2014...
VALID TODAY AS OF 0400 PM LOCAL TIME.

CLIMATE NORMAL PERIOD 1981 TO 2010
CLIMATE RECORD PERIOD 1892 TO 2014


WEATHER ITEM   OBSERVED TIME   RECORD YEAR NORMAL DEPARTURE LAST
                VALUE   (LST)  VALUE       VALUE  FROM      YEAR
                                                  NORMAL
..................................................................
TEMPERATURE (F)
 TODAY
  MAXIMUM         78    327 PM  98    1956  83     -5       81
  MINIMUM         57    232 AM  39    1951  56      1       60
  AVERAGE         68                        70     -2       71

PRECIPITATION (IN)
  TODAY            0.00          2.06 1976   0.06  -0.06     0.51
  MONTH TO DATE    2.50                      1.06   1.44     0.58
  SINCE SEP 1      2.50                      1.06   1.44     0.58
  SINCE JAN 1     16.19                     16.33  -0.14    12.95

SNOWFALL (IN)
  TODAY            0.0           T    2001   0.0    0.0      0.0
  MONTH TO DATE    T                         0.0    0.0      0.0
  SINCE SEP 1      T                         0.0    0.0      0.0
  SINCE JUL 1      T                         0.0    0.0      0.0
  SNOW DEPTH       0

DEGREE DAYS
 HEATING
  TODAY            0                         1     -1        0
  MONTH TO DATE   24                         7     17        0
  SINCE SEP 1     24                         7     17        0
  SINCE JUL 1     24                         8     16        0

 COOLING
  TODAY            3                         6     -3        6
  MONTH TO DATE  106                       124    -18      210
  SINCE SEP 1    106                       124    -18      210
  SINCE JAN 1   1436                      1316    120     1706
..................................................................


WIND (MPH)
  RESULTANT WIND SPEED   2   RESULTANT WIND DIRECTION  NW (310)
  HIGHEST WIND SPEED    13   HIGHEST WIND DIRECTION     S (200)
  HIGHEST GUST SPEED    17   HIGHEST GUST DIRECTION     S (190)
  AVERAGE WIND SPEED     6.0


SKY COVER
  AVERAGE SKY COVER 0.6


WEATHER CONDITIONS
 THE FOLLOWING WEATHER WAS RECORDED TODAY.
  FOG
  FOG W/VISIBILITY <= 1/4 MILE
  HAZE


RELATIVE HUMIDITY (PERCENT)
 HIGHEST   100          1200 AM
 LOWEST     60           300 PM
 AVERAGE    80

..........................................................


THE AMARILLO CLIMATE NORMALS FOR TOMORROW
                         NORMAL    RECORD    YEAR
 MAXIMUM TEMPERATURE (F)   82        97      2004
 MINIMUM TEMPERATURE (F)   56        40      1965


SUNRISE AND SUNSET
SEPTEMBER 16 2014.....SUNRISE   730 AM CDT   SUNSET   752 PM CDT
SEPTEMBER 17 2014.....SUNRISE   731 AM CDT   SUNSET   751 PM CDT


-  INDICATES NEGATIVE NUMBERS.
R  INDICATES RECORD WAS SET OR TIED.
MM INDICATES DATA IS MISSING.
T  INDICATES TRACE AMOUNT.




$$
