000
CDUS44 KAMA 222136
CLIAMA


CLIMATE REPORT
NATIONAL WEATHER SERVICE AMARILLO TX
435 PM CDT TUE JUL 22 2014


...................................

...THE AMARILLO CLIMATE SUMMARY FOR JULY 22 2014...
VALID TODAY AS OF 0400 PM LOCAL TIME.

CLIMATE NORMAL PERIOD 1981 TO 2010
CLIMATE RECORD PERIOD 1892 TO 2014


WEATHER ITEM   OBSERVED TIME   RECORD YEAR NORMAL DEPARTURE LAST
                VALUE   (LST)  VALUE       VALUE  FROM      YEAR
                                                  NORMAL
..................................................................
TEMPERATURE (F)
 TODAY
  MAXIMUM         93    323 PM 105    1981  91      2       94
  MINIMUM         71    621 AM  55    1942  65      6       69
  AVERAGE         82                        78      4       82

PRECIPITATION (IN)
  TODAY            0.00          1.94 2004   0.10  -0.10     0.00
                                      1928
  MONTH TO DATE    1.48                      1.96  -0.48     1.25
  SINCE JUN 1      6.88                      5.12   1.76     4.05
  SINCE JAN 1     11.59                     11.48   0.11    10.34

SNOWFALL (IN)
  TODAY            0.0           T    1955   0.0    0.0      0.0
  MONTH TO DATE    0.0                       0.0    0.0      0.0
  SINCE JUN 1      0.0                       0.0    0.0      0.0
  SINCE JUL 1      0.0                       0.0    0.0      0.0
  SNOW DEPTH       0

DEGREE DAYS
 HEATING
  TODAY            0                         0      0        0
  MONTH TO DATE    0                         0      0        0
  SINCE JUN 1      4                         7     -3        0
  SINCE JUL 1      0                         0      0        0

 COOLING
  TODAY           17                        13      4       17
  MONTH TO DATE  246                       294    -48      284
  SINCE JUN 1    564                       582    -18      675
  SINCE JAN 1    761                       707     54      923
..................................................................


WIND (MPH)
  RESULTANT WIND SPEED   6   RESULTANT WIND DIRECTION  SE (150)
  HIGHEST WIND SPEED    16   HIGHEST WIND DIRECTION     S (160)
  HIGHEST GUST SPEED    22   HIGHEST GUST DIRECTION    SE (130)
  AVERAGE WIND SPEED     6.4


SKY COVER
  AVERAGE SKY COVER 0.1


WEATHER CONDITIONS
 THE FOLLOWING WEATHER WAS RECORDED TODAY.
  NO SIGNIFICANT WEATHER WAS OBSERVED.


RELATIVE HUMIDITY (PERCENT)
 HIGHEST    73           400 AM
 LOWEST     47           200 PM
 AVERAGE    60

..........................................................


THE AMARILLO CLIMATE NORMALS FOR TOMORROW
                         NORMAL    RECORD    YEAR
 MAXIMUM TEMPERATURE (F)   91       102      2012
                                             2001
                                             1981
 MINIMUM TEMPERATURE (F)   65        57      2009
                                             1947
                                             1904


SUNRISE AND SUNSET
JULY 22 2014..........SUNRISE   648 AM CDT   SUNSET   858 PM CDT
JULY 23 2014..........SUNRISE   649 AM CDT   SUNSET   857 PM CDT


-  INDICATES NEGATIVE NUMBERS.
R  INDICATES RECORD WAS SET OR TIED.
MM INDICATES DATA IS MISSING.
T  INDICATES TRACE AMOUNT.




$$
