000
CDUS44 KAMA 010631
CLIAMA


CLIMATE REPORT
NATIONAL WEATHER SERVICE AMARILLO TX
129 AM CDT TUE SEP 1 2015


...................................

...THE AMARILLO CLIMATE SUMMARY FOR AUGUST 31 2015...

CLIMATE NORMAL PERIOD 1981 TO 2010
CLIMATE RECORD PERIOD 1892 TO 2015


WEATHER ITEM   OBSERVED TIME   RECORD YEAR NORMAL DEPARTURE LAST
                VALUE   (LST)  VALUE       VALUE  FROM      YEAR
                                                  NORMAL
..................................................................
TEMPERATURE (F)
 YESTERDAY
  MAXIMUM         89    433 PM 104    2014  88      1      104
  MINIMUM         61    546 AM  49    1915  62     -1       70
  AVERAGE         75                        75      0       87

PRECIPITATION (IN)
  YESTERDAY        0.00          2.09 1986   0.08  -0.08     0.00
  MONTH TO DATE    3.68                      2.91   0.77     1.76
  SINCE JUN 1     14.16                      8.91   5.25     8.98
  SINCE JAN 1     28.71                     15.27  13.44    13.69

SNOWFALL (IN)
  YESTERDAY        0.0           0.0    MM   0.0    0.0      0.0
  MONTH TO DATE    0.0                       0.0    0.0      0.0
  SINCE JUN 1      0.0                       0.0    0.0      0.0
  SINCE JUL 1      0.0                       0.0    0.0      0.0
  SNOW DEPTH       0

DEGREE DAYS
 HEATING
  YESTERDAY        0                         0      0        0
  MONTH TO DATE    0                         0      0        0
  SINCE JUN 1      0                         8     -8        4
  SINCE JUL 1      0                         1     -1        0

 COOLING
  YESTERDAY       10                        10      0       22
  MONTH TO DATE  372                       367      5      452
  SINCE JUN 1   1097                      1067     30     1133
  SINCE JAN 1   1146                      1192    -46     1330
..................................................................


WIND (MPH)
  RESULTANT WIND SPEED  15   RESULTANT WIND DIRECTION   S (190)
  HIGHEST WIND SPEED    26   HIGHEST WIND DIRECTION     S (180)
  HIGHEST GUST SPEED    34   HIGHEST GUST DIRECTION     S (180)
  AVERAGE WIND SPEED    15.6


SKY COVER
  AVERAGE SKY COVER 0.0


WEATHER CONDITIONS
 THE FOLLOWING WEATHER WAS RECORDED YESTERDAY.
  NO SIGNIFICANT WEATHER WAS OBSERVED.


RELATIVE HUMIDITY (PERCENT)
 HIGHEST    78           500 AM
 LOWEST     26           300 PM
 AVERAGE    52

..........................................................


THE AMARILLO CLIMATE NORMALS FOR TODAY
                         NORMAL    RECORD    YEAR
 MAXIMUM TEMPERATURE (F)   87       101      1947
 MINIMUM TEMPERATURE (F)   62        48      1915


SUNRISE AND SUNSET
SEPTEMBER  1 2015.....SUNRISE   719 AM CDT   SUNSET   814 PM CDT
SEPTEMBER  2 2015.....SUNRISE   720 AM CDT   SUNSET   813 PM CDT


-  INDICATES NEGATIVE NUMBERS.
R  INDICATES RECORD WAS SET OR TIED.
MM INDICATES DATA IS MISSING.
T  INDICATES TRACE AMOUNT.




$$
