000
CDUS42 KJAX 300532
CLIAMG


CLIMATE REPORT
NATIONAL WEATHER SERVICE JACKSONVILLE FL
131 AM EDT THU OCT 30 2014


...................................

...THE ALMA CLIMATE SUMMARY FOR OCTOBER 29 2014...

CLIMATE NORMAL PERIOD 1981 TO 2010
CLIMATE RECORD PERIOD 1948 TO 2014


WEATHER ITEM   OBSERVED TIME   RECORD YEAR NORMAL DEPARTURE LAST
                VALUE   (LST)  VALUE       VALUE  FROM      YEAR
                                                  NORMAL
..................................................................
TEMPERATURE (F)
 YESTERDAY
  MAXIMUM         84    304 PM  88    1996  76      8       81
  MINIMUM         56    713 AM  29    1957  53      3       49
  AVERAGE         70                        65      5       65

PRECIPITATION (IN)
  YESTERDAY        0.00          1.83 1959   0.08  -0.08     0.00
  MONTH TO DATE    1.72                      2.86  -1.14     0.72
  SINCE SEP 1      5.04                      6.50  -1.46     2.84
  SINCE JAN 1     32.90                     40.71  -7.81    45.71

SNOWFALL (IN)
  YESTERDAY        0.0           0.0    MM   0.0    0.0      0.0
  MONTH TO DATE    0.0                       0.0    0.0      0.0
  SINCE SEP 1      0.0                       0.0    0.0      0.0
  SINCE JUL 1      0.0                       0.0    0.0      0.0
  SNOW DEPTH       0

DEGREE DAYS
 HEATING
  YESTERDAY        0                         3     -3        0
  MONTH TO DATE   40                        41     -1       44
  SINCE SEP 1     42                        43     -1       44
  SINCE JUL 1     42                        43     -1       44

 COOLING
  YESTERDAY        5                         3      2        0
  MONTH TO DATE  141                       151    -10      136
  SINCE SEP 1    524                       514     10      514
  SINCE JAN 1   2431                      2421     10     2291
..................................................................


WIND (MPH)
  HIGHEST WIND SPEED    14   HIGHEST WIND DIRECTION    SW (240)
  HIGHEST GUST SPEED    17   HIGHEST GUST DIRECTION     W (250)
  AVERAGE WIND SPEED     2.6


SKY COVER
  POSSIBLE SUNSHINE  MM
  AVERAGE SKY COVER 0.2


WEATHER CONDITIONS
 THE FOLLOWING WEATHER WAS RECORDED YESTERDAY.
  FOG


RELATIVE HUMIDITY (PERCENT)
 HIGHEST   100           700 AM
 LOWEST     40           400 PM
 AVERAGE    70

..........................................................


THE ALMA CLIMATE NORMALS FOR TODAY
                         NORMAL    RECORD    YEAR
 MAXIMUM TEMPERATURE (F)   76        86      1961
 MINIMUM TEMPERATURE (F)   53        26      1952


SUNRISE AND SUNSET
OCTOBER 30 2014.......SUNRISE   744 AM EDT   SUNSET   643 PM EDT
OCTOBER 31 2014.......SUNRISE   745 AM EDT   SUNSET   642 PM EDT


-  INDICATES NEGATIVE NUMBERS.
R  INDICATES RECORD WAS SET OR TIED.
MM INDICATES DATA IS MISSING.
T  INDICATES TRACE AMOUNT.




$$
