000
CDUS42 KJAX 180533
CLIAMG


CLIMATE REPORT
NATIONAL WEATHER SERVICE JACKSONVILLE
132 AM EDT FRI APR 18 2014


...................................

...THE ALMA CLIMATE SUMMARY FOR APRIL 17 2014...

CLIMATE NORMAL PERIOD 1981 TO 2010
CLIMATE RECORD PERIOD 1948 TO 2014


WEATHER ITEM   OBSERVED TIME   RECORD YEAR NORMAL DEPARTURE LAST
                VALUE   (LST)  VALUE       VALUE  FROM      YEAR
                                                  NORMAL
..................................................................
TEMPERATURE (F)
 YESTERDAY
  MAXIMUM         68    350 PM  91    1967  79    -11       82
  MINIMUM         47    245 AM  35    1962  54     -7       56
  AVERAGE         58                        66     -8       69

PRECIPITATION (IN)
  YESTERDAY        0.00          0.35 1969   0.09  -0.09     0.00
  MONTH TO DATE    5.56                      1.78   3.78     1.83
  SINCE MAR 1      8.78                      6.53   2.25     4.12
  SINCE JAN 1     12.30                     14.59  -2.29    14.23

SNOWFALL (IN)
  YESTERDAY        0.0           0.0    MM   0.0    0.0      0.0
  MONTH TO DATE    0.0                       0.0    0.0      0.0
  SINCE MAR 1      0.0                       0.0    0.0       T
  SINCE JUL 1      T                         0.1   -0.1       T
  SNOW DEPTH       0

DEGREE DAYS
 HEATING
  YESTERDAY        7                         2      5        0
  MONTH TO DATE   37                        46     -9       47
  SINCE MAR 1    316                       234     82      415
  SINCE JUL 1   1783                      1635    148     1574

 COOLING
  YESTERDAY        0                         3     -3        4
  MONTH TO DATE   33                        44    -11       39
  SINCE MAR 1     37                        82    -45       45
  SINCE JAN 1     45                        98    -53       72
..................................................................


WIND (MPH)
  HIGHEST WIND SPEED    15   HIGHEST WIND DIRECTION     E (70)
  HIGHEST GUST SPEED    22   HIGHEST GUST DIRECTION     E (80)
  AVERAGE WIND SPEED     8.0


SKY COVER
  POSSIBLE SUNSHINE  MM
  AVERAGE SKY COVER 0.8


WEATHER CONDITIONS
 THE FOLLOWING WEATHER WAS RECORDED YESTERDAY.
  NO SIGNIFICANT WEATHER WAS OBSERVED.


RELATIVE HUMIDITY (PERCENT)
 HIGHEST    82          1200 AM
 LOWEST     52           500 PM
 AVERAGE    67

..........................................................


THE ALMA CLIMATE NORMALS FOR TODAY
                         NORMAL    RECORD    YEAR
 MAXIMUM TEMPERATURE (F)   79        92      1967
 MINIMUM TEMPERATURE (F)   54        37      1999


SUNRISE AND SUNSET
APRIL 18 2014.........SUNRISE   658 AM EDT   SUNSET   801 PM EDT
APRIL 19 2014.........SUNRISE   657 AM EDT   SUNSET   802 PM EDT


-  INDICATES NEGATIVE NUMBERS.
R  INDICATES RECORD WAS SET OR TIED.
MM INDICATES DATA IS MISSING.
T  INDICATES TRACE AMOUNT.




$$
