362
CDUS42 KJAX 210530
CLIAMG


CLIMATE REPORT
NATIONAL WEATHER SERVICE JACKSONVILLE FL
1229 AM EST WED FEB 21 2018


...................................

...THE ALMA CLIMATE SUMMARY FOR FEBRUARY 20 2018...

CLIMATE NORMAL PERIOD 1981 TO 2010
CLIMATE RECORD PERIOD 1948 TO 2018


WEATHER ITEM   OBSERVED TIME   RECORD YEAR NORMAL DEPARTURE LAST
                VALUE   (LST)  VALUE       VALUE  FROM      YEAR
                                                  NORMAL
..................................................................
TEMPERATURE (F)
 YESTERDAY
  MAXIMUM         82        MM  83    2014  67     15       79
  MINIMUM         62        MM  22    2015  44     18       47
                                      1958
  AVERAGE         72                        55     17       63

PRECIPITATION (IN)
  YESTERDAY        0.00          1.17 1988   0.15  -0.15     0.00
  MONTH TO DATE    1.73                      2.68  -0.95     0.48
  SINCE DEC 1      5.14                     10.23  -5.09    12.29
  SINCE JAN 1      3.28                      6.94  -3.66     7.57

SNOWFALL (IN)
  YESTERDAY        0.0           0.0    MM   0.0    0.0      0.0
  MONTH TO DATE    0.0                       0.0    0.0      0.0
  SINCE DEC 1      3.0                       0.1    2.9      0.0
  SINCE JUL 1      3.0                       0.1    2.9      0.0
  SNOW DEPTH       0

DEGREE DAYS
 HEATING
  YESTERDAY        0                        10    -10        2
  MONTH TO DATE   99                       236   -137      126
  SINCE DEC 1   1021                      1081    -60      647
  SINCE JUL 1   1232                      1325    -93      835

 COOLING
  YESTERDAY        7                         0      7        0
  MONTH TO DATE   46                         0     46        9
  SINCE DEC 1     64                        16     48       48
  SINCE JAN 1     51                         5     46       35
..................................................................


WIND (MPH)
  HIGHEST WIND SPEED    13   HIGHEST WIND DIRECTION     S (170)
  HIGHEST GUST SPEED    18   HIGHEST GUST DIRECTION    SE (150)
  AVERAGE WIND SPEED     5.4


SKY COVER
  POSSIBLE SUNSHINE  MM
  AVERAGE SKY COVER 0.7


WEATHER CONDITIONS
 THE FOLLOWING WEATHER WAS RECORDED YESTERDAY.
  FOG
  FOG W/VISIBILITY <= 1/4 MILE


RELATIVE HUMIDITY (PERCENT)
 HIGHEST   100           300 AM
 LOWEST     51           300 PM
 AVERAGE    76

..........................................................


THE ALMA CLIMATE NORMALS FOR TODAY
                         NORMAL    RECORD    YEAR
 MAXIMUM TEMPERATURE (F)   67        82      1997
 MINIMUM TEMPERATURE (F)   44        20      1958


SUNRISE AND SUNSET
FEBRUARY 21 2018......SUNRISE   706 AM EST   SUNSET   622 PM EST
FEBRUARY 22 2018......SUNRISE   705 AM EST   SUNSET   623 PM EST


-  INDICATES NEGATIVE NUMBERS.
R  INDICATES RECORD WAS SET OR TIED.
MM INDICATES DATA IS MISSING.
T  INDICATES TRACE AMOUNT.




$$
