000
CDUS42 KJAX 280531
CLIAMG


CLIMATE REPORT
NATIONAL WEATHER SERVICE JACKSONVILLE FL
1231 AM EST FRI NOV 28 2014


...................................

...THE ALMA CLIMATE SUMMARY FOR NOVEMBER 27 2014...

CLIMATE NORMAL PERIOD 1981 TO 2010
CLIMATE RECORD PERIOD 1948 TO 2014


WEATHER ITEM   OBSERVED TIME   RECORD YEAR NORMAL DEPARTURE LAST
                VALUE   (LST)  VALUE       VALUE  FROM      YEAR
                                                  NORMAL
..................................................................
TEMPERATURE (F)
 YESTERDAY
  MAXIMUM         56    338 PM  83    1973  68    -12       72
  MINIMUM         36    718 AM  24    1956  45     -9       34
  AVERAGE         46                        57    -11       53

PRECIPITATION (IN)
  YESTERDAY        0.00          0.93 1993   0.09  -0.09     0.18
  MONTH TO DATE    4.95                      2.20   2.75     3.93
  SINCE SEP 1      9.99                      8.87   1.12     6.77
  SINCE JAN 1     37.85                     43.08  -5.23    49.64

SNOWFALL (IN)
  YESTERDAY        0.0           0.0    MM   0.0    0.0      0.0
  MONTH TO DATE    0.0                       0.0    0.0      0.0
  SINCE SEP 1      0.0                       0.0    0.0      0.0
  SINCE JUL 1      0.0                       0.0    0.0      0.0
  SNOW DEPTH       0

DEGREE DAYS
 HEATING
  YESTERDAY       19                         9     10       12
  MONTH TO DATE  300                       166    134      173
  SINCE SEP 1    348                       216    132      217
  SINCE JUL 1    348                       216    132      217

 COOLING
  YESTERDAY        0                         1     -1        0
  MONTH TO DATE    8                        39    -31       24
  SINCE SEP 1    532                       557    -25      543
  SINCE JAN 1   2439                      2464    -25     2320
..................................................................


WIND (MPH)
  HIGHEST WIND SPEED    22   HIGHEST WIND DIRECTION    NW (310)
  HIGHEST GUST SPEED    29   HIGHEST GUST DIRECTION    NW (320)
  AVERAGE WIND SPEED     9.0


SKY COVER
  POSSIBLE SUNSHINE  MM
  AVERAGE SKY COVER 0.0


WEATHER CONDITIONS
 THE FOLLOWING WEATHER WAS RECORDED YESTERDAY.
  NO SIGNIFICANT WEATHER WAS OBSERVED.


RELATIVE HUMIDITY (PERCENT)
 HIGHEST    92           700 AM
 LOWEST     35           400 PM
 AVERAGE    64

..........................................................


THE ALMA CLIMATE NORMALS FOR TODAY
                         NORMAL    RECORD    YEAR
 MAXIMUM TEMPERATURE (F)   68        83      1990
 MINIMUM TEMPERATURE (F)   45        18      1956


SUNRISE AND SUNSET
NOVEMBER 28 2014......SUNRISE   709 AM EST   SUNSET   527 PM EST
NOVEMBER 29 2014......SUNRISE   710 AM EST   SUNSET   527 PM EST


-  INDICATES NEGATIVE NUMBERS.
R  INDICATES RECORD WAS SET OR TIED.
MM INDICATES DATA IS MISSING.
T  INDICATES TRACE AMOUNT.




$$
