000
CDUS42 KJAX 250538
CLIAMG


CLIMATE REPORT
NATIONAL WEATHER SERVICE JACKSONVILLE FL
138 AM EDT WED MAY 25 2016


...................................

...THE ALMA CLIMATE SUMMARY FOR MAY 24 2016...

CLIMATE NORMAL PERIOD 1981 TO 2010
CLIMATE RECORD PERIOD 1948 TO 2016


WEATHER ITEM   OBSERVED TIME   RECORD YEAR NORMAL DEPARTURE LAST
                VALUE   (LST)  VALUE       VALUE  FROM      YEAR
                                                  NORMAL
..................................................................
TEMPERATURE (F)
 YESTERDAY
  MAXIMUM         88    348 PM  99    1960  87      1       87
  MINIMUM         56    604 AM  47    1954  64     -8       64
  AVERAGE         72                        76     -4       76

PRECIPITATION (IN)
  YESTERDAY        0.00          1.89 2009   0.10  -0.10     0.00
  MONTH TO DATE    3.34                      1.74   1.60     0.61
  SINCE MAR 1      9.53                      9.30   0.23     6.77
  SINCE JAN 1     18.78                     17.36   1.42    12.60

SNOWFALL (IN)
  YESTERDAY        0.0           0.0    MM   0.0    0.0      0.0
  MONTH TO DATE    0.0                       0.0    0.0      0.0
  SINCE MAR 1      0.0                       0.0    0.0      0.0
  SINCE JUL 1      0.0                       0.1   -0.1      0.0
  SNOW DEPTH       0

DEGREE DAYS
 HEATING
  YESTERDAY        0                         0      0        0
  MONTH TO DATE    7                         3      4        4
  SINCE MAR 1    176                       255    -79      145
  SINCE JUL 1   1274                      1656   -382     1820

 COOLING
  YESTERDAY        7                        11     -4       11
  MONTH TO DATE  187                       193     -6      212
  SINCE MAR 1    360                       331     29      436
  SINCE JAN 1    373                       347     26      439
..................................................................


WIND (MPH)
  HIGHEST WIND SPEED     9   HIGHEST WIND DIRECTION     E (90)
  HIGHEST GUST SPEED    12   HIGHEST GUST DIRECTION    SE (140)
  AVERAGE WIND SPEED     3.1


SKY COVER
  POSSIBLE SUNSHINE  MM
  AVERAGE SKY COVER 0.1


WEATHER CONDITIONS
 THE FOLLOWING WEATHER WAS RECORDED YESTERDAY.
  FOG


RELATIVE HUMIDITY (PERCENT)
 HIGHEST   100          1200 AM
 LOWEST     27           300 PM
 AVERAGE    64

..........................................................


THE ALMA CLIMATE NORMALS FOR TODAY
                         NORMAL    RECORD    YEAR
 MAXIMUM TEMPERATURE (F)   88        99      1962
 MINIMUM TEMPERATURE (F)   65        48      1954


SUNRISE AND SUNSET
MAY 25 2016...........SUNRISE   628 AM EDT   SUNSET   826 PM EDT
MAY 26 2016...........SUNRISE   628 AM EDT   SUNSET   827 PM EDT


-  INDICATES NEGATIVE NUMBERS.
R  INDICATES RECORD WAS SET OR TIED.
MM INDICATES DATA IS MISSING.
T  INDICATES TRACE AMOUNT.




$$
