000
CDUS42 KJAX 230534
CLIAMG


CLIMATE REPORT
NATIONAL WEATHER SERVICE JACKSONVILLE FL
133 AM EDT SAT MAY 23 2015


...................................

...THE ALMA CLIMATE SUMMARY FOR MAY 22 2015...

CLIMATE NORMAL PERIOD 1981 TO 2010
CLIMATE RECORD PERIOD 1948 TO 2015


WEATHER ITEM   OBSERVED TIME   RECORD YEAR NORMAL DEPARTURE LAST
                VALUE   (LST)  VALUE       VALUE  FROM      YEAR
                                                  NORMAL
..................................................................
TEMPERATURE (F)
 YESTERDAY
  MAXIMUM         84        MM  99    2011  87     -3       91
  MINIMUM         62        MM  45    1981  64     -2       67
  AVERAGE         73                        75     -2       79

PRECIPITATION (IN)
  YESTERDAY        0.00          1.89 1967   0.09  -0.09     0.00
  MONTH TO DATE    0.61                      1.54  -0.93     2.10
  SINCE MAR 1      6.77                      9.10  -2.33    12.98
  SINCE JAN 1     12.60                     17.16  -4.56    16.50

SNOWFALL (IN)
  YESTERDAY        0.0           0.0    MM   0.0    0.0      0.0
  MONTH TO DATE    0.0                       0.0    0.0      0.0
  SINCE MAR 1      0.0                       0.0    0.0      0.0
  SINCE JUL 1      0.0                       0.1   -0.1       T
  SNOW DEPTH       0

DEGREE DAYS
 HEATING
  YESTERDAY        0                         0      0        0
  MONTH TO DATE    4                         3      1        3
  SINCE MAR 1    145                       255   -110      340
  SINCE JUL 1   1820                      1656    164     1807

 COOLING
  YESTERDAY        8                        10     -2       14
  MONTH TO DATE  195                       171     24      160
  SINCE MAR 1    419                       309    110      254
  SINCE JAN 1    422                       325     97      262
..................................................................


WIND (MPH)
  HIGHEST WIND SPEED    10   HIGHEST WIND DIRECTION    NW (300)
  HIGHEST GUST SPEED    MM   HIGHEST GUST DIRECTION    MM
  AVERAGE WIND SPEED     5.1


SKY COVER
  POSSIBLE SUNSHINE  MM
  AVERAGE SKY COVER 0.0


WEATHER CONDITIONS
 THE FOLLOWING WEATHER WAS RECORDED YESTERDAY.
  NO SIGNIFICANT WEATHER WAS OBSERVED.


RELATIVE HUMIDITY (PERCENT)
 HIGHEST    81          1100 PM
 LOWEST     34           300 PM
 AVERAGE    58

..........................................................


THE ALMA CLIMATE NORMALS FOR TODAY
                         NORMAL    RECORD    YEAR
 MAXIMUM TEMPERATURE (F)   87        97      2011
                                             1962
 MINIMUM TEMPERATURE (F)   64        48      2002


SUNRISE AND SUNSET
MAY 23 2015...........SUNRISE   629 AM EDT   SUNSET   825 PM EDT
MAY 24 2015...........SUNRISE   629 AM EDT   SUNSET   825 PM EDT


-  INDICATES NEGATIVE NUMBERS.
R  INDICATES RECORD WAS SET OR TIED.
MM INDICATES DATA IS MISSING.
T  INDICATES TRACE AMOUNT.




$$
