000
CDUS42 KJAX 232127
CLIAMG


CLIMATE REPORT
NATIONAL WEATHER SERVICE JACKSONVILLE FL
526 PM EDT SUN APR 23 2017


...................................

...THE ALMA CLIMATE SUMMARY FOR APRIL 23 2017...
VALID TODAY AS OF 0500 PM LOCAL TIME.

CLIMATE NORMAL PERIOD 1981 TO 2010
CLIMATE RECORD PERIOD 1948 TO 2017


WEATHER ITEM   OBSERVED TIME   RECORD YEAR NORMAL DEPARTURE LAST
                VALUE   (LST)  VALUE       VALUE  FROM      YEAR
                                                  NORMAL
..................................................................
TEMPERATURE (F)
 TODAY
  MAXIMUM         88    327 PM  94    1968  80      8       82
  MINIMUM         62    528 AM  36    1993  55      7       58
  AVERAGE         75                        68      7       70

PRECIPITATION (IN)
  TODAY            0.00          3.82 1984   0.08  -0.08     0.00
  MONTH TO DATE    2.35                      2.29   0.06     3.31
  SINCE MAR 1      2.89                      7.04  -4.15     6.18
  SINCE JAN 1     11.02                     15.10  -4.08    15.43

SNOWFALL (IN)
  TODAY            0.0           0.0    MM   0.0    0.0      0.0
  MONTH TO DATE    0.0                       0.0    0.0      0.0
  SINCE MAR 1      0.0                       0.0    0.0      0.0
  SINCE JUL 1      0.0                       0.1   -0.1      0.0
  SNOW DEPTH       0

DEGREE DAYS
 HEATING
  TODAY            0                         1     -1        0
  MONTH TO DATE   27                        56    -29       56
  SINCE MAR 1    224                       244    -20      169
  SINCE JUL 1   1080                      1645   -565     1267

 COOLING
  TODAY           10                         4      6        5
  MONTH TO DATE  109                        67     42       29
  SINCE MAR 1    172                       105     67      109
  SINCE JAN 1    227                       121    106      122
..................................................................


WIND (MPH)
  HIGHEST WIND SPEED    16   HIGHEST WIND DIRECTION    SW (230)
  HIGHEST GUST SPEED    21   HIGHEST GUST DIRECTION     S (180)
  AVERAGE WIND SPEED     5.0


SKY COVER
  POSSIBLE SUNSHINE  MM
  AVERAGE SKY COVER 0.2


WEATHER CONDITIONS
 THE FOLLOWING WEATHER WAS RECORDED TODAY.
  FOG


RELATIVE HUMIDITY (PERCENT)
 HIGHEST   100          1200 AM
 LOWEST     40           300 PM
 AVERAGE    70

..........................................................


THE ALMA CLIMATE NORMALS FOR TOMORROW
                         NORMAL    RECORD    YEAR
 MAXIMUM TEMPERATURE (F)   81        93      1999
 MINIMUM TEMPERATURE (F)   56        37      1986


SUNRISE AND SUNSET
APRIL 23 2017.........SUNRISE   653 AM EDT   SUNSET   804 PM EDT
APRIL 24 2017.........SUNRISE   652 AM EDT   SUNSET   805 PM EDT


-  INDICATES NEGATIVE NUMBERS.
R  INDICATES RECORD WAS SET OR TIED.
MM INDICATES DATA IS MISSING.
T  INDICATES TRACE AMOUNT.




$$
