000
CDUS44 KBMX 200017
CLIANB


CLIMATE REPORT
NATIONAL WEATHER SERVICE BIRMINGHAM, AL
717 PM CDT SAT AUG 19 2017


...................................

...THE ANNISTON CLIMATE SUMMARY FOR AUGUST 19 2017...
VALID TODAY AS OF 0700 PM LOCAL TIME.

CLIMATE NORMAL PERIOD 1981 TO 2010
CLIMATE RECORD PERIOD 1903 TO 2017


WEATHER ITEM   OBSERVED RECORD YEAR NORMAL DEPARTURE LAST
                VALUE   VALUE       VALUE  FROM      YEAR
                                           NORMAL
...........................................................
TEMPERATURE (F)
 TODAY
  MAXIMUM         90    100    1999  90      0       90
                               1995
  MINIMUM         68     59    1976  70     -2       72
  AVERAGE         79

PRECIPITATION (IN)
  TODAY            0.00   3.66 1942   0.10  -0.10     0.10
  MONTH TO DATE    4.22               2.08   2.14     1.51
  SINCE JUN 1     16.89              10.78   6.11     6.09
  SINCE JAN 1     42.81              33.71   9.10    25.81

DEGREE DAYS
 COOLING
  TODAY           14                 15     -1       16
  MONTH TO DATE  276                285     -9      336
  SINCE JUN 1   1090               1109    -19     1325
  SINCE JAN 1   1410               1349     61     1605
...........................................................


WIND (MPH)
  HIGHEST WIND SPEED     9   HIGHEST WIND DIRECTION    SW (220)
  HIGHEST GUST SPEED    11   HIGHEST GUST DIRECTION    SW (230)
  AVERAGE WIND SPEED     2.0


SKY COVER
  AVERAGE SKY COVER 0.0


WEATHER CONDITIONS
 THE FOLLOWING WEATHER WAS RECORDED TODAY.
  NO SIGNIFICANT WEATHER WAS OBSERVED.


RELATIVE HUMIDITY (PERCENT)
 HIGHEST    97
 LOWEST     47
 AVERAGE    72

..........................................................


THE ANNISTON CLIMATE NORMALS FOR TOMORROW
                         NORMAL    RECORD    YEAR
 MAXIMUM TEMPERATURE (F)   90       102      1983
 MINIMUM TEMPERATURE (F)   70        60      1961


SUNRISE AND SUNSET
AUGUST 19 2017........SUNRISE   609 AM CDT   SUNSET   725 PM CDT
AUGUST 20 2017........SUNRISE   609 AM CDT   SUNSET   724 PM CDT


-  INDICATES NEGATIVE NUMBERS.
R  INDICATES RECORD WAS SET OR TIED.
MM INDICATES DATA IS MISSING.
T  INDICATES TRACE AMOUNT.




$$
