000
CDUS44 KBMX 200853
CLIANB


CLIMATE REPORT
NATIONAL WEATHER SERVICE BIRMINGHAM, AL
251 AM CST SAT JAN 20 2018


...................................

...THE ANNISTON CLIMATE SUMMARY FOR JANUARY 19 2018...

CLIMATE NORMAL PERIOD 1981 TO 2010
CLIMATE RECORD PERIOD 1903 TO 2018


WEATHER ITEM   OBSERVED TIME   RECORD YEAR NORMAL DEPARTURE LAST
                VALUE   (LST)  VALUE       VALUE  FROM      YEAR
                                                  NORMAL
..................................................................
TEMPERATURE (F)
 YESTERDAY
  MAXIMUM         51    345 PM  71    2017  54     -3       71
                                      1988
                                      1951
  MINIMUM         15    632 AM   4    1977  33    -18       52
  AVERAGE         33                        43    -10       62

PRECIPITATION (IN)
  YESTERDAY        0.00          3.31 1988   0.16  -0.16     0.56
  MONTH TO DATE    0.82                      2.59  -1.77     4.39
  SINCE DEC 1      4.27                      6.71  -2.44     7.03
  SINCE JAN 1      0.82                      2.59  -1.77     4.39

SNOWFALL (IN)
  YESTERDAY        0.0                       0.0             0.0
  MONTH TO DATE    0.0                       0.3             0.0
  SINCE DEC 1      0.0                       0.3             0.0
  SINCE JUL 1      0.0                       0.3             0.0

DEGREE DAYS
 HEATING
  YESTERDAY       32
  MONTH TO DATE  522
  SINCE DEC 1   1137
  SINCE JUL 1   1593
..................................................................


WIND (MPH)
  HIGHEST WIND SPEED    10   HIGHEST WIND DIRECTION     W (270)
  HIGHEST GUST SPEED    13   HIGHEST GUST DIRECTION    SW (240)
  AVERAGE WIND SPEED     2.5


SKY COVER
  AVERAGE SKY COVER 0.0


WEATHER CONDITIONS
 THE FOLLOWING WEATHER WAS RECORDED YESTERDAY.
  NO SIGNIFICANT WEATHER WAS OBSERVED.


RELATIVE HUMIDITY (PERCENT)
 HIGHEST    91
 LOWEST     18
 AVERAGE    55

..........................................................


THE ANNISTON CLIMATE NORMALS FOR TODAY
                         NORMAL    RECORD    YEAR
 MAXIMUM TEMPERATURE (F)   54        73      2017
 MINIMUM TEMPERATURE (F)   33        -2      1985


SUNRISE AND SUNSET
JANUARY 20 2018.......SUNRISE   646 AM CST   SUNSET   503 PM CST
JANUARY 21 2018.......SUNRISE   646 AM CST   SUNSET   504 PM CST


-  INDICATES NEGATIVE NUMBERS.
R  INDICATES RECORD WAS SET OR TIED.
MM INDICATES DATA IS MISSING.
T  INDICATES TRACE AMOUNT.




$$
