000
CDUS44 KBMX 272130
CLIANB


CLIMATE REPORT
NATIONAL WEATHER SERVICE BIRMINGHAM, AL
429 PM CDT FRI MAY 27 2016


...................................

...THE ANNISTON CLIMATE SUMMARY FOR MAY 27 2016...
VALID TODAY AS OF 0400 PM LOCAL TIME.

CLIMATE NORMAL PERIOD 1981 TO 2010
CLIMATE RECORD PERIOD 1903 TO 2016


WEATHER ITEM   OBSERVED RECORD YEAR NORMAL DEPARTURE LAST
                VALUE   VALUE       VALUE  FROM      YEAR
                                           NORMAL
...........................................................
TEMPERATURE (F)
 TODAY
  MAXIMUM         88     93    1996  84      4       86
                               1953
  MINIMUM         64     41    1961  62      2       66
  AVERAGE         76

PRECIPITATION (IN)
  TODAY            0.00   2.52 2008   0.12  -0.12     1.09
  MONTH TO DATE    4.49               3.74   0.75     2.04
  SINCE MAR 1     10.88              12.81  -1.93    15.87
  SINCE JAN 1     19.72              22.41  -2.69    24.03

DEGREE DAYS
 COOLING
  TODAY           11                  8      3       11
  MONTH TO DATE  137                143     -6      193
  SINCE MAR 1    226                204     22      275
  SINCE JAN 1    226                205     21      275
...........................................................


WIND (MPH)
  HIGHEST WIND SPEED    15   HIGHEST WIND DIRECTION     S (160)
  HIGHEST GUST SPEED    20   HIGHEST GUST DIRECTION    SE (150)
  AVERAGE WIND SPEED     3.8


SKY COVER
  AVERAGE SKY COVER 0.1


WEATHER CONDITIONS
 THE FOLLOWING WEATHER WAS RECORDED TODAY.
  NO SIGNIFICANT WEATHER WAS OBSERVED.


RELATIVE HUMIDITY (PERCENT)
 HIGHEST    93
 LOWEST     43
 AVERAGE    68

..........................................................


THE ANNISTON CLIMATE NORMALS FOR TOMORROW
                         NORMAL    RECORD    YEAR
 MAXIMUM TEMPERATURE (F)   84        96      1962
 MINIMUM TEMPERATURE (F)   62        42      1961


SUNRISE AND SUNSET
MAY 27 2016...........SUNRISE   536 AM CDT   SUNSET   746 PM CDT
MAY 28 2016...........SUNRISE   535 AM CDT   SUNSET   746 PM CDT


-  INDICATES NEGATIVE NUMBERS.
R  INDICATES RECORD WAS SET OR TIED.
MM INDICATES DATA IS MISSING.
T  INDICATES TRACE AMOUNT.




$$
