000
CDUS44 KBMX 010938
CLIANB


CLIMATE REPORT
NATIONAL WEATHER SERVICE BIRMINGHAM, AL
438 AM CDT FRI AUG 1 2014


...................................

...THE ANNISTON CLIMATE SUMMARY FOR JULY 31 2014...

CLIMATE NORMAL PERIOD 1981 TO 2010
CLIMATE RECORD PERIOD 1903 TO 2014


WEATHER ITEM   OBSERVED TIME   RECORD YEAR NORMAL DEPARTURE LAST
                VALUE   (LST)  VALUE       VALUE  FROM      YEAR
                                                  NORMAL
..................................................................
TEMPERATURE (F)
 YESTERDAY
  MAXIMUM         87   1205 PM 100    1986  90     -3       85
  MINIMUM         65    330 AM  60    1965  70     -5       69
  AVERAGE         76                        80     -4       77

PRECIPITATION (IN)
  YESTERDAY        T             1.91 2008   0.14  -0.14     1.64
  MONTH TO DATE    0.57                      4.62  -4.05    12.70
  SINCE JUN 1      5.68                      8.70  -3.02    19.39
  SINCE JAN 1     29.20                     31.63  -2.43    52.32

..................................................................


WIND (MPH)
  HIGHEST WIND SPEED    15   HIGHEST WIND DIRECTION     N (360)
  HIGHEST GUST SPEED    19   HIGHEST GUST DIRECTION     N (360)
  AVERAGE WIND SPEED     5.3


SKY COVER
  AVERAGE SKY COVER 0.1


WEATHER CONDITIONS
 THE FOLLOWING WEATHER WAS RECORDED YESTERDAY.
  NO SIGNIFICANT WEATHER WAS OBSERVED.


RELATIVE HUMIDITY (PERCENT)
 HIGHEST    84
 LOWEST     42
 AVERAGE    63

..........................................................


THE ANNISTON CLIMATE NORMALS FOR TODAY
                         NORMAL    RECORD    YEAR
 MAXIMUM TEMPERATURE (F)   90        99      1980
                                             1954
 MINIMUM TEMPERATURE (F)   70        59      1997


SUNRISE AND SUNSET
AUGUST  1 2014........SUNRISE   556 AM CDT   SUNSET   743 PM CDT
AUGUST  2 2014........SUNRISE   556 AM CDT   SUNSET   742 PM CDT


-  INDICATES NEGATIVE NUMBERS.
R  INDICATES RECORD WAS SET OR TIED.
MM INDICATES DATA IS MISSING.
T  INDICATES TRACE AMOUNT.




$$
