679
CDAK48 PAFC 171249
CLIANC

CLIMATE REPORT
NATIONAL WEATHER SERVICE ANCHORAGE, AK
447 AM AKDT TUE OCT 17 2017


...................................

...THE ANCHORAGE AK CLIMATE SUMMARY FOR OCTOBER 16 2017...

CLIMATE NORMAL PERIOD 1981 TO 2010
CLIMATE RECORD PERIOD 1952 TO 2017


WEATHER ITEM   OBSERVED TIME   RECORD YEAR NORMAL DEPARTURE LAST
                VALUE   (LST)  VALUE       VALUE  FROM      YEAR
                                                  NORMAL
..................................................................
TEMPERATURE (F)
 YESTERDAY
  MAXIMUM         40        MM  57    2013  41     -1       39
  MINIMUM         25        MM  10    1996  29     -4       31
  AVERAGE         33                        35     -2       35

PRECIPITATION (IN)
  YESTERDAY        0.00          0.57 1989   0.06  -0.06
  MONTH TO DATE    1.85                      1.27   0.58
  SINCE SEP 1      4.31                      4.26   0.05
  SINCE JAN 1     16.25                     13.55   2.70

SNOWFALL (IN)
  YESTERDAY        0.0           6.9  1964   0.3   -0.3      0.0
  MONTH TO DATE    0.0                       3.0   -3.0      0.0
  SINCE SEP 1      0.0                       3.4   -3.4      0.0
  SINCE JUL 1      0.0                       3.4   -3.4      0.0
  SNOW DEPTH       0

DEGREE DAYS
 HEATING
  YESTERDAY       32                                2
  MONTH TO DATE  338                              -80
  SINCE SEP 1    735                             -177
  SINCE JUL 1   1103                             -259

 COOLING
  YESTERDAY        0                                0
  MONTH TO DATE    0                                0
  SINCE SEP 1      0                                0
  SINCE JAN 1      3                                1
..................................................................


WIND (MPH)
  HIGHEST WIND SPEED    10   HIGHEST WIND DIRECTION     N (350)
  HIGHEST GUST SPEED    MM   HIGHEST GUST DIRECTION    MM
  AVERAGE WIND SPEED     4.0




RELATIVE HUMIDITY (PERCENT)
 HIGHEST    92
 LOWEST     50
 AVERAGE    71

..........................................................


THE ANCHORAGE AK CLIMATE NORMALS FOR TODAY
                         NORMAL    RECORD    YEAR
 MAXIMUM TEMPERATURE (F)   40        54      2013
                                             1969
 MINIMUM TEMPERATURE (F)   29         8      1959


SUNRISE AND SUNSET
OCTOBER 17 2017.......SUNRISE   849 AM AKDT  SUNSET   641 PM AKDT
OCTOBER 18 2017.......SUNRISE   851 AM AKDT  SUNSET   638 PM AKDT

CIVIL TWILIGHT
OCTOBER 17 2017         START    805 AM GMT     END    725 PM GMT
OCTOBER 18 2017         START    807 AM GMT     END    722 PM GMT



-  INDICATES NEGATIVE NUMBERS.
R  INDICATES RECORD WAS SET OR TIED.
MM INDICATES DATA IS MISSING.
T  INDICATES TRACE AMOUNT.




$$
&&
------------------------------------------------------
AMOUNT OF DAYLIGHT TODAY  (HOUR:MIN)........ 9:52
GAIN/LOSS SINCE YESTERDAY (HOUR:MIN:SEC)....-0:05:38

$$
