000
CDAK48 PAFC 251255
CLIANC

CLIMATE REPORT
NATIONAL WEATHER SERVICE ANCHORAGE, AK
454 AM AKDT WED MAY 25 2016


...................................

...THE ANCHORAGE AK CLIMATE SUMMARY FOR MAY 24 2016...

CLIMATE NORMAL PERIOD 1981 TO 2010
CLIMATE RECORD PERIOD 1952 TO 2016


WEATHER ITEM   OBSERVED TIME   RECORD YEAR NORMAL DEPARTURE LAST
                VALUE   (LST)  VALUE       VALUE  FROM      YEAR
                                                  NORMAL
..................................................................
TEMPERATURE (F)
 YESTERDAY
  MAXIMUM         62        MM  77    1969  59      3       59
  MINIMUM         45        MM  34    1957  42      3       48
  AVERAGE         54                        50      4       54

PRECIPITATION (IN)
  YESTERDAY        0.00          0.68 1995   0.03  -0.03
  MONTH TO DATE    0.30                      0.53  -0.23
  SINCE MAR 1      1.55                      1.60  -0.05
  SINCE JAN 1      2.13                      3.05  -0.92

SNOWFALL (IN)
  YESTERDAY        0.0           0.0    MM   0.0    0.0      0.0
  MONTH TO DATE    0.0                       0.3   -0.3      0.0
  SINCE MAR 1     10.7                      14.2   -3.5      4.6
  SINCE JUL 1     38.3                      74.5  -36.2     25.1
  SNOW DEPTH       0

DEGREE DAYS
 HEATING
  YESTERDAY       11                               -4
  MONTH TO DATE  343                              -95
  SINCE MAR 1   1952                             -524
  SINCE JUL 1   8288                            -1517

 COOLING
  YESTERDAY        0                                0
  MONTH TO DATE    0                                0
  SINCE MAR 1      0                                0
  SINCE JAN 1      0                                0
..................................................................


WIND (MPH)
  HIGHEST WIND SPEED    16   HIGHEST WIND DIRECTION    SW (240)
  HIGHEST GUST SPEED    23   HIGHEST GUST DIRECTION    SW (240)
  AVERAGE WIND SPEED     7.7




RELATIVE HUMIDITY (PERCENT)
 HIGHEST    71
 LOWEST     35
 AVERAGE    53

..........................................................


THE ANCHORAGE AK CLIMATE NORMALS FOR TODAY
                         NORMAL    RECORD    YEAR
 MAXIMUM TEMPERATURE (F)   59        73      2006
 MINIMUM TEMPERATURE (F)   42        33      1966


SUNRISE AND SUNSET
MAY 25 2016...........SUNRISE   449 AM AKDT  SUNSET  1107 PM AKDT
MAY 26 2016...........SUNRISE   447 AM AKDT  SUNSET  1109 PM AKDT

CIVIL TWILIGHT
MAY 25 2016             START   322 AM AKDT     END  1237 AM AKDT
MAY 26 2016             START   318 AM AKDT     END  1241 AM AKDT



-  INDICATES NEGATIVE NUMBERS.
R  INDICATES RECORD WAS SET OR TIED.
MM INDICATES DATA IS MISSING.
T  INDICATES TRACE AMOUNT.




$$
&&
------------------------------------------------------
AMOUNT OF DAYLIGHT TODAY  (HOUR:MIN)........18:19
GAIN/LOSS SINCE YESTERDAY (HOUR:MIN:SEC)....+0:04:19

-
