000
CDAK48 PAFC 270052
CLIANC

CLIMATE REPORT
NATIONAL WEATHER SERVICE ANCHORAGE, AK
450 PM AKDT MON JUN 26 2017


...................................

...THE ANCHORAGE AK CLIMATE SUMMARY FOR JUNE 26 2017...
VALID TODAY AS OF 0400 PM LOCAL TIME.

CLIMATE NORMAL PERIOD 1981 TO 2010
CLIMATE RECORD PERIOD 1952 TO 2017


WEATHER ITEM   OBSERVED TIME   RECORD YEAR NORMAL DEPARTURE LAST
                VALUE   (LST)  VALUE       VALUE  FROM      YEAR
                                                  NORMAL
..................................................................
TEMPERATURE (F)
 TODAY
  MAXIMUM         58   1050 AM  79    2004  64     -6       67
  MINIMUM         52   1230 AM  42    1954  50      2       54
  AVERAGE         55                        57     -2       61

PRECIPITATION (IN)
  TODAY            T             0.62 1979   0.04  -0.04     0.26
  MONTH TO DATE    0.66                      0.82  -0.16     1.65
  SINCE JUN 1      0.66                      0.82  -0.16     1.65
  SINCE JAN 1      5.49                      4.06   1.43     3.81

SNOWFALL (IN)
  TODAY            0.0           0.0    MM   0.0    0.0      0.0
  MONTH TO DATE    0.0                       0.0    0.0      0.0
  SINCE JUN 1      0.0                       0.0    0.0      0.0
  SINCE JUL 1     82.4                      74.5    7.9     38.3
  SNOW DEPTH       0

DEGREE DAYS
 HEATING
  TODAY           10                         8      2        4
  MONTH TO DATE  252                       263    -11      160
  SINCE JUN 1    252                       263    -11      160
  SINCE JUL 1   9955                     10163   -208     8500

 COOLING
  TODAY            0                         0      0        0
  MONTH TO DATE    0                         0      0        0
  SINCE JUN 1      0                         0      0        0
  SINCE JAN 1      0                         0      0        0
..................................................................


WIND (MPH)
  RESULTANT WIND SPEED   5   RESULTANT WIND DIRECTION  SW (230)
  HIGHEST WIND SPEED    13   HIGHEST WIND DIRECTION     W (250)
  HIGHEST GUST SPEED    18   HIGHEST GUST DIRECTION    NW (330)
  AVERAGE WIND SPEED     6.8


SKY COVER
  POSSIBLE SUNSHINE  MM
  AVERAGE SKY COVER 0.7


WEATHER CONDITIONS
 THE FOLLOWING WEATHER WAS RECORDED TODAY.
  LIGHT RAIN


RELATIVE HUMIDITY (PERCENT)
 HIGHEST    83           300 PM
 LOWEST     59           200 AM
 AVERAGE    71

..........................................................


THE ANCHORAGE AK CLIMATE NORMALS FOR TOMORROW
                         NORMAL    RECORD    YEAR
 MAXIMUM TEMPERATURE (F)   64        78      1997
 MINIMUM TEMPERATURE (F)   50        41      1986


SUNRISE AND SUNSET
JUNE 26 2017..........SUNRISE   424 AM AKDT  SUNSET  1142 PM AKDT
JUNE 27 2017..........SUNRISE   425 AM AKDT  SUNSET  1141 PM AKDT

CIVIL TWILIGHT
JUNE 26 2017            START     **.** GMT     END     **.** GMT
JUNE 27 2017            START     **.** GMT     END     **.** GMT



-  INDICATES NEGATIVE NUMBERS.
R  INDICATES RECORD WAS SET OR TIED.
MM INDICATES DATA IS MISSING.
T  INDICATES TRACE AMOUNT.




$$
&&
------------------------------------------------------
AMOUNT OF DAYLIGHT TODAY  (HOUR:MIN)........19:18
GAIN/LOSS SINCE YESTERDAY (HOUR:MIN:SEC)....-0:01:05

$$
