000
CDAK48 PAFC 231314
CLIANC


CLIMATE REPORT
NATIONAL WEATHER SERVICE ANCHORAGE, AK
514 AM AKDT TUE MAY 23 2017


...................................

...THE ANCHORAGE AK CLIMATE SUMMARY FOR MAY 22 2017...

CLIMATE NORMAL PERIOD 1981 TO 2010
CLIMATE RECORD PERIOD 1952 TO 2017


WEATHER ITEM   OBSERVED TIME   RECORD YEAR NORMAL DEPARTURE LAST
                VALUE   (LST)  VALUE       VALUE  FROM      YEAR
                                                  NORMAL
..................................................................
TEMPERATURE (F)
 YESTERDAY
  MAXIMUM         59        MM  72    1960  58      1       55
  MINIMUM         44        MM  32    1964  42      2       43
  AVERAGE         52                        50      2       49

PRECIPITATION (IN)
  YESTERDAY        0.02          0.27 1968   0.03  -0.01
  MONTH TO DATE    0.60                      0.48   0.12
  SINCE MAR 1      1.67                      1.55   0.12
  SINCE JAN 1      4.37                      3.00   1.37

SNOWFALL (IN)
  YESTERDAY       MM             0.2  1964   0.0   MM        0.0
  MONTH TO DATE    0.0                       0.3   -0.3      0.0
  SINCE MAR 1     10.3                      14.2   -3.9     10.7
  SINCE JUL 1     82.4                      74.5    7.9     38.3
  SNOW DEPTH       0

DEGREE DAYS
 HEATING
  YESTERDAY       13                               -2
  MONTH TO DATE  370                              -38
  SINCE MAR 1   2512                               66
  SINCE JUL 1   9550                             -225

 COOLING
  YESTERDAY        0                                0
  MONTH TO DATE    0                                0
  SINCE MAR 1      0                                0
  SINCE JAN 1      0                                0
..................................................................


WIND (MPH)
  HIGHEST WIND SPEED    20   HIGHEST WIND DIRECTION    SE (140)
  HIGHEST GUST SPEED    36   HIGHEST GUST DIRECTION     S (160)
  AVERAGE WIND SPEED    14.3




RELATIVE HUMIDITY (PERCENT)
 HIGHEST    92
 LOWEST     47
 AVERAGE    70

..........................................................


THE ANCHORAGE AK CLIMATE NORMALS FOR TODAY
                         NORMAL    RECORD    YEAR
 MAXIMUM TEMPERATURE (F)   58        72      2006
 MINIMUM TEMPERATURE (F)   42        34      1996
                                             1975
                                             1973


SUNRISE AND SUNSET
MAY 23 2017...........SUNRISE   453 AM AKDT  SUNSET  1102 PM AKDT
MAY 24 2017...........SUNRISE   451 AM AKDT  SUNSET  1104 PM AKDT


-  INDICATES NEGATIVE NUMBERS.
R  INDICATES RECORD WAS SET OR TIED.
MM INDICATES DATA IS MISSING.
T  INDICATES TRACE AMOUNT.




$$
