000
CDAK48 PAFC 251305
CLIANC

CLIMATE REPORT
NATIONAL WEATHER SERVICE ANCHORAGE, AK
504 AM AKDT TUE APR 25 2017


...................................

...THE ANCHORAGE AK CLIMATE SUMMARY FOR APRIL 24 2017...

CLIMATE NORMAL PERIOD 1981 TO 2010
CLIMATE RECORD PERIOD 1952 TO 2017


WEATHER ITEM   OBSERVED TIME   RECORD YEAR NORMAL DEPARTURE LAST
                VALUE   (LST)  VALUE       VALUE  FROM      YEAR
                                                  NORMAL
..................................................................
TEMPERATURE (F)
 YESTERDAY
  MAXIMUM         49   1140 AM  59    1998  48      1       58
  MINIMUM         41    916 AM  21    1955  32      9       43
  AVERAGE         45                        40      5       51

PRECIPITATION (IN)
  YESTERDAY        0.03          0.27 1974   0.02   0.01
  MONTH TO DATE    0.05                      0.37  -0.32
  SINCE MAR 1      0.72                      0.97  -0.25
  SINCE JAN 1      3.42                      2.42   1.00

SNOWFALL (IN)
  YESTERDAY        0.0           0.7  1976   0.1   -0.1      0.0
                                      1973
  MONTH TO DATE    T                         3.6   -3.6      0.0
  SINCE MAR 1     10.3                      13.5   -3.2     10.7
  SINCE JUL 1     82.4                      73.8    8.6     38.3
  SNOW DEPTH       0

DEGREE DAYS
 HEATING
  YESTERDAY       20                               -5
  MONTH TO DATE  614                              -91
  SINCE MAR 1   2023                              126
  SINCE JUL 1   9061                             -165

 COOLING
  YESTERDAY        0                                0
  MONTH TO DATE    0                                0
  SINCE MAR 1      0                                0
  SINCE JAN 1      0                                0
..................................................................


WIND (MPH)
  HIGHEST WIND SPEED    10   HIGHEST WIND DIRECTION    SE (150)
  HIGHEST GUST SPEED    15   HIGHEST GUST DIRECTION     E (100)
  AVERAGE WIND SPEED     4.4




RELATIVE HUMIDITY (PERCENT)
 HIGHEST    82
 LOWEST     61
 AVERAGE    72

..........................................................


THE ANCHORAGE AK CLIMATE NORMALS FOR TODAY
                         NORMAL    RECORD    YEAR
 MAXIMUM TEMPERATURE (F)   49        60      2005
 MINIMUM TEMPERATURE (F)   33        18      1955


SUNRISE AND SUNSET
APRIL 25 2017.........SUNRISE   608 AM AKDT  SUNSET   950 PM AKDT
APRIL 26 2017.........SUNRISE   605 AM AKDT  SUNSET   953 PM AKDT

CIVIL TWILIGHT
APRIL 25 2017           START    515 AM GMT     END   1044 PM GMT
APRIL 26 2017           START    511 AM GMT     END   1047 PM GMT



-  INDICATES NEGATIVE NUMBERS.
R  INDICATES RECORD WAS SET OR TIED.
MM INDICATES DATA IS MISSING.
T  INDICATES TRACE AMOUNT.




$$
&&
------------------------------------------------------
AMOUNT OF DAYLIGHT TODAY  (HOUR:MIN)........15:42
GAIN/LOSS SINCE YESTERDAY (HOUR:MIN:SEC)....+0:05:38
