000
CDAK48 PAFC 301258
CLIANC

CLIMATE REPORT
NATIONAL WEATHER SERVICE ANCHORAGE, AK
457 AM AKDT SAT AUG 30 2014


...................................

...THE ANCHORAGE AK CLIMATE SUMMARY FOR AUGUST 29 2014...

CLIMATE NORMAL PERIOD 1981 TO 2010
CLIMATE RECORD PERIOD 1915 TO 2014


WEATHER ITEM   OBSERVED RECORD YEAR NORMAL DEPARTURE LAST
                VALUE   VALUE       VALUE  FROM      YEAR
                                           NORMAL
...........................................................
TEMPERATURE (F)
 YESTERDAY
  MAXIMUM         62     77    1930  61      1       56
  MINIMUM         50     33    1984  47      3       50
  AVERAGE         56                 54      2       53

PRECIPITATION (IN)
  YESTERDAY        0.16   0.78 1993   0.12   0.04
  MONTH TO DATE    2.52               3.03  -0.51
  SINCE JUN 1      9.08               5.83   3.25
  SINCE JAN 1     12.31               9.07   3.24

SNOWFALL (IN)
  YESTERDAY        0.0    0.0    MM   0.0    0.0
  MONTH TO DATE    0.0                0.0    0.0
  SINCE JUN 1      0.0                0.0    0.0
  SINCE JUL 1      0.0                0.0    0.0
  SNOW DEPTH       0

DEGREE DAYS
 HEATING
  YESTERDAY        9                        -2
  MONTH TO DATE  170                       -63
  SINCE JUN 1    652                       -68
  SINCE JUL 1    324                      -103

 COOLING
  YESTERDAY        0                         0
  MONTH TO DATE    0                         0
  SINCE JUN 1      3                         1
  SINCE JAN 1      3                         1
...........................................................


WIND (MPH)
  HIGHEST WIND SPEED     9   HIGHEST WIND DIRECTION    NW (300)
  HIGHEST GUST SPEED    MM   HIGHEST GUST DIRECTION    MM
  AVERAGE WIND SPEED     4.4




RELATIVE HUMIDITY (PERCENT)
 HIGHEST    89
 LOWEST     59
 AVERAGE    74

..........................................................


THE ANCHORAGE AK CLIMATE NORMALS FOR TODAY
                         NORMAL    RECORD    YEAR
 MAXIMUM TEMPERATURE (F)   61        77      1930
 MINIMUM TEMPERATURE (F)   47        34      1955


SUNRISE AND SUNSET
AUGUST 30 2014........SUNRISE   647 AM AKDT  SUNSET   912 PM AKDT
AUGUST 31 2014........SUNRISE   650 AM AKDT  SUNSET   909 PM AKDT

CIVIL TWILIGHT
AUGUST 30 2014          START   600 AM AKDT     END  1000 PM AKDT
AUGUST 31 2014          START   603 AM AKDT     END   956 PM AKDT



-  INDICATES NEGATIVE NUMBERS.
R  INDICATES RECORD WAS SET OR TIED.
MM INDICATES DATA IS MISSING.
T  INDICATES TRACE AMOUNT.




$$
&&
------------------------------------------------------
AMOUNT OF DAYLIGHT TODAY  (HOUR:MIN)........14:25
