000
CDAK48 PAFC 041230
CLIANC

CLIMATE REPORT
NATIONAL WEATHER SERVICE ANCHORAGE, AK
429 AM AKDT TUE AUG 4 2015


...................................

...THE ANCHORAGE AK CLIMATE SUMMARY FOR AUGUST 3 2015...

CLIMATE NORMAL PERIOD 1981 TO 2010
CLIMATE RECORD PERIOD 1952 TO 2015


WEATHER ITEM   OBSERVED RECORD YEAR NORMAL DEPARTURE LAST
                VALUE   VALUE       VALUE  FROM      YEAR
                                           NORMAL
...........................................................
TEMPERATURE (F)
 YESTERDAY
  MAXIMUM         79R    76    1999  65     14       71
                               1994
  MINIMUM         54     41    1991  52      2       56
  AVERAGE         67                 59      8       64

PRECIPITATION (IN)
  YESTERDAY        0.00   0.43 1961   0.08  -0.08
  MONTH TO DATE    0.00               0.25  -0.25
  SINCE JUN 1      3.27               3.05   0.22
  SINCE JAN 1      6.33               6.29   0.04

SNOWFALL (IN)
  YESTERDAY        0.0    0.0    MM   0.0    0.0
  MONTH TO DATE    0.0                0.0    0.0
  SINCE JUN 1      0.0                0.0    0.0
  SINCE JUL 1      0.0                0.0    0.0
  SNOW DEPTH       0

DEGREE DAYS
 HEATING
  YESTERDAY        0                        -6
  MONTH TO DATE    0                       -18
  SINCE JUN 1    266                      -239
  SINCE JUL 1     93                      -119

 COOLING
  YESTERDAY        2                         2
  MONTH TO DATE    4                         4
  SINCE JUN 1     30                        28
  SINCE JAN 1     30                        28
...........................................................


WIND (MPH)
  HIGHEST WIND SPEED     7   HIGHEST WIND DIRECTION    SW (210)
  HIGHEST GUST SPEED    MM   HIGHEST GUST DIRECTION    MM
  AVERAGE WIND SPEED     3.5




RELATIVE HUMIDITY (PERCENT)
 HIGHEST    89
 LOWEST     40
 AVERAGE    65

..........................................................


THE ANCHORAGE AK CLIMATE NORMALS FOR TODAY
                         NORMAL    RECORD    YEAR
 MAXIMUM TEMPERATURE (F)   65        74      1997
 MINIMUM TEMPERATURE (F)   52        43      1971


SUNRISE AND SUNSET
AUGUST  4 2015........SUNRISE   540 AM AKDT  SUNSET  1030 PM AKDT
AUGUST  5 2015........SUNRISE   543 AM AKDT  SUNSET  1027 PM AKDT

CIVIL TWILIGHT
AUGUST 4 2015           START   438 AM AKDT     END  1133 PM AKDT
AUGUST 5 2015           START   441 AM AKDT     END  1129 PM AKDT



-  INDICATES NEGATIVE NUMBERS.
R  INDICATES RECORD WAS SET OR TIED.
MM INDICATES DATA IS MISSING.
T  INDICATES TRACE AMOUNT.




$$
&&
------------------------------------------------------
AMOUNT OF DAYLIGHT TODAY  (HOUR:MIN)........16:50
GAIN/LOSS SINCE YESTERDAY (HOUR:MIN:SEC)....-0:05:18
