000
CDAK48 PAFC 220942
CLIANC

CLIMATE REPORT
NATIONAL WEATHER SERVICE ANCHORAGE, AK
140 AM AKDT TUE AUG 22 2017


...................................

...THE ANCHORAGE AK CLIMATE SUMMARY FOR AUGUST 21 2017...

CLIMATE NORMAL PERIOD 1981 TO 2010
CLIMATE RECORD PERIOD 1952 TO 2017


WEATHER ITEM   OBSERVED TIME   RECORD YEAR NORMAL DEPARTURE LAST
                VALUE   (LST)  VALUE       VALUE  FROM      YEAR
                                                  NORMAL
..................................................................
TEMPERATURE (F)
 YESTERDAY
  MAXIMUM         57        MM  82    1977  63     -6       62
  MINIMUM         50        MM  38    1954  49      1       55
  AVERAGE         54                        56     -2       59

PRECIPITATION (IN)
  YESTERDAY        0.38          2.76 1997   0.11   0.27
  MONTH TO DATE    3.53                      2.09   1.44
  SINCE JUN 1      6.53                      4.89   1.64
  SINCE JAN 1     11.36                      8.13   3.23

SNOWFALL (IN)
  YESTERDAY        0.0           0.0    MM   0.0    0.0      0.0
  MONTH TO DATE    0.0                       0.0    0.0      0.0
  SINCE JUN 1      0.0                       0.0    0.0      0.0
  SINCE JUL 1      0.0                       0.0    0.0      0.0
  SNOW DEPTH       0

DEGREE DAYS
 HEATING
  YESTERDAY       11                                2
  MONTH TO DATE  136                              -17
  SINCE JUN 1    566                              -74
  SINCE JUL 1    283                              -64

 COOLING
  YESTERDAY        0                                0
  MONTH TO DATE    0                                0
  SINCE JUN 1      3                                1
  SINCE JAN 1      3                                1
..................................................................


WIND (MPH)
  HIGHEST WIND SPEED    10   HIGHEST WIND DIRECTION    NE (30)
  HIGHEST GUST SPEED    MM   HIGHEST GUST DIRECTION    MM
  AVERAGE WIND SPEED     5.9




RELATIVE HUMIDITY (PERCENT)
 HIGHEST   100
 LOWEST     83
 AVERAGE    92

..........................................................


THE ANCHORAGE AK CLIMATE NORMALS FOR TODAY
                         NORMAL    RECORD    YEAR
 MAXIMUM TEMPERATURE (F)   63        73      1978
 MINIMUM TEMPERATURE (F)   49        37      1954


SUNRISE AND SUNSET
AUGUST 22 2017........SUNRISE   628 AM AKDT  SUNSET   936 PM AKDT
AUGUST 23 2017........SUNRISE   630 AM AKDT  SUNSET   933 PM AKDT

CIVIL TWILIGHT
AUGUST 22 2017          START    537 AM GMT     END   1027 PM GMT
AUGUST 23 2017          START    540 AM GMT     END   1023 PM GMT



-  INDICATES NEGATIVE NUMBERS.
R  INDICATES RECORD WAS SET OR TIED.
MM INDICATES DATA IS MISSING.
T  INDICATES TRACE AMOUNT.




$$
&&
------------------------------------------------------
AMOUNT OF DAYLIGHT TODAY  (HOUR:MIN)........15:08
GAIN/LOSS SINCE YESTERDAY (HOUR:MIN:SEC)....-0:05:36
