000
CDAK48 PAFC 011259
CLIANC


CLIMATE REPORT
NATIONAL WEATHER SERVICE ANCHORAGE, AK
359 AM AKST SUN FEB 1 2015


...................................

...THE ANCHORAGE AK CLIMATE SUMMARY FOR JANUARY 31 2015...

CLIMATE NORMAL PERIOD 1981 TO 2010
CLIMATE RECORD PERIOD 1952 TO 2015


WEATHER ITEM   OBSERVED RECORD YEAR NORMAL DEPARTURE LAST
                VALUE   VALUE       VALUE  FROM      YEAR
                                           NORMAL
...........................................................
TEMPERATURE (F)
 YESTERDAY
  MAXIMUM         19     44    1994  24     -5       23
                               1985
  MINIMUM          5    -17    1989  12     -7       15
  AVERAGE         12                 18     -6       19

PRECIPITATION (IN)
  YESTERDAY        0.00   1.10 1987   0.03  -0.03
  MONTH TO DATE    0.36               0.73  -0.37
  SINCE DEC 1      1.04               1.84  -0.80
  SINCE JAN 1      0.36               0.73  -0.37

SNOWFALL (IN)
  YESTERDAY        0.0    6.2  2000   0.4   -0.4
  MONTH TO DATE    5.9               11.3   -5.4
  SINCE DEC 1     13.4               28.0  -14.6
  SINCE JUL 1     19.4               49.4  -30.0
  SNOW DEPTH       7

DEGREE DAYS
 HEATING
  YESTERDAY       53                         6
  MONTH TO DATE 1374                      -109
  SINCE DEC 1   2522                      -389
  SINCE JUL 1   5237                      -838

 COOLING
  YESTERDAY        0                         0
  MONTH TO DATE    0                         0
  SINCE DEC 1      0                         0
  SINCE JAN 1      0                         0
...........................................................


WIND (MPH)
  HIGHEST WIND SPEED     8   HIGHEST WIND DIRECTION     E (100)
  HIGHEST GUST SPEED    MM   HIGHEST GUST DIRECTION    MM
  AVERAGE WIND SPEED     4.2




RELATIVE HUMIDITY (PERCENT)
 HIGHEST    80
 LOWEST     54
 AVERAGE    67

..........................................................


THE ANCHORAGE AK CLIMATE NORMALS FOR TODAY
                         NORMAL    RECORD    YEAR
 MAXIMUM TEMPERATURE (F)   24        46      2007
                                             1981
 MINIMUM TEMPERATURE (F)   12       -16      1993


SUNRISE AND SUNSET
FEBRUARY  1 2015......SUNRISE   920 AM AKST  SUNSET   508 PM AKST
FEBRUARY  2 2015......SUNRISE   918 AM AKST  SUNSET   511 PM AKST


-  INDICATES NEGATIVE NUMBERS.
R  INDICATES RECORD WAS SET OR TIED.
MM INDICATES DATA IS MISSING.
T  INDICATES TRACE AMOUNT.




$$
