000
CDAK48 PAFC 280121
CLIANC


CLIMATE REPORT
NATIONAL WEATHER SERVICE ANCHORAGE, AK
420 PM AKST MON FEB 27 2017


...................................

...THE ANCHORAGE AK CLIMATE SUMMARY FOR FEBRUARY 27 2017...
VALID TODAY AS OF 0400 PM LOCAL TIME.

CLIMATE NORMAL PERIOD 1981 TO 2010
CLIMATE RECORD PERIOD 1952 TO 2017


WEATHER ITEM   OBSERVED TIME   RECORD YEAR NORMAL DEPARTURE LAST
                VALUE   (LST)  VALUE       VALUE  FROM      YEAR
                                                  NORMAL
..................................................................
TEMPERATURE (F)
 TODAY
  MAXIMUM         25        MM  49    2014  30     -5       42
  MINIMUM         23   1200 PM -25    1954  16      7       30
  AVERAGE         24                        23      1       36

PRECIPITATION (IN)
  TODAY            0.02          0.47 1992   0.02   0.00      T
  MONTH TO DATE    0.99                      0.70   0.29     0.30
  SINCE DEC 1      4.17                      2.54   1.63     0.81
  SINCE JAN 1      2.70                      1.43   1.27     0.58

SNOWFALL (IN)
  TODAY            0.4           8.3  1992   0.3    0.1       T
  MONTH TO DATE   19.6                      10.6    9.0      1.8
  SINCE DEC 1     68.2                      38.6   29.6      7.9
  SINCE JUL 1     72.1                      60.0   12.1     27.6
  SNOW DEPTH      24

DEGREE DAYS
 HEATING
  TODAY           41                        42     -1       29
  MONTH TO DATE 1239                      1213     26      953
  SINCE DEC 1   4335                      4124    211     3464
  SINCE JUL 1   6988                      7288   -300     6278

 COOLING
  TODAY            0                         0      0        0
  MONTH TO DATE    0                         0      0        0
  SINCE DEC 1      0                         0      0        0
  SINCE JAN 1      0                         0      0        0
..................................................................


WIND (MPH)
  RESULTANT WIND SPEED   3   RESULTANT WIND DIRECTION   N (20)
  HIGHEST WIND SPEED     7   HIGHEST WIND DIRECTION     N (340)
  HIGHEST GUST SPEED    MM   HIGHEST GUST DIRECTION    MM
  AVERAGE WIND SPEED     3.3


SKY COVER
  POSSIBLE SUNSHINE  MM
  AVERAGE SKY COVER 1.0


WEATHER CONDITIONS
 THE FOLLOWING WEATHER WAS RECORDED TODAY.
  LIGHT SNOW
  FOG
  FOG W/VISIBILITY <= 1/4 MILE


RELATIVE HUMIDITY (PERCENT)
 HIGHEST    96          1200 PM
 LOWEST     88           700 AM
 AVERAGE    92

..........................................................


THE ANCHORAGE AK CLIMATE NORMALS FOR TOMORROW
                         NORMAL    RECORD    YEAR
 MAXIMUM TEMPERATURE (F)   30        48      1991
 MINIMUM TEMPERATURE (F)   16       -15      1956


SUNRISE AND SUNSET
FEBRUARY 27 2017......SUNRISE   805 AM AKST  SUNSET   621 PM AKST
FEBRUARY 28 2017......SUNRISE   802 AM AKST  SUNSET   624 PM AKST


-  INDICATES NEGATIVE NUMBERS.
R  INDICATES RECORD WAS SET OR TIED.
MM INDICATES DATA IS MISSING.
T  INDICATES TRACE AMOUNT.




$$
