000
CDUS43 KAPX 270531
CLIANJ


CLIMATE REPORT
NATIONAL WEATHER SERVICE GAYLORD MI
1231 AM EST MON FEB 27 2017


...................................

...THE SAULT STE MARIE MI CLIMATE SUMMARY FOR FEBRUARY 26 2017...

CLIMATE NORMAL PERIOD 1981 TO 2010
CLIMATE RECORD PERIOD 1888 TO 2017


WEATHER ITEM   OBSERVED TIME   RECORD YEAR NORMAL DEPARTURE LAST
                VALUE   (LST)  VALUE       VALUE  FROM      YEAR
                                                  NORMAL
..................................................................
TEMPERATURE (F)
 YESTERDAY
  MAXIMUM         32    742 PM  46    2000  29      3       31
  MINIMUM         17    805 AM -22    1934  12      5        8
  AVERAGE         25                        20      5       20

PRECIPITATION (IN)
  YESTERDAY        0.09          0.64 1951   0.05   0.04     0.00
  MONTH TO DATE    3.27                      1.24   2.03     1.47
  SINCE DEC 1     10.18                      6.22   3.96     8.43
  SINCE JAN 1      5.93                      3.43   2.50     3.02

SNOWFALL (IN)
  YESTERDAY        1.4           6.0  1975   0.5    0.9      0.0
  MONTH TO DATE   38.1                      17.5   20.6     16.6
  SINCE OCT 1    123.1                      99.1   24.0     55.6
  SINCE JUL 1    123.1                      99.1   24.0     55.6
  SNOW DEPTH      17

DEGREE DAYS
 HEATING
  YESTERDAY       40                        45     -5       45
  MONTH TO DATE 1032                      1237   -205     1168
  SINCE DEC 1   3530                      4105   -575     3533
  SINCE JUL 1   4800                      6037  -1237     5024
..................................................................


WIND (MPH)
  HIGHEST WIND SPEED    25   HIGHEST WIND DIRECTION     W (280)
  HIGHEST GUST SPEED    35   HIGHEST GUST DIRECTION     W (270)
  AVERAGE WIND SPEED    11.6




RELATIVE HUMIDITY (PERCENT)
 HIGHEST    85
 LOWEST     57
 AVERAGE    71

..........................................................


THE SAULT STE MARIE MI CLIMATE NORMALS FOR TODAY
                         NORMAL    RECORD    YEAR
 MAXIMUM TEMPERATURE (F)   29        46      1895
 MINIMUM TEMPERATURE (F)   12       -24      1934


SUNRISE AND SUNSET
FEBRUARY 27 2017......SUNRISE   720 AM EST   SUNSET   621 PM EST
FEBRUARY 28 2017......SUNRISE   718 AM EST   SUNSET   622 PM EST


-  INDICATES NEGATIVE NUMBERS.
R  INDICATES RECORD WAS SET OR TIED.
MM INDICATES DATA IS MISSING.
T  INDICATES TRACE AMOUNT.




$$
