000
CDUS43 KAPX 210531
CLIANJ


CLIMATE REPORT
NATIONAL WEATHER SERVICE GAYLORD MI
1230 AM EST SAT JAN 21 2017


...................................

...THE SAULT STE MARIE MI CLIMATE SUMMARY FOR JANUARY 20 2017...

CLIMATE NORMAL PERIOD 1981 TO 2010
CLIMATE RECORD PERIOD 1888 TO 2017


WEATHER ITEM   OBSERVED TIME   RECORD YEAR NORMAL DEPARTURE LAST
                VALUE   (LST)  VALUE       VALUE  FROM      YEAR
                                                  NORMAL
..................................................................
TEMPERATURE (F)
 YESTERDAY
  MAXIMUM         35    320 PM  46    1908  23     12       22
  MINIMUM         33   1159 PM -23    1984   7     26        9
  AVERAGE         34                        15     19       16

PRECIPITATION (IN)
  YESTERDAY        0.05          0.85 1894   0.07  -0.02      T
  MONTH TO DATE    1.70                      1.49   0.21     1.12
  SINCE DEC 1      5.95                      4.28   1.67     6.53
  SINCE JAN 1      1.70                      1.49   0.21     1.12

SNOWFALL (IN)
  YESTERDAY        0.0           6.2  1988   1.0   -1.0       T
  MONTH TO DATE   20.7                      20.9   -0.2     14.0
  SINCE OCT 1     78.4                      71.1    7.3     33.4
  SINCE JUL 1     78.4                      71.1    7.3     33.4
  SNOW DEPTH      16

DEGREE DAYS
 HEATING
  YESTERDAY       31                        50    -19       49
  MONTH TO DATE  842                       988   -146      950
  SINCE DEC 1   2099                      2315   -216     1913
  SINCE JUL 1   3369                      4247   -878     3404
..................................................................


WIND (MPH)
  HIGHEST WIND SPEED    13   HIGHEST WIND DIRECTION    SE (150)
  HIGHEST GUST SPEED    17   HIGHEST GUST DIRECTION    SE (150)
  AVERAGE WIND SPEED     6.0




RELATIVE HUMIDITY (PERCENT)
 HIGHEST   100
 LOWEST     89
 AVERAGE    95

..........................................................


THE SAULT STE MARIE MI CLIMATE NORMALS FOR TODAY
                         NORMAL    RECORD    YEAR
 MAXIMUM TEMPERATURE (F)   23        43      1916
 MINIMUM TEMPERATURE (F)    7       -33      1984


SUNRISE AND SUNSET
JANUARY 21 2017.......SUNRISE   812 AM EST   SUNSET   526 PM EST
JANUARY 22 2017.......SUNRISE   811 AM EST   SUNSET   527 PM EST


-  INDICATES NEGATIVE NUMBERS.
R  INDICATES RECORD WAS SET OR TIED.
MM INDICATES DATA IS MISSING.
T  INDICATES TRACE AMOUNT.




$$
