000
CDUS43 KAPX 270530
CLIANJ


CLIMATE REPORT
NATIONAL WEATHER SERVICE GAYLORD MI
130 AM EDT WED JUL 27 2016


...................................

...THE SAULT STE MARIE MI CLIMATE SUMMARY FOR JULY 26 2016...

CLIMATE NORMAL PERIOD 1981 TO 2010
CLIMATE RECORD PERIOD 1888 TO 2016


WEATHER ITEM   OBSERVED TIME   RECORD YEAR NORMAL DEPARTURE LAST
                VALUE   (LST)  VALUE       VALUE  FROM      YEAR
                                                  NORMAL
..................................................................
TEMPERATURE (F)
 YESTERDAY
  MAXIMUM         87    326 PM  92    1955  77     10       90
  MINIMUM         56    533 AM  40    1975  55      1       55
  AVERAGE         72                        66      6       73

PRECIPITATION (IN)
  YESTERDAY        0.18          2.38 2013   0.10   0.08      T
  MONTH TO DATE    3.33                      2.35   0.98     3.05
  SINCE JUN 1      5.21                      5.05   0.16     5.78
  SINCE JAN 1     15.76                     15.49   0.27    14.48

DEGREE DAYS
 HEATING
  YESTERDAY        0                         2     -2        0
  MONTH TO DATE   23                        62    -39       51
  SINCE JUN 1    186                       242    -56      239
  SINCE JUL 1     23                        62    -39       51

 COOLING
  YESTERDAY        7                         3      4        8
  MONTH TO DATE  105                        69     36       57
  SINCE JUN 1    141                        99     42       64
  SINCE JAN 1    152                       104     48       66
..................................................................


WIND (MPH)
  HIGHEST WIND SPEED    20   HIGHEST WIND DIRECTION    SW (230)
  HIGHEST GUST SPEED    28   HIGHEST GUST DIRECTION    SW (230)
  AVERAGE WIND SPEED     4.6




RELATIVE HUMIDITY (PERCENT)
 HIGHEST    93
 LOWEST     45
 AVERAGE    69

..........................................................


THE SAULT STE MARIE MI CLIMATE NORMALS FOR TODAY
                         NORMAL    RECORD    YEAR
 MAXIMUM TEMPERATURE (F)   77        92      2015
                                             1894
 MINIMUM TEMPERATURE (F)   55        39      1971


SUNRISE AND SUNSET
JULY 27 2016..........SUNRISE   613 AM EDT   SUNSET   914 PM EDT
JULY 28 2016..........SUNRISE   614 AM EDT   SUNSET   913 PM EDT


-  INDICATES NEGATIVE NUMBERS.
R  INDICATES RECORD WAS SET OR TIED.
MM INDICATES DATA IS MISSING.
T  INDICATES TRACE AMOUNT.




$$
