000
CDUS43 KAPX 300531
CLIANJ


CLIMATE REPORT
NATIONAL WEATHER SERVICE GAYLORD MI
130 AM EDT MON MAY 30 2016


...................................

...THE SAULT STE MARIE MI CLIMATE SUMMARY FOR MAY 29 2016...

CLIMATE NORMAL PERIOD 1981 TO 2010
CLIMATE RECORD PERIOD 1888 TO 2016


WEATHER ITEM   OBSERVED TIME   RECORD YEAR NORMAL DEPARTURE LAST
                VALUE   (LST)  VALUE       VALUE  FROM      YEAR
                                                  NORMAL
..................................................................
TEMPERATURE (F)
 YESTERDAY
  MAXIMUM         80    226 PM  89    2006  67     13       67
                                      1895
  MINIMUM         59   1159 PM  30    1958  44     15       52
  AVERAGE         70                        55     15       60

PRECIPITATION (IN)
  YESTERDAY        0.05          1.22 1983   0.09  -0.04     0.11
  MONTH TO DATE    1.76                      2.39  -0.63     2.15
  SINCE MAR 1      6.84                      6.73   0.11     5.31
  SINCE JAN 1     10.55                     10.26   0.29     8.68

DEGREE DAYS
 HEATING
  YESTERDAY        0                        10    -10        5
  MONTH TO DATE  339                       394    -55      334
  SINCE MAR 1   2193                      2337   -144     2457
  SINCE JUL 1   7334                      8463  -1129     9236

 COOLING
  YESTERDAY        5                         0      5        0
  MONTH TO DATE   11                         0     11        2
  SINCE MAR 1     11                         0     11        2
  SINCE JAN 1     11                         0     11        2
..................................................................


WIND (MPH)
  HIGHEST WIND SPEED    24   HIGHEST WIND DIRECTION    SW (220)
  HIGHEST GUST SPEED    35   HIGHEST GUST DIRECTION    SW (230)
  AVERAGE WIND SPEED     9.3




RELATIVE HUMIDITY (PERCENT)
 HIGHEST    93
 LOWEST     48
 AVERAGE    71

..........................................................


THE SAULT STE MARIE MI CLIMATE NORMALS FOR TODAY
                         NORMAL    RECORD    YEAR
 MAXIMUM TEMPERATURE (F)   67        91      1919
 MINIMUM TEMPERATURE (F)   44        31      2009
                                             1996
                                             1973


SUNRISE AND SUNSET
MAY 30 2016...........SUNRISE   549 AM EDT   SUNSET   921 PM EDT
MAY 31 2016...........SUNRISE   549 AM EDT   SUNSET   922 PM EDT


-  INDICATES NEGATIVE NUMBERS.
R  INDICATES RECORD WAS SET OR TIED.
MM INDICATES DATA IS MISSING.
T  INDICATES TRACE AMOUNT.




$$
