000
CDUS43 KAPX 280526
CLIANJ


CLIMATE REPORT
NATIONAL WEATHER SERVICE GAYLORD MI
126 AM EDT FRI JUL 28 2017


...................................

...THE SAULT STE MARIE MI CLIMATE SUMMARY FOR JULY 27 2017...

CLIMATE NORMAL PERIOD 1981 TO 2010
CLIMATE RECORD PERIOD 1888 TO 2017


WEATHER ITEM   OBSERVED TIME   RECORD YEAR NORMAL DEPARTURE LAST
                VALUE   (LST)  VALUE       VALUE  FROM      YEAR
                                                  NORMAL
..................................................................
TEMPERATURE (F)
 YESTERDAY
  MAXIMUM         77   1232 PM  92    2015  77      0       82
                                      1894
  MINIMUM         55    350 AM  39    1971  55      0       61
  AVERAGE         66                        66      0       72

PRECIPITATION (IN)
  YESTERDAY        0.00          1.23 1901   0.10  -0.10     0.00
  MONTH TO DATE    4.47                      2.45   2.02     3.33
  SINCE JUN 1      8.19                      5.15   3.04     5.21
  SINCE JAN 1     21.63                     15.59   6.04    15.76

DEGREE DAYS
 HEATING
  YESTERDAY        0                         2     -2        0
  MONTH TO DATE   31                        64    -33       23
  SINCE JUN 1    143                       244   -101      186
  SINCE JUL 1     31                        64    -33       23

 COOLING
  YESTERDAY        1                         3     -2        7
  MONTH TO DATE   47                        72    -25      112
  SINCE JUN 1     65                       102    -37      148
  SINCE JAN 1     66                       107    -41      159
..................................................................


WIND (MPH)
  HIGHEST WIND SPEED    15   HIGHEST WIND DIRECTION    NW (300)
  HIGHEST GUST SPEED    21   HIGHEST GUST DIRECTION    NW (320)
  AVERAGE WIND SPEED     6.1




RELATIVE HUMIDITY (PERCENT)
 HIGHEST    93
 LOWEST     47
 AVERAGE    70

..........................................................


THE SAULT STE MARIE MI CLIMATE NORMALS FOR TODAY
                         NORMAL    RECORD    YEAR
 MAXIMUM TEMPERATURE (F)   77        95      2015
 MINIMUM TEMPERATURE (F)   55        39      1978


SUNRISE AND SUNSET
JULY 28 2017..........SUNRISE   614 AM EDT   SUNSET   913 PM EDT
JULY 29 2017..........SUNRISE   615 AM EDT   SUNSET   912 PM EDT


-  INDICATES NEGATIVE NUMBERS.
R  INDICATES RECORD WAS SET OR TIED.
MM INDICATES DATA IS MISSING.
T  INDICATES TRACE AMOUNT.




$$
