000
CDUS43 KAPX 260528
CLIANJ


CLIMATE REPORT
NATIONAL WEATHER SERVICE GAYLORD MI
128 AM EDT SAT JUL 26 2014


...................................

...THE SAULT STE MARIE MI CLIMATE SUMMARY FOR JULY 25 2014...

CLIMATE NORMAL PERIOD 1981 TO 2010
CLIMATE RECORD PERIOD 1888 TO 2014


WEATHER ITEM   OBSERVED TIME   RECORD YEAR NORMAL DEPARTURE LAST
                VALUE   (LST)  VALUE       VALUE  FROM      YEAR
                                                  NORMAL
..................................................................
TEMPERATURE (F)
 YESTERDAY
  MAXIMUM         81    302 PM  91    1917  77      4       75
  MINIMUM         49    318 AM  41    1891  55     -6       52
  AVERAGE         65                        66     -1       64

PRECIPITATION (IN)
  YESTERDAY        T             1.54 1979   0.11  -0.11      T
  MONTH TO DATE    0.66                      2.25  -1.59     2.37
  SINCE JUN 1      3.58                      4.95  -1.37     5.62
  SINCE JAN 1     15.62                     15.39   0.23    19.88

DEGREE DAYS
 HEATING
  YESTERDAY        0                         2     -2        1
  MONTH TO DATE   86                        60     26       28
  SINCE JUN 1    195                       240    -45      174
  SINCE JUL 1     86                        60     26       28

 COOLING
  YESTERDAY        0                         3     -3        0
  MONTH TO DATE   21                        66    -45      115
  SINCE JUN 1     58                        96    -38      154
  SINCE JAN 1     60                       101    -41      163
..................................................................


WIND (MPH)
  HIGHEST WIND SPEED    17   HIGHEST WIND DIRECTION    SW (220)
  HIGHEST GUST SPEED    23   HIGHEST GUST DIRECTION    SW (220)
  AVERAGE WIND SPEED     6.4




RELATIVE HUMIDITY (PERCENT)
 HIGHEST    96
 LOWEST     39
 AVERAGE    68

..........................................................


THE SAULT STE MARIE MI CLIMATE NORMALS FOR TODAY
                         NORMAL    RECORD    YEAR
 MAXIMUM TEMPERATURE (F)   77        92      1955
 MINIMUM TEMPERATURE (F)   55        40      1975


SUNRISE AND SUNSET
JULY 26 2014..........SUNRISE   611 AM EDT   SUNSET   916 PM EDT
JULY 27 2014..........SUNRISE   612 AM EDT   SUNSET   915 PM EDT


-  INDICATES NEGATIVE NUMBERS.
R  INDICATES RECORD WAS SET OR TIED.
MM INDICATES DATA IS MISSING.
T  INDICATES TRACE AMOUNT.




$$
