773
CDUS43 KAPX 080531
CLIANJ


CLIMATE REPORT
NATIONAL WEATHER SERVICE GAYLORD MI
1230 AM EST MON FEB 8 2016


...................................

...THE SAULT STE MARIE MI CLIMATE SUMMARY FOR FEBRUARY 7 2016...

CLIMATE NORMAL PERIOD 1981 TO 2010
CLIMATE RECORD PERIOD 1888 TO 2016


WEATHER ITEM   OBSERVED TIME   RECORD YEAR NORMAL DEPARTURE LAST
                VALUE   (LST)  VALUE       VALUE  FROM      YEAR
                                                  NORMAL
..................................................................
TEMPERATURE (F)
 YESTERDAY
  MAXIMUM         34   1159 PM  41    1965  24     10       16
  MINIMUM         26   1219 AM -26    1899   8     18        9
  AVERAGE         30                        16     14       13

PRECIPITATION (IN)
  YESTERDAY        0.26          0.42 2015   0.05   0.21     0.42
  MONTH TO DATE    0.61                      0.36   0.25     0.65
  SINCE DEC 1      7.57                      5.34   2.23     5.99
  SINCE JAN 1      2.16                      2.55  -0.39     2.65

SNOWFALL (IN)
  YESTERDAY        2.5           5.2  1981   0.7    1.8      3.7
  MONTH TO DATE    8.9                       5.6    3.3      8.7
  SINCE OCT 1     47.9                      87.2  -39.3    137.7
  SINCE JUL 1     47.9                      87.2  -39.3    137.7
  SNOW DEPTH      14

DEGREE DAYS
 HEATING
  YESTERDAY       35                        49    -14       52
  MONTH TO DATE  279                       345    -66      403
  SINCE DEC 1   2644                      3213   -569     3290
  SINCE JUL 1   4135                      5145  -1010     5452
..................................................................


WIND (MPH)
  HIGHEST WIND SPEED    15   HIGHEST WIND DIRECTION    SE (120)
  HIGHEST GUST SPEED    22   HIGHEST GUST DIRECTION     E (110)
  AVERAGE WIND SPEED     8.0




RELATIVE HUMIDITY (PERCENT)
 HIGHEST    92
 LOWEST     84
 AVERAGE    88

..........................................................


THE SAULT STE MARIE MI CLIMATE NORMALS FOR TODAY
                         NORMAL    RECORD    YEAR
 MAXIMUM TEMPERATURE (F)   24        44      1898
 MINIMUM TEMPERATURE (F)    8       -37      1934


SUNRISE AND SUNSET
FEBRUARY  8 2016......SUNRISE   752 AM EST   SUNSET   552 PM EST
FEBRUARY  9 2016......SUNRISE   751 AM EST   SUNSET   553 PM EST


-  INDICATES NEGATIVE NUMBERS.
R  INDICATES RECORD WAS SET OR TIED.
MM INDICATES DATA IS MISSING.
T  INDICATES TRACE AMOUNT.




$$
