325
CDAK47 PAJK 181349
CLIANN
CLIMATE REPORT
NATIONAL WEATHER SERVICE JUNEAU, AK
448 AM AKST SAT NOV 18 2017


...................................

...THE ANNETTE ISLAND CLIMATE SUMMARY FOR NOVEMBER 17 2017...

CLIMATE NORMAL PERIOD 1981 TO 2010
CLIMATE RECORD PERIOD 1941 TO 2017


WEATHER ITEM   OBSERVED RECORD YEAR NORMAL DEPARTURE LAST
                VALUE   VALUE       VALUE  FROM      YEAR
                                           NORMAL
...........................................................
TEMPERATURE (F)
 YESTERDAY
  MAXIMUM         43     54    1949  44     -1       48
  MINIMUM         29     19    1973  35     -6       32
                               1963
  AVERAGE         36                 40     -4       40

PRECIPITATION (IN)
  YESTERDAY        0.94   1.89 1958   0.40   0.54      T
  MONTH TO DATE    2.99               7.29  -4.30     7.34
  SINCE JAN 1     83.48              85.91  -2.43    83.71

SNOWFALL (IN)
  YESTERDAY       MM      1.5  1963   0.2   MM        0.0
  MONTH TO DATE    0.0                1.5   -1.5      0.0
  SINCE JUL 1      0.0                1.6   -1.6      0.0
  SNOW DEPTH      MM

DEGREE DAYS
 HEATING
  YESTERDAY       29                 25      4       25
  MONTH TO DATE  449                407     42      272
...........................................................


WIND (MPH)
  HIGHEST WIND SPEED    24   HIGHEST WIND DIRECTION    SE (140)
  HIGHEST GUST SPEED    37   HIGHEST GUST DIRECTION    SE (130)
  AVERAGE WIND SPEED    12.9


SKY COVER
  AVERAGE SKY COVER 1.0


WEATHER CONDITIONS
 THE FOLLOWING WEATHER WAS RECORDED YESTERDAY.
  HEAVY RAIN
  RAIN
  LIGHT RAIN
  LIGHT SNOW
  FOG


..........................................................


THE ANNETTE ISLAND CLIMATE NORMALS FOR TODAY
                         NORMAL    RECORD    YEAR
 MAXIMUM TEMPERATURE (F)   44        52      2014
                                             2001
 MINIMUM TEMPERATURE (F)   35        15      1963


SUNRISE AND SUNSET
NOVEMBER 18 2017......SUNRISE   725 AM AKST  SUNSET   337 PM AKST
NOVEMBER 19 2017......SUNRISE   727 AM AKST  SUNSET   336 PM AKST


-  INDICATES NEGATIVE NUMBERS.
R  INDICATES RECORD WAS SET OR TIED.
MM INDICATES DATA IS MISSING.
T  INDICATES TRACE AMOUNT.




$$
--------------------------------------------------------------

AMOUNT OF DAYLIGHT TODAY (HOUR:MIN)......... 8 HOURS 12 MINUTES
GAIN/LOSS SINCE YESTERDAY (HOUR:MIN:SEC).... -0:03:25

$$
