000
CDAK47 PANT 170930
CLIANN

CLIMATE REPORT
NATIONAL WEATHER SERVICE ANNETTE, AK
130 AM AKDT WED SEP 17 2014

...................................
...THE ANNETTE WSO AP CLIMATE SUMMARY FOR SEPTEMBER 16 2014...

CLIMATE NORMAL PERIOD  1981 TO  2010
CLIMATE RECORD PERIOD  1948 TO  2014

WEATHER ITEM   OBSERVED TIME    RECORD YEAR NORMAL DEPARTURE LAST
               VALUE    (LST)   VALUE       VALUE  FROM      YEAR
                                                   NORMAL
...................................................................
TEMPERATURE
YESTERDAY
 MAXIMUM            66  0129 PM    73  1995     59       7     59
 MINIMUM            47  1210 AM    40  1992     48      -1     53
 AVERAGE            57                          54       3     56

PRECIPITATION
(INCHES)
 YESTERDAY        0.00           2.28  2000   0.33   -0.33   0.11
 MONTH TO DATE    0.20                        4.92   -4.72   0.71
 SINCE SEP 1      0.20                        4.92   -4.72   0.71
 SINCE JAN 1     62.28                       59.83    2.45  52.31

SNOWFALL
(INCHES)
 YESTERDAY         0.0            0.0  2014    0.0     0.0    0.0
 MONTH TO DATE     0.0                         0.0     0.0    0.0
 SINCE SEP 1       0.0                         0.0     0.0    0.0
 SINCE JUL 1       0.0                         0.0     0.0    0.0
 SNOW DEPTH (IN)     0                                          0

DEGREE DAYS
 HEATING
  YESTERDAY          8                          11      -3      9
  MONTH TO DATE    107                         156     -49     73
  SINCE SEP 1      107                         156     -49     73
  SINCE JUL 1      676                         557     119    375

 COOLING
  YESTERDAY          0                           0       0      0
  MONTH TO DATE      0                           0       0      0
  SINCE SEP 1        0                           0       0      0
  SINCE JAN 1       MM                           0      MM     22
...................................................................

WIND (MPH)
 HIGHEST WIND SPEED     6     HIGHEST WIND DIRECTION    230
 HIGHEST GUST SPEED     8     HIGHEST GUST DIRECTION    300
 AVERAGE WIND SPEED   1.2

SKY COVER
  POSSIBLE SUNSHINE    MM          AVERAGE SKY COVER     MM

WEATHER CONDITIONS
 THE FOLLOWING WEATHER WAS RECORDED YESTERDAY.


RELATIVE HUMIDITY
 HIGHEST RH     MM PERCENT       MM
 LOWEST  RH     MM PERCENT       MM
 AVERAGE RH     MM PERCENT       MM
...................................................................

THE ANNETTE CLIMATE NORMALS FOR TODAY
                           NORMAL    RECORD   YEAR
 MAXIMUM TEMPERATURE (F)     59        73     2010
 MINIMUM TEMPERATURE (F)     48        39     1983

SUNRISE AND SUNSET
 SEP 17 2014..........SUNRISE  6:23 AM      SUNSET  6:58 PM
 SEP 18 2014..........SUNRISE  6:25 AM      SUNSET  6:55 PM

-  INDICATES NEGATIVE NUMBERS.
R  INDICATES RECORD HAS BEEN SET OR TIED.
MM INDICATES DATA IS MISSING.
T  INDICATES TRACE OF PRECIPITATION.

&&
-------------------------------------------------------------------

AMOUNT OF DAYLIGHT TODAY  (HOUR:MIN)........12 HOURS 35 MINUTES
GAIN/LOSS SINCE YESTERDAY (HOUR:MIN:SEC)....-0:04:26

$$
JH SEP 14
