000
CDAK47 PANT 210931
CLIANN

CLIMATE REPORT
NATIONAL WEATHER SERVICE ANNETTE, AK
1231 AM AKST SUN DEC 21 2014

...................................
...THE ANNETTE WSO AP CLIMATE SUMMARY FOR DECEMBER 20 2014...

CLIMATE NORMAL PERIOD  1981 TO  2010
CLIMATE RECORD PERIOD  1948 TO  2014

WEATHER ITEM   OBSERVED TIME    RECORD YEAR NORMAL DEPARTURE LAST
               VALUE    (LST)   VALUE       VALUE  FROM      YEAR
                                                   NORMAL
...................................................................
TEMPERATURE
YESTERDAY
 MAXIMUM            45  0518 PM    56  2005     41       4     38
 MINIMUM            42  1156 PM    13  2008     33       9     29
 AVERAGE            44                          37       7     34

PRECIPITATION
(INCHES)
 YESTERDAY        2.16           3.43  1991   0.33    1.83   0.68
 MONTH TO DATE    9.92                        7.08    2.84  10.23
 SINCE DEC 1      9.92                        7.08    2.84  10.23
 SINCE JAN 1    105.90                       97.99    7.91  91.44

SNOWFALL
(INCHES)
 YESTERDAY         0.0            8.3  1961    0.2    -0.2    0.0
 MONTH TO DATE     0.4                         4.8    -4.4    3.4
 SINCE DEC 1       0.4                         4.8    -4.4    3.4
 SINCE JUL 1       4.6                         8.4    -3.8    9.1
 SNOW DEPTH (IN)     0                                          0

DEGREE DAYS
 HEATING
  YESTERDAY         21                          28      -7     31
  MONTH TO DATE    429                         553    -124    621
  SINCE DEC 1      429                         553    -124    621
  SINCE JUL 1     2434                        2603    -169   2435

 COOLING
  YESTERDAY          0                           0       0      0
  MONTH TO DATE      0                           0       0      0
  SINCE DEC 1        0                           0       0      0
  SINCE JAN 1       MM                           0      MM     22
...................................................................

WIND (MPH)
 HIGHEST WIND SPEED    22     HIGHEST WIND DIRECTION    110
 HIGHEST GUST SPEED    37     HIGHEST GUST DIRECTION    130
 AVERAGE WIND SPEED   9.8

WEATHER CONDITIONS
 THE FOLLOWING WEATHER WAS RECORDED YESTERDAY.
  FOG
RAIN
...................................................................

THE ANNETTE CLIMATE NORMALS FOR TODAY
                           NORMAL    RECORD   YEAR
 MAXIMUM TEMPERATURE (F)     41        52     2005
 MINIMUM TEMPERATURE (F)     33        11     1970

SUNRISE AND SUNSET
 DEC 21 2014..........SUNRISE  8:10 AM      SUNSET  3:20 PM
 DEC 22 2014..........SUNRISE  8:11 AM      SUNSET  3:20 PM

-  INDICATES NEGATIVE NUMBERS.
R  INDICATES RECORD HAS BEEN SET OR TIED.
MM INDICATES DATA IS MISSING.
T  INDICATES TRACE OF PRECIPITATION.

&&
-------------------------------------------------------------------

AMOUNT OF DAYLIGHT TODAY  (HOUR:MIN)........7 HOURS 10 MINUTES
LOSS SINCE YESTERDAY (HOUR:MIN:SEC)....-0:00:04

$$
