000
CDAK47 PANT 300930
CLIANN

CLIMATE REPORT
NATIONAL WEATHER SERVICE ANNETTE, AK
130 AM AKDT MON MAR 30 2015

...................................
...THE ANNETTE WSO AP CLIMATE SUMMARY FOR MARCH 29 2015...

CLIMATE NORMAL PERIOD  1981 TO  2010
CLIMATE RECORD PERIOD  1948 TO  2015

WEATHER ITEM   OBSERVED TIME    RECORD YEAR NORMAL DEPARTURE LAST
               VALUE    (LST)   VALUE       VALUE  FROM      YEAR
                                                   NORMAL
...................................................................
TEMPERATURE
YESTERDAY
 MAXIMUM            50  0247 PM    62  1969     47       3     55
 MINIMUM            42  0746 PM    26  1965     36       6     38
 AVERAGE            46                          41       5     47

PRECIPITATION
(INCHES)
 YESTERDAY        0.36           1.67  1976   0.26    0.10   0.04
 MONTH TO DATE    9.09                        7.52    1.57   8.14
 SINCE MAR 1      9.09                        7.52    1.57   8.14
 SINCE JAN 1     30.15                       25.56    4.59  20.24

SNOWFALL
(INCHES)
 YESTERDAY         0.0            7.1  1976    0.1    -0.1    0.0
 MONTH TO DATE     0.0                         6.6    -6.6    0.3
 SINCE MAR 1       0.0                         6.6    -6.6    0.3
 SINCE JUL 1      10.2                        33.1   -22.9   25.4
 SNOW DEPTH (IN)     0                                          0

DEGREE DAYS
 HEATING
  YESTERDAY         19                          24      -5     18
  MONTH TO DATE    608                         738    -130    834
  SINCE MAR 1      608                         738    -130    834
  SINCE JUL 1     4692                        5276    -584   5323

 COOLING
  YESTERDAY          0                           0       0      0
  MONTH TO DATE      0                           0       0      0
  SINCE MAR 1        0                           0       0      0
  SINCE JAN 1        0                           0       0      0
...................................................................

WIND (MPH)
 HIGHEST WIND SPEED    18     HIGHEST WIND DIRECTION    150
 HIGHEST GUST SPEED    27     HIGHEST GUST DIRECTION    210
 AVERAGE WIND SPEED   9.4

SKY COVER
  POSSIBLE SUNSHINE    MM          AVERAGE SKY COVER     MM

WEATHER CONDITIONS
 THE FOLLOWING WEATHER WAS RECORDED YESTERDAY.
  FOG
RAIN


RELATIVE HUMIDITY
 HIGHEST RH     MM PERCENT       MM
 LOWEST  RH     MM PERCENT       MM
 AVERAGE RH     MM PERCENT       MM
...................................................................

THE ANNETTE CLIMATE NORMALS FOR TODAY
                           NORMAL    RECORD   YEAR
 MAXIMUM TEMPERATURE (F)     47        57     1995
 MINIMUM TEMPERATURE (F)     36        23     1965

SUNRISE AND SUNSET
 MAR 30 2015..........SUNRISE  6:24 AM      SUNSET  7:20 PM
 MAR 31 2015..........SUNRISE  6:21 AM      SUNSET  7:22 PM

-  INDICATES NEGATIVE NUMBERS.
R  INDICATES RECORD HAS BEEN SET OR TIED.
MM INDICATES DATA IS MISSING.
T  INDICATES TRACE OF PRECIPITATION.

&&
-------------------------------------------------------------------

AMOUNT OF DAYLIGHT TODAY  (HOUR:MIN)........12 HOURS 56 MINUTES
GAIN/LOSS SINCE YESTERDAY (HOUR:MIN:SEC)....+0:04:29

$$
JH MAR 15
