000
CDAK47 PANT 040916
CLIANN

CLIMATE REPORT
NATIONAL WEATHER SERVICE ANNETTE, AK
116 AM AKDT FRI SEP 4 2015

...................................
...THE ANNETTE WSO AP CLIMATE SUMMARY FOR SEPTEMBER 3 2015...

CLIMATE NORMAL PERIOD  1981 TO  2010
CLIMATE RECORD PERIOD  1948 TO  2015

WEATHER ITEM   OBSERVED TIME    RECORD YEAR NORMAL DEPARTURE LAST
               VALUE    (LST)   VALUE       VALUE  FROM      YEAR
                                                   NORMAL
...................................................................
TEMPERATURE
YESTERDAY
 MAXIMUM            68  0252 PM    78  1988     62       6     69
 MINIMUM            44  0255 AM    43  1956     51      -7     47
 AVERAGE            56                          56       0     58

PRECIPITATION
(INCHES)
 YESTERDAY        0.00           3.10  1955   0.30   -0.30   0.00
 MONTH TO DATE    1.05                        0.86    0.19   0.04
 SINCE SEP 1      1.05                        0.86    0.19   0.04
 SINCE JAN 1     65.77                       55.77   10.00  62.12

SNOWFALL
(INCHES)
 YESTERDAY         0.0            0.0  2015    0.0     0.0    0.0
 MONTH TO DATE     0.0                         0.0     0.0    0.0
 SINCE SEP 1       0.0                         0.0     0.0    0.0
 SINCE JUL 1       0.0                         0.0     0.0    0.0
 SNOW DEPTH (IN)     0                                          0

DEGREE DAYS
 HEATING
  YESTERDAY          9                           9       0      7
  MONTH TO DATE     35                          26       9     22
  SINCE SEP 1       35                          26       9     22
  SINCE JUL 1      327                         427    -100     MM

 COOLING
  YESTERDAY          0                           0       0      0
  MONTH TO DATE      0                           0       0      0
  SINCE SEP 1        0                           0       0      0
  SINCE JAN 1       37                           0      37     MM
...................................................................

WIND (MPH)
 HIGHEST WIND SPEED     9     HIGHEST WIND DIRECTION    310
 HIGHEST GUST SPEED    12     HIGHEST GUST DIRECTION    300
 AVERAGE WIND SPEED   1.5

SKY COVER
  POSSIBLE SUNSHINE    MM          AVERAGE SKY COVER     MM

WEATHER CONDITIONS
 THE FOLLOWING WEATHER WAS RECORDED YESTERDAY.
  FOG


RELATIVE HUMIDITY
 HIGHEST RH     MM PERCENT       MM
 LOWEST  RH     MM PERCENT       MM
 AVERAGE RH     MM PERCENT       MM
...................................................................

THE ANNETTE CLIMATE NORMALS FOR TODAY
                           NORMAL    RECORD   YEAR
 MAXIMUM TEMPERATURE (F)     62        77     1949
 MINIMUM TEMPERATURE (F)     50        41     1992

SUNRISE AND SUNSET
 SEP 4 2015..........SUNRISE  5:58 AM      SUNSET  7:32 PM
 SEP 5 2015..........SUNRISE  6:00 AM      SUNSET  7:29 PM

-  INDICATES NEGATIVE NUMBERS.
R  INDICATES RECORD HAS BEEN SET OR TIED.
MM INDICATES DATA IS MISSING.
T  INDICATES TRACE OF PRECIPITATION.

&&
-------------------------------------------------------------------

AMOUNT OF DAYLIGHT TODAY  (HOUR:MIN)........13 HOURS 34 MINUTES
GAIN/LOSS SINCE YESTERDAY (HOUR:MIN:SEC)....-0:04:23

$$
MM SEP 15
