000
CDAK47 PANT 290030
CLIANN

CLIMATE REPORT
NATIONAL WEATHER SERVICE ANNETTE, AK
430 PM AKDT TUE JUL 28 2015

...................................
...THE ANNETTE WSO AP CLIMATE SUMMARY FOR JULY 28 2015...
VALID TODAY AS OF 2:00 PM LOCAL TIME

CLIMATE NORMAL PERIOD  1981 TO  2010
CLIMATE RECORD PERIOD  1948 TO  2015

WEATHER ITEM   OBSERVED TIME    RECORD YEAR NORMAL DEPARTURE LAST
               VALUE    (LST)   VALUE       VALUE  FROM      YEAR
                                                   NORMAL
...................................................................
TEMPERATURE
TODAY
 MAXIMUM            60  1222 PM    84  1971     66      -6     60
 MINIMUM            55  0448 AM    46  1974     54       1     55
 AVERAGE            58                          60      -2     58

PRECIPITATION
(INCHES)
 TODAY            0.01           1.72  2014   0.15   -0.14   1.72
 MONTH TO DATE    5.77                        4.17    1.60   6.95
 SINCE JUN 1      9.76                        9.05    0.71  14.70
 SINCE JAN 1     53.24                       47.47    5.77  55.50

SNOWFALL
(INCHES)
 TODAY             0.0            0.0  2015    0.0     0.0    0.0
 MONTH TO DATE     0.0                         0.0     0.0    0.0
 SINCE JUN 1       0.0                         0.0     0.0    0.0
 SINCE JUL 1       0.0                         0.0     0.0    0.0
 SNOW DEPTH (IN)     0                                          0

DEGREE DAYS
 HEATING
  TODAY              7                           6       1      7
  MONTH TO DATE     98                         190     -92    179
  SINCE JUN 1      286                         488    -202    506
  SINCE JUL 1       98                         190     -92    179

 COOLING
  TODAY              0                           0       0      0
  MONTH TO DATE     35                           0      35      8
  SINCE JUN 1       37                           0      37      8
  SINCE JAN 1       37                           0      37      8
...................................................................

WIND (MPH)
 HIGHEST WIND SPEED    12     HIGHEST WIND DIRECTION    170
 HIGHEST GUST SPEED    17     HIGHEST GUST DIRECTION    140
 AVERAGE WIND SPEED    MM

SKY COVER
  POSSIBLE SUNSHINE  MM            AVERAGE SKY COVER MM

WEATHER CONDITIONS
 THE FOLLOWING WEATHER WAS RECORDED TODAY.
FOG
RAIN


RELATIVE HUMIDITY
 HIGHEST RH     MM PERCENT       MM
 LOWEST  RH     MM PERCENT       MM
 AVERAGE RH     MM PERCENT       MM
...................................................................

THE ANNETTE CLIMATE NORMALS FOR TOMORROW
                        NORMAL    RECORD   YEAR
 MAXIMUM TEMPERATURE      66        88     2009
 MINIMUM TEMPERATURE      54        44     1999

SUNRISE AND SUNSET
 JUL 28 2015..........SUNRISE  4:48 AM      SUNSET  8:57 PM
 JUL 29 2015..........SUNRISE  4:50 AM      SUNSET  8:55 PM

-  INDICATES NEGATIVE NUMBERS.
R  INDICATES RECORD HAS BEEN SET OR TIED.
MM INDICATES DATA IS MISSING.
T  INDICATES TRACE OF PRECIPITATION.

&&
-------------------------------------------------------------------

AMOUNT OF DAYLIGHT TODAY  (HOUR:MIN)........16 HOURS 9 MINUTES
GAIN/LOSS SINCE YESTERDAY (HOUR:MIN:SEC)....-0:03:28

$$
JH JUL 15
