000
CDAK47 PANT 270933
CLIANN

CLIMATE REPORT
NATIONAL WEATHER SERVICE ANNETTE, AK
133 AM AKDT WED JUL 27 2016

...................................
...THE ANNETTE WSO AP CLIMATE SUMMARY FOR JULY 26 2016...

CLIMATE NORMAL PERIOD  1981 TO  2010
CLIMATE RECORD PERIOD  1948 TO  2016

WEATHER ITEM   OBSERVED TIME    RECORD YEAR NORMAL DEPARTURE LAST
               VALUE    (LST)   VALUE       VALUE  FROM      YEAR
                                                   NORMAL
...................................................................
TEMPERATURE
YESTERDAY
 MAXIMUM            64  0458 PM    84  1971     65      -1     67
 MINIMUM            53  0115 AM    46  1974     54      -1     55
 AVERAGE            59                          60      -1     61

PRECIPITATION
(INCHES)
 YESTERDAY           T           1.70  1965   0.16   -0.16   0.16
 MONTH TO DATE    3.52                        3.87   -0.35   5.02
 SINCE JUN 1      7.77                        8.75   -0.98   9.01
 SINCE JAN 1     57.51                       47.17   10.34  52.49

SNOWFALL
(INCHES)
 YESTERDAY         0.0            0.0  2016    0.0     0.0    0.0
 MONTH TO DATE     0.0                         0.0     0.0    0.0
 SINCE JUN 1       0.0                         0.0     0.0    0.0
 SINCE JUL 1       0.0                         0.0     0.0    0.0
 SNOW DEPTH (IN)     0                                          0

DEGREE DAYS
 HEATING
  YESTERDAY          6                           6       0      4
  MONTH TO DATE    111                         178     -67     84
  SINCE JUN 1      380                         476     -96    272
  SINCE JUL 1      111                         178     -67     84

 COOLING
  YESTERDAY          0                           0       0      0
  MONTH TO DATE     20                           0      20     35
  SINCE JUN 1       20                           0      20     37
  SINCE JAN 1       22                           0      22     37
...................................................................

WIND (MPH)
 HIGHEST WIND SPEED    12     HIGHEST WIND DIRECTION    130
 HIGHEST GUST SPEED    16     HIGHEST GUST DIRECTION    130
 AVERAGE WIND SPEED   5.4

SKY COVER
  POSSIBLE SUNSHINE    MM          AVERAGE SKY COVER     MM

WEATHER CONDITIONS
 THE FOLLOWING WEATHER WAS RECORDED YESTERDAY.
  RAIN


RELATIVE HUMIDITY
 HIGHEST RH     MM PERCENT       MM
 LOWEST  RH     MM PERCENT       MM
 AVERAGE RH     MM PERCENT       MM
...................................................................

THE ANNETTE CLIMATE NORMALS FOR TODAY
                           NORMAL    RECORD   YEAR
 MAXIMUM TEMPERATURE (F)     65        86     1971
 MINIMUM TEMPERATURE (F)     54        46     1949

SUNRISE AND SUNSET
 JUL 27 2016..........SUNRISE  4:48 AM      SUNSET  8:57 PM
 JUL 28 2016..........SUNRISE  4:50 AM      SUNSET  8:56 PM

-  INDICATES NEGATIVE NUMBERS.
R  INDICATES RECORD HAS BEEN SET OR TIED.
MM INDICATES DATA IS MISSING.
T  INDICATES TRACE OF PRECIPITATION.

&&
-------------------------------------------------------------------

AMOUNT OF DAYLIGHT TODAY  (HOUR:MIN)........16 HOURS 9 MINUTES
GAIN/LOSS SINCE YESTERDAY (HOUR:MIN:SEC)....-0:03:28

$$
JH JUL 16
