000
CDAK47 PAJK 191254
CLIANN
CLIMATE REPORT
NATIONAL WEATHER SERVICE JUNEAU, AK
354 AM AKST FRI JAN 19 2018


...................................

...THE ANNETTE ISLAND CLIMATE SUMMARY FOR JANUARY 18 2018...

CLIMATE NORMAL PERIOD 1981 TO 2010
CLIMATE RECORD PERIOD 1941 TO 2018


WEATHER ITEM   OBSERVED RECORD YEAR NORMAL DEPARTURE LAST
                VALUE   VALUE       VALUE  FROM      YEAR
                                           NORMAL
...........................................................
TEMPERATURE (F)
 YESTERDAY
  MAXIMUM         MM     57    2009  42     MM       49
  MINIMUM         MM      4    2012  32     MM       43
  AVERAGE         MM                 37     MM       46

PRECIPITATION (IN)
  YESTERDAY       MM      2.80 1958   0.36  MM        0.42
  MONTH TO DATE    0.91               6.34  -5.43     4.64
  SINCE JAN 1      0.91               6.34  -5.43     4.64

SNOWFALL (IN)
  YESTERDAY       MM      5.7  1964   0.3   MM        0.0
  MONTH TO DATE    T                  4.6   -4.6      1.0
  SINCE JUL 1      T                 16.3  -16.3      6.8
  SNOW DEPTH      MM

DEGREE DAYS
 HEATING
  YESTERDAY       MM                 28     MM       19
  MONTH TO DATE  183                504   -321      495
...........................................................


WIND (MPH)
  HIGHEST WIND SPEED    MM   HIGHEST WIND DIRECTION    MM
  HIGHEST GUST SPEED    MM   HIGHEST GUST DIRECTION    MM
  AVERAGE WIND SPEED    MM


SKY COVER
  AVERAGE SKY COVER  MM


WEATHER CONDITIONS
 THE FOLLOWING WEATHER WAS RECORDED YESTERDAY.
  NO SIGNIFICANT WEATHER WAS OBSERVED.


..........................................................


THE ANNETTE ISLAND CLIMATE NORMALS FOR TODAY
                         NORMAL    RECORD    YEAR
 MAXIMUM TEMPERATURE (F)   42        61      1961
 MINIMUM TEMPERATURE (F)   32         2      2012


SUNRISE AND SUNSET
JANUARY 19 2018.......SUNRISE   757 AM AKST  SUNSET   358 PM AKST
JANUARY 20 2018.......SUNRISE   756 AM AKST  SUNSET   400 PM AKST


-  INDICATES NEGATIVE NUMBERS.
R  INDICATES RECORD WAS SET OR TIED.
MM INDICATES DATA IS MISSING.
T  INDICATES TRACE AMOUNT.




$$
--------------------------------------------------------------

AMOUNT OF DAYLIGHT TODAY (HOUR:MIN)......... 8 HOURS 00 MINUTES
GAIN/LOSS SINCE YESTERDAY (HOUR:MIN:SEC).... +0:03:09

$$
