000
CDUS45 KBOU 291226
CLIAPA


CLIMATE REPORT
NATIONAL WEATHER SERVICE DENVER/BOULDER CO
626 AM MDT THU SEP 29 2016


...................................

...THE CENTENNIAL CO CLIMATE SUMMARY FOR SEPTEMBER 28 2016...

CLIMATE NORMAL PERIOD 1981 TO 2010
CLIMATE RECORD PERIOD 9999 TO 9999


WEATHER ITEM   OBSERVED RECORD YEAR NORMAL DEPARTURE LAST
                VALUE   VALUE       VALUE  FROM      YEAR
                                           NORMAL
...........................................................
TEMPERATURE (F)
 YESTERDAY
  MAXIMUM         81     MM      MM  71     10       81
  MINIMUM         45     MM      MM  43      2       54
  AVERAGE         63                 57      6       68

PRECIPITATION (IN)
  YESTERDAY        0.00  MM      MM   0.04  -0.04     0.01
  MONTH TO DATE    0.23               1.11  -0.88     0.28
  SINCE SEP 1      0.23               1.11  -0.88     0.28
  SINCE JAN 1     10.88              14.44  -3.56    18.93

DEGREE DAYS
 HEATING
  YESTERDAY        2
  MONTH TO DATE   64

 COOLING
  YESTERDAY        0
  MONTH TO DATE   74
...........................................................


WIND (MPH)
  RESULTANT WIND SPEED   2   RESULTANT WIND DIRECTION  SE (150)
  HIGHEST WIND SPEED    16   HIGHEST WIND DIRECTION     E (90)
  HIGHEST GUST SPEED    22   HIGHEST GUST DIRECTION     E (70)


SKY COVER
  POSSIBLE SUNSHINE  MM
  AVERAGE SKY COVER 0.1


WEATHER CONDITIONS
 THE FOLLOWING WEATHER WAS RECORDED YESTERDAY.
  NO SIGNIFICANT WEATHER WAS OBSERVED.


RELATIVE HUMIDITY (PERCENT)
 HIGHEST    53
 LOWEST     14
 AVERAGE    34

..........................................................


THE CENTENNIAL CO CLIMATE NORMALS FOR TODAY
                         NORMAL    RECORD    YEAR
 MAXIMUM TEMPERATURE (F)   71        MM        MM
 MINIMUM TEMPERATURE (F)   42        MM        MM


SUNRISE AND SUNSET
SEPTEMBER 29 2016.....SUNRISE   654 AM MDT   SUNSET   644 PM MDT
SEPTEMBER 30 2016.....SUNRISE   655 AM MDT   SUNSET   643 PM MDT


-  INDICATES NEGATIVE NUMBERS.
R  INDICATES RECORD WAS SET OR TIED.
MM INDICATES DATA IS MISSING.
T  INDICATES TRACE AMOUNT.




$$
