000
CDUS45 KBOU 230725
CLIAPA


CLIMATE REPORT
NATIONAL WEATHER SERVICE DENVER/BOULDER CO
125 AM MDT TUE AUG 23 2016


...................................

...THE CENTENNIAL CO CLIMATE SUMMARY FOR AUGUST 22 2016...

CLIMATE NORMAL PERIOD 1981 TO 2010
CLIMATE RECORD PERIOD 9999 TO 9999


WEATHER ITEM   OBSERVED RECORD YEAR NORMAL DEPARTURE LAST
                VALUE   VALUE       VALUE  FROM      YEAR
                                           NORMAL
...........................................................
TEMPERATURE (F)
 YESTERDAY
  MAXIMUM         88     MM      MM  82      6       89
  MINIMUM         56     MM      MM  56      0       54
  AVERAGE         72                 69      3       72

PRECIPITATION (IN)
  YESTERDAY        0.01  MM      MM   0.08  -0.07     0.00
  MONTH TO DATE    0.18               2.00  -1.82     2.82
  SINCE JUN 1      3.45               6.16  -2.71     9.06
  SINCE JAN 1      9.09              12.74  -3.65    18.59

DEGREE DAYS
 HEATING
  YESTERDAY        0
  MONTH TO DATE    5

 COOLING
  YESTERDAY        7
  MONTH TO DATE  157
...........................................................


WIND (MPH)
  RESULTANT WIND SPEED   1   RESULTANT WIND DIRECTION   S (200)
  HIGHEST WIND SPEED    23   HIGHEST WIND DIRECTION    NE (60)
  HIGHEST GUST SPEED    32   HIGHEST GUST DIRECTION    NE (60)


SKY COVER
  POSSIBLE SUNSHINE  MM
  AVERAGE SKY COVER 0.6


WEATHER CONDITIONS
 THE FOLLOWING WEATHER WAS RECORDED YESTERDAY.
  THUNDERSTORM
  LIGHT RAIN


RELATIVE HUMIDITY (PERCENT)
 HIGHEST    48
 LOWEST     11
 AVERAGE    30

..........................................................


THE CENTENNIAL CO CLIMATE NORMALS FOR TODAY
                         NORMAL    RECORD    YEAR
 MAXIMUM TEMPERATURE (F)   82        MM        MM
 MINIMUM TEMPERATURE (F)   55        MM        MM


SUNRISE AND SUNSET
AUGUST 23 2016........SUNRISE   620 AM MDT   SUNSET   743 PM MDT
AUGUST 24 2016........SUNRISE   621 AM MDT   SUNSET   742 PM MDT


-  INDICATES NEGATIVE NUMBERS.
R  INDICATES RECORD WAS SET OR TIED.
MM INDICATES DATA IS MISSING.
T  INDICATES TRACE AMOUNT.




$$
