000
CDUS42 KMFL 212117
CLIAPF


CLIMATE REPORT
NATIONAL WEATHER SERVICE MIAMI, FL
417 PM EST SAT JAN 21 2017


...................................

...THE NAPLES CLIMATE SUMMARY FOR JANUARY 21 2017...
VALID TODAY AS OF 0400 PM LOCAL TIME.

CLIMATE NORMAL PERIOD 1981 TO 2010
CLIMATE RECORD PERIOD 1942 TO 2017


WEATHER ITEM   OBSERVED TIME   RECORD YEAR NORMAL DEPARTURE LAST
                VALUE   (LST)  VALUE       VALUE  FROM      YEAR
                                                  NORMAL
..................................................................
TEMPERATURE (F)
 TODAY
  MAXIMUM         82    108 PM  88    1990  75      7       75
  MINIMUM         62    724 AM  28    1971  54      8       53
  AVERAGE         72                        64      8       64

PRECIPITATION (IN)
  TODAY            0.00          1.19 1956   0.07  -0.07     0.00
  MONTH TO DATE    0.38                      1.13  -0.75     2.43
  SINCE NOV 1      0.73                      4.62  -3.89     7.05
  SINCE JAN 1      0.38                      1.13  -0.75     2.43

SNOWFALL (IN)
  TODAY            0.0
  MONTH TO DATE    0.0
  SINCE DEC 1      0.0
  SINCE JUL 1      0.0
  SNOW DEPTH      MM

DEGREE DAYS
 HEATING
  TODAY            0                         3     -3        1
  MONTH TO DATE   20                        76    -56       33
  SINCE DEC 1     25                       140   -115       33
  SINCE JUL 1     29                       154   -125       33

 COOLING
  TODAY            7                         3      4        0
  MONTH TO DATE  120                        63     57       66
  SINCE DEC 1    387                       183    204      422
  SINCE JAN 1    120                        63     57       66
..................................................................


WIND (MPH)
  HIGHEST WIND SPEED    20   HIGHEST WIND DIRECTION     S (190)
  HIGHEST GUST SPEED    25   HIGHEST GUST DIRECTION     S (200)
  AVERAGE WIND SPEED    MM


SKY COVER
  AVERAGE SKY COVER  MM


WEATHER CONDITIONS
 THE FOLLOWING WEATHER WAS RECORDED TODAY.
  FOG W/VISIBILITY <= 1/4 MILE


RELATIVE HUMIDITY (PERCENT)
 HIGHEST    MM
 LOWEST     MM
 AVERAGE    MM

..........................................................


THE NAPLES CLIMATE NORMALS FOR TOMORROW
                         NORMAL    RECORD    YEAR
 MAXIMUM TEMPERATURE (F)   75        87      1962
 MINIMUM TEMPERATURE (F)   54        28      1985


SUNRISE AND SUNSET
JANUARY 21 2017.......SUNRISE   715 AM EST   SUNSET   602 PM EST
JANUARY 22 2017.......SUNRISE   715 AM EST   SUNSET   603 PM EST


-  INDICATES NEGATIVE NUMBERS.
R  INDICATES RECORD WAS SET OR TIED.
MM INDICATES DATA IS MISSING.
T  INDICATES TRACE AMOUNT.




$$
