000
CDUS42 KMFL 232016
CLIAPF


CLIMATE REPORT
NATIONAL WEATHER SERVICE MIAMI, FL
415 PM EDT SAT JUL 23 2016


...................................

...THE NAPLES CLIMATE SUMMARY FOR JULY 23 2016...
VALID TODAY AS OF 0400 PM LOCAL TIME.

CLIMATE NORMAL PERIOD 1981 TO 2010
CLIMATE RECORD PERIOD 1942 TO 2016


WEATHER ITEM   OBSERVED TIME   RECORD YEAR NORMAL DEPARTURE LAST
                VALUE   (LST)  VALUE       VALUE  FROM      YEAR
                                                  NORMAL
..................................................................
TEMPERATURE (F)
 TODAY
  MAXIMUM         90   1130 AM  95    1944  91     -1       91
  MINIMUM         73    612 AM  69    1987  75     -2       78
                                      1976
  AVERAGE         82                        83     -1       85

PRECIPITATION (IN)
  TODAY            0.00          7.66 1985   0.21  -0.21     0.60
  MONTH TO DATE    4.43                      5.62  -1.19     6.54
  SINCE JUN 1      9.34                     14.44  -5.10    12.86
  SINCE JAN 1     21.44                     26.29  -4.85    20.88

SNOWFALL (IN)
  TODAY            0.0
  MONTH TO DATE    0.0
  SINCE JUN 1      0.0
  SINCE JUL 1      0.0
  SNOW DEPTH       0

DEGREE DAYS
 HEATING
  TODAY            0                         0      0        0
  MONTH TO DATE    0                         0      0        0
  SINCE JUN 1      0                         0      0        0
  SINCE JUL 1      0                         0      0        0

 COOLING
  TODAY           17                        18     -1       20
  MONTH TO DATE  451                       414     37      419
  SINCE JUN 1    990                       921     69      929
  SINCE JAN 1   2174                      1949    225     2284
..................................................................


WIND (MPH)
  HIGHEST WIND SPEED    10   HIGHEST WIND DIRECTION     W (250)
  HIGHEST GUST SPEED    13   HIGHEST GUST DIRECTION     W (250)
  AVERAGE WIND SPEED     4.5


SKY COVER
  AVERAGE SKY COVER 0.1


WEATHER CONDITIONS
 THE FOLLOWING WEATHER WAS RECORDED TODAY.
  THUNDERSTORM


RELATIVE HUMIDITY (PERCENT)
 HIGHEST    93
 LOWEST     59
 AVERAGE    76

..........................................................


THE NAPLES CLIMATE NORMALS FOR TOMORROW
                         NORMAL    RECORD    YEAR
 MAXIMUM TEMPERATURE (F)   91        97      1998
 MINIMUM TEMPERATURE (F)   75        68      1981


SUNRISE AND SUNSET
JULY 23 2016..........SUNRISE   649 AM EDT   SUNSET   818 PM EDT
JULY 24 2016..........SUNRISE   649 AM EDT   SUNSET   818 PM EDT


-  INDICATES NEGATIVE NUMBERS.
R  INDICATES RECORD WAS SET OR TIED.
MM INDICATES DATA IS MISSING.
T  INDICATES TRACE AMOUNT.




$$
