000
CDUS42 KMFL 090939
CLIAPF


CLIMATE REPORT
NATIONAL WEATHER SERVICE MIAMI, FL
439 AM EST TUE FEB 9 2016


...................................

...THE NAPLES CLIMATE SUMMARY FOR FEBRUARY 8 2016...

CLIMATE NORMAL PERIOD 1981 TO 2010
CLIMATE RECORD PERIOD 1942 TO 2016


WEATHER ITEM   OBSERVED TIME   RECORD YEAR NORMAL DEPARTURE LAST
                VALUE   (LST)  VALUE       VALUE  FROM      YEAR
                                                  NORMAL
..................................................................
TEMPERATURE (F)
 YESTERDAY
  MAXIMUM         66   1159 PM  86    1959  76    -10       77
  MINIMUM         45    729 AM  36    1984  56    -11       54
  AVERAGE         56                        66    -10       66

PRECIPITATION (IN)
  YESTERDAY        0.00          1.04 1971   0.08  -0.08     0.00
  MONTH TO DATE    0.20                      0.58  -0.38     1.11
  SINCE NOV 1     12.36                      5.92   6.44     2.51
  SINCE JAN 1      7.74                      2.43   5.31     1.21

SNOWFALL (IN)
  YESTERDAY        0.0
  MONTH TO DATE    0.0
  SINCE DEC 1      0.0
  SINCE JUL 1      0.0
  SNOW DEPTH       0

DEGREE DAYS
 HEATING
  YESTERDAY        9                         2      7        0
  MONTH TO DATE   23                        16      7        1
  SINCE DEC 1     90                       182    -92       89
  SINCE JUL 1     90                       196   -106      118

 COOLING
  YESTERDAY        0                         3     -3        1
  MONTH TO DATE   41                        23     18       11
  SINCE DEC 1    477                       229    248      278
  SINCE JAN 1    121                       109     12      128
..................................................................


WIND (MPH)
  HIGHEST WIND SPEED    17   HIGHEST WIND DIRECTION     S (190)
  HIGHEST GUST SPEED    22   HIGHEST GUST DIRECTION    SW (210)
  AVERAGE WIND SPEED     6.9


SKY COVER
  AVERAGE SKY COVER 0.2


WEATHER CONDITIONS
 THE FOLLOWING WEATHER WAS RECORDED YESTERDAY.
  NO SIGNIFICANT WEATHER WAS OBSERVED.


RELATIVE HUMIDITY (PERCENT)
 HIGHEST    92
 LOWEST     53
 AVERAGE    73

..........................................................


THE NAPLES CLIMATE NORMALS FOR TODAY
                         NORMAL    RECORD    YEAR
 MAXIMUM TEMPERATURE (F)   76        85      1965
                                             1959
 MINIMUM TEMPERATURE (F)   56        32      1995


SUNRISE AND SUNSET
FEBRUARY  9 2016......SUNRISE   707 AM EST   SUNSET   616 PM EST
FEBRUARY 10 2016......SUNRISE   706 AM EST   SUNSET   616 PM EST


-  INDICATES NEGATIVE NUMBERS.
R  INDICATES RECORD WAS SET OR TIED.
MM INDICATES DATA IS MISSING.
T  INDICATES TRACE AMOUNT.




$$
