000
CDUS42 KMFL 040925
CLIAPF


CLIMATE REPORT
NATIONAL WEATHER SERVICE MIAMI, FL
424 AM EST WED MAR 4 2015


...................................

...THE NAPLES CLIMATE SUMMARY FOR MARCH 3 2015...

CLIMATE NORMAL PERIOD 1981 TO 2010
CLIMATE RECORD PERIOD 1942 TO 2015


WEATHER ITEM   OBSERVED TIME   RECORD YEAR NORMAL DEPARTURE LAST
                VALUE   (LST)  VALUE       VALUE  FROM      YEAR
                                                  NORMAL
..................................................................
TEMPERATURE (F)
 YESTERDAY
  MAXIMUM         87    259 PM  88    1997  79      8       81
  MINIMUM         64    701 AM  34    1980  59      5       61
  AVERAGE         76                        69      7       71

PRECIPITATION (IN)
  YESTERDAY        0.00          1.35 1987   0.07  -0.07     0.00
  MONTH TO DATE    0.17                      0.18  -0.01     0.00
  SINCE NOV 1      3.11                      7.62  -4.51     4.26
  SINCE JAN 1      1.81                      4.13  -2.32     3.16

SNOWFALL (IN)
  YESTERDAY        0.0
  MONTH TO DATE    0.0
  SINCE MAR 1      0.0
  SINCE JUL 1      0.0
  SNOW DEPTH       0

DEGREE DAYS
 HEATING
  YESTERDAY        0                         1     -1        0
  MONTH TO DATE    0                         3     -3        1
  SINCE MAR 1      0                         3     -3        1
  SINCE JUL 1    197                       236    -39      143

 COOLING
  YESTERDAY       11                         5      6        6
  MONTH TO DATE   34                        15     19       11
  SINCE MAR 1     34                        15     19       11
  SINCE JAN 1    210                       206      4      284
..................................................................


WIND (MPH)
  HIGHEST WIND SPEED    17   HIGHEST WIND DIRECTION     E (100)
  HIGHEST GUST SPEED    22   HIGHEST GUST DIRECTION     E (90)
  AVERAGE WIND SPEED     7.9


SKY COVER
  AVERAGE SKY COVER 0.2


WEATHER CONDITIONS
 THE FOLLOWING WEATHER WAS RECORDED YESTERDAY.
  FOG
  HAZE


RELATIVE HUMIDITY (PERCENT)
 HIGHEST   100
 LOWEST     43
 AVERAGE    72

..........................................................


THE NAPLES CLIMATE NORMALS FOR TODAY
                         NORMAL    RECORD    YEAR
 MAXIMUM TEMPERATURE (F)   79        88      2003
 MINIMUM TEMPERATURE (F)   59        33      1980


SUNRISE AND SUNSET
MARCH  4 2015.........SUNRISE   648 AM EST   SUNSET   630 PM EST
MARCH  5 2015.........SUNRISE   647 AM EST   SUNSET   631 PM EST


-  INDICATES NEGATIVE NUMBERS.
R  INDICATES RECORD WAS SET OR TIED.
MM INDICATES DATA IS MISSING.
T  INDICATES TRACE AMOUNT.




$$
