000
CDUS42 KMFL 230830
CLIAPF


CLIMATE REPORT
NATIONAL WEATHER SERVICE MIAMI, FL
429 AM EDT SUN APR 23 2017


...................................

...THE NAPLES CLIMATE SUMMARY FOR APRIL 22 2017...

CLIMATE NORMAL PERIOD 1981 TO 2010
CLIMATE RECORD PERIOD 1942 TO 2017


WEATHER ITEM   OBSERVED TIME   RECORD YEAR NORMAL DEPARTURE LAST
                VALUE   (LST)  VALUE       VALUE  FROM      YEAR
                                                  NORMAL
..................................................................
TEMPERATURE (F)
 YESTERDAY
  MAXIMUM         85    125 PM  92    1970  84      1       86
  MINIMUM         71    421 AM  54    1988  64      7       70
                                      1962
  AVERAGE         78                        74      4       78

PRECIPITATION (IN)
  YESTERDAY        0.28          0.74 1959   0.08   0.20     0.00
  MONTH TO DATE    0.50                      1.84  -1.34     0.17
  SINCE NOV 1      2.91                     11.66  -8.75    13.94
  SINCE JAN 1      2.56                      8.17  -5.61     9.32

SNOWFALL (IN)
  YESTERDAY       MM
  MONTH TO DATE    0.0
  SINCE MAR 1      0.0
  SINCE JUL 1      0.0
  SNOW DEPTH       0

DEGREE DAYS
 HEATING
  YESTERDAY        0                         0      0        0
  MONTH TO DATE    0                         0      0        0
  SINCE MAR 1     11                        23    -12        4
  SINCE JUL 1     67                       256   -189      142

 COOLING
  YESTERDAY       13                         9      4       13
  MONTH TO DATE  238                       172     66      215
  SINCE MAR 1    435                       348     87      475
  SINCE JAN 1    758                       539    219      637
..................................................................


WIND (MPH)
  HIGHEST WIND SPEED    14   HIGHEST WIND DIRECTION    SW (240)
  HIGHEST GUST SPEED    22   HIGHEST GUST DIRECTION    SE (120)
  AVERAGE WIND SPEED     7.6


SKY COVER
  AVERAGE SKY COVER 0.5


WEATHER CONDITIONS
 THE FOLLOWING WEATHER WAS RECORDED YESTERDAY.
  RAIN
  LIGHT RAIN
  FOG
  HAZE


RELATIVE HUMIDITY (PERCENT)
 HIGHEST    82
 LOWEST     51
 AVERAGE    67

..........................................................


THE NAPLES CLIMATE NORMALS FOR TODAY
                         NORMAL    RECORD    YEAR
 MAXIMUM TEMPERATURE (F)   84        92      1973
 MINIMUM TEMPERATURE (F)   64        47      1993


SUNRISE AND SUNSET
APRIL 23 2017.........SUNRISE   656 AM EDT   SUNSET   755 PM EDT
APRIL 24 2017.........SUNRISE   655 AM EDT   SUNSET   755 PM EDT


-  INDICATES NEGATIVE NUMBERS.
R  INDICATES RECORD WAS SET OR TIED.
MM INDICATES DATA IS MISSING.
T  INDICATES TRACE AMOUNT.




$$
