000
CDUS42 KMFL 160841
CLIAPF


CLIMATE REPORT
NATIONAL WEATHER SERVICE MIAMI, FL
440 AM EDT TUE SEP 16 2014


...................................

...THE NAPLES CLIMATE SUMMARY FOR SEPTEMBER 15 2014...

CLIMATE NORMAL PERIOD 1981 TO 2010
CLIMATE RECORD PERIOD 1942 TO 2014


WEATHER ITEM   OBSERVED TIME   RECORD YEAR NORMAL DEPARTURE LAST
                VALUE   (LST)  VALUE       VALUE  FROM      YEAR
                                                  NORMAL
..................................................................
TEMPERATURE (F)
 YESTERDAY
  MAXIMUM         93    207 PM  98    1974  90      3       90
  MINIMUM         74    628 AM  68    1961  75     -1       74
  AVERAGE         84                        82      2       82

PRECIPITATION (IN)
  YESTERDAY        0.00          3.53 1980   0.30  -0.30     0.97
  MONTH TO DATE    3.53                      3.76  -0.23     6.71
  SINCE JUN 1     32.55                     28.43   4.12    32.38
  SINCE JAN 1     41.38                     40.28   1.10    42.72

SNOWFALL (IN)
  YESTERDAY        0.0
  MONTH TO DATE    0.0
  SINCE SEP 1      0.0
  SINCE JUL 1      0.0
  SNOW DEPTH       0

DEGREE DAYS
 HEATING
  YESTERDAY        0                         0      0
  MONTH TO DATE    0                         0      0
  SINCE SEP 1      0                         0      0
  SINCE JUL 1      0                         0      0

 COOLING
  YESTERDAY       19                        18      1
  MONTH TO DATE  266                       270     -4
  SINCE SEP 1    266                       270     -4
  SINCE JAN 1   3136                      2927    209
..................................................................


WIND (MPH)
  HIGHEST WIND SPEED    13   HIGHEST WIND DIRECTION     W (270)
  HIGHEST GUST SPEED    16   HIGHEST GUST DIRECTION     E (90)
  AVERAGE WIND SPEED     5.6


SKY COVER
  AVERAGE SKY COVER 0.0


WEATHER CONDITIONS
 THE FOLLOWING WEATHER WAS RECORDED YESTERDAY.
  NO SIGNIFICANT WEATHER WAS OBSERVED.


RELATIVE HUMIDITY (PERCENT)
 HIGHEST    94
 LOWEST     46
 AVERAGE    70

..........................................................


THE NAPLES CLIMATE NORMALS FOR TODAY
                         NORMAL    RECORD    YEAR
 MAXIMUM TEMPERATURE (F)   90        96      1942
 MINIMUM TEMPERATURE (F)   75        69      1978
                                             1976


SUNRISE AND SUNSET
SEPTEMBER 16 2014.....SUNRISE   713 AM EDT   SUNSET   730 PM EDT
SEPTEMBER 17 2014.....SUNRISE   714 AM EDT   SUNSET   729 PM EDT


-  INDICATES NEGATIVE NUMBERS.
R  INDICATES RECORD WAS SET OR TIED.
MM INDICATES DATA IS MISSING.
T  INDICATES TRACE AMOUNT.




$$
