000
CDUS42 KMFL 160831
CLIAPF


CLIMATE REPORT
NATIONAL WEATHER SERVICE MIAMI, FL
431 AM EDT WED AUG 16 2017


...................................

...THE NAPLES CLIMATE SUMMARY FOR AUGUST 15 2017...

CLIMATE NORMAL PERIOD 1981 TO 2010
CLIMATE RECORD PERIOD 1942 TO 2017


WEATHER ITEM   OBSERVED TIME   RECORD YEAR NORMAL DEPARTURE LAST
                VALUE   (LST)  VALUE       VALUE  FROM      YEAR
                                                  NORMAL
..................................................................
TEMPERATURE (F)
 YESTERDAY
  MAXIMUM         91    253 PM  96    1998  91      0       93
                                      1990
                                      1979
  MINIMUM         80    640 AM  68    1976  75      5       78
  AVERAGE         86                        83      3       86

PRECIPITATION (IN)
  YESTERDAY        0.00          2.18 1966   0.27  -0.27     0.01
  MONTH TO DATE    4.79                      4.17   0.62     5.56
  SINCE JUN 1     30.66                     20.26  10.40    16.77
  SINCE JAN 1     36.29                     32.11   4.18    28.87

SNOWFALL (IN)
  YESTERDAY        0.0
  MONTH TO DATE    0.0
  SINCE JUN 1      0.0
  SINCE JUL 1      0.0
  SNOW DEPTH       0

DEGREE DAYS
 HEATING
  YESTERDAY        0                         0      0        0
  MONTH TO DATE    0                         0      0        0
  SINCE JUN 1      0                         0      0        0
  SINCE JUL 1      0                         0      0        0

 COOLING
  YESTERDAY       21                        18      3       21
  MONTH TO DATE  290                       270     20      281
  SINCE JUN 1   1407                      1336     71     1421
  SINCE JAN 1   2751                      2364    387     2605
..................................................................


WIND (MPH)
  HIGHEST WIND SPEED    14   HIGHEST WIND DIRECTION    SW (240)
  HIGHEST GUST SPEED    18   HIGHEST GUST DIRECTION     W (270)
  AVERAGE WIND SPEED     5.2


SKY COVER
  AVERAGE SKY COVER 0.2


WEATHER CONDITIONS
 THE FOLLOWING WEATHER WAS RECORDED YESTERDAY.
  THUNDERSTORM


RELATIVE HUMIDITY (PERCENT)
 HIGHEST    94
 LOWEST     59
 AVERAGE    77

..........................................................


THE NAPLES CLIMATE NORMALS FOR TODAY
                         NORMAL    RECORD    YEAR
 MAXIMUM TEMPERATURE (F)   91        97      2001
 MINIMUM TEMPERATURE (F)   75        67      1961


SUNRISE AND SUNSET
AUGUST 16 2017........SUNRISE   700 AM EDT   SUNSET   802 PM EDT
AUGUST 17 2017........SUNRISE   701 AM EDT   SUNSET   801 PM EDT


-  INDICATES NEGATIVE NUMBERS.
R  INDICATES RECORD WAS SET OR TIED.
MM INDICATES DATA IS MISSING.
T  INDICATES TRACE AMOUNT.




$$
