000
CDUS43 KAPX 290526
CLIAPN


CLIMATE REPORT
NATIONAL WEATHER SERVICE GAYLORD MI
125 AM EDT WED MAR 29 2017


...................................

...THE ALPENA MI CLIMATE SUMMARY FOR MARCH 28 2017...

CLIMATE NORMAL PERIOD 1981 TO 2010
CLIMATE RECORD PERIOD 1916 TO 2017


WEATHER ITEM   OBSERVED TIME   RECORD YEAR NORMAL DEPARTURE LAST
                VALUE   (LST)  VALUE       VALUE  FROM      YEAR
                                                  NORMAL
..................................................................
TEMPERATURE (F)
 YESTERDAY
  MAXIMUM         51    420 PM  82    1946  43      8       47
  MINIMUM         30   1153 PM  -7    1934  24      6       31
  AVERAGE         41                        34      7       39

PRECIPITATION (IN)
  YESTERDAY        0.00          0.50 1977   0.06  -0.06     0.28
  MONTH TO DATE    2.33                      1.66   0.67     3.64
  SINCE MAR 1      2.33                      1.66   0.67     3.64
  SINCE JAN 1      7.82                      4.64   3.18     8.12

SNOWFALL (IN)
  YESTERDAY        0.0           3.0  1947   0.3   -0.3      0.0
  MONTH TO DATE   10.0                      11.3   -1.3     19.6
  SINCE OCT 1     63.5                      77.4  -13.9     67.0
  SINCE JUL 1     63.5                      77.4  -13.9     67.0
  SNOW DEPTH       0

DEGREE DAYS
 HEATING
  YESTERDAY       24                        31     -7       26
  MONTH TO DATE 1042                      1031     11      904
  SINCE MAR 1   1042                      1031     11      904
  SINCE JUL 1   5673                      6763  -1090     5686

 COOLING
  YESTERDAY        0                         0      0        0
  MONTH TO DATE    0                         0      0        0
  SINCE MAR 1      0                         0      0        0
  SINCE JAN 1      0                         0      0        0
..................................................................


WIND (MPH)
  HIGHEST WIND SPEED    15   HIGHEST WIND DIRECTION    NE (30)
  HIGHEST GUST SPEED    18   HIGHEST GUST DIRECTION     N (10)
  AVERAGE WIND SPEED     6.7




RELATIVE HUMIDITY (PERCENT)
 HIGHEST   100
 LOWEST     44
 AVERAGE    72

..........................................................


THE ALPENA MI CLIMATE NORMALS FOR TODAY
                         NORMAL    RECORD    YEAR
 MAXIMUM TEMPERATURE (F)   44        75      1946
 MINIMUM TEMPERATURE (F)   24        -8      1970


SUNRISE AND SUNSET
MARCH 29 2017.........SUNRISE   720 AM EDT   SUNSET   759 PM EDT
MARCH 30 2017.........SUNRISE   718 AM EDT   SUNSET   800 PM EDT


-  INDICATES NEGATIVE NUMBERS.
R  INDICATES RECORD WAS SET OR TIED.
MM INDICATES DATA IS MISSING.
T  INDICATES TRACE AMOUNT.




$$
