000
CDUS43 KAPX 170538
CLIAPN


CLIMATE REPORT
NATIONAL WEATHER SERVICE GAYLORD MI
1227 AM EST FRI NOV 17 2017


...................................

...THE ALPENA MI CLIMATE SUMMARY FOR NOVEMBER 16 2017...

CLIMATE NORMAL PERIOD 1981 TO 2010
CLIMATE RECORD PERIOD 1916 TO 2017


WEATHER ITEM   OBSERVED TIME   RECORD YEAR NORMAL DEPARTURE LAST
                VALUE   (LST)  VALUE       VALUE  FROM      YEAR
                                                  NORMAL
..................................................................
TEMPERATURE (F)
 YESTERDAY
  MAXIMUM         41   1211 AM  69    1931  43     -2       56
  MINIMUM         28    846 PM   0    1933  28      0       29
  AVERAGE         35                        36     -1       43

PRECIPITATION (IN)
  YESTERDAY        0.06          0.81 1961   0.07  -0.01     0.05
  MONTH TO DATE    2.04                      1.13   0.91     0.12
  SINCE SEP 1     10.36                      6.66   3.70     5.49
  SINCE JAN 1     37.79                     25.44  12.35    26.12

SNOWFALL (IN)
  YESTERDAY        T             9.9  1989   0.3   -0.3      0.0
  MONTH TO DATE    0.4                       2.7   -2.3      0.0
  SINCE OCT 1      0.4                       3.1   -2.7      0.0
  SINCE JUL 1      0.4                       3.1   -2.7      0.0
  SNOW DEPTH       T

DEGREE DAYS
 HEATING
  YESTERDAY       30                        29      1       22
  MONTH TO DATE  492                       429     63      279
  SINCE SEP 1   1041                      1258   -217      816
  SINCE JUL 1   1099                      1373   -274      839
..................................................................


WIND (MPH)
  HIGHEST WIND SPEED    22   HIGHEST WIND DIRECTION    NW (320)
  HIGHEST GUST SPEED    29   HIGHEST GUST DIRECTION     W (280)
  AVERAGE WIND SPEED    11.0




RELATIVE HUMIDITY (PERCENT)
 HIGHEST   100
 LOWEST     66
 AVERAGE    83

..........................................................


THE ALPENA MI CLIMATE NORMALS FOR TODAY
                         NORMAL    RECORD    YEAR
 MAXIMUM TEMPERATURE (F)   43        72      1953
 MINIMUM TEMPERATURE (F)   28         6      1924


SUNRISE AND SUNSET
NOVEMBER 17 2017......SUNRISE   735 AM EST   SUNSET   503 PM EST
NOVEMBER 18 2017......SUNRISE   736 AM EST   SUNSET   502 PM EST


-  INDICATES NEGATIVE NUMBERS.
R  INDICATES RECORD WAS SET OR TIED.
MM INDICATES DATA IS MISSING.
T  INDICATES TRACE AMOUNT.




$$
