000
CDUS43 KAPX 242247
CLIAPN


CLIMATE REPORT
NATIONAL WEATHER SERVICE GAYLORD MI
547 PM EST TUE JAN 24 2017


...................................

...THE ALPENA MI CLIMATE SUMMARY FOR JANUARY 24 2017...
VALID TODAY AS OF 0500 PM LOCAL TIME.

CLIMATE NORMAL PERIOD 1981 TO 2010
CLIMATE RECORD PERIOD 1916 TO 2017


WEATHER ITEM   OBSERVED TIME   RECORD YEAR NORMAL DEPARTURE LAST
                VALUE   (LST)  VALUE       VALUE  FROM      YEAR
                                                  NORMAL
..................................................................
TEMPERATURE (F)
 TODAY
  MAXIMUM         37    406 PM  44    1938  27     10       29
  MINIMUM         34    813 AM -17    1970  11     23       20
                                      1948
  AVERAGE         36                        18     18       25

PRECIPITATION (IN)
  TODAY            0.21          0.81 1938   0.04   0.17      T
  MONTH TO DATE    2.01                      1.33   0.68     1.35
  SINCE DEC 1      4.05                      3.08   0.97     5.14
  SINCE JAN 1      2.01                      1.33   0.68     1.35

SNOWFALL (IN)
  TODAY            0.0           4.5  1953   0.7              T
  MONTH TO DATE   10.0                      16.7             9.7
  SINCE OCT 1     37.7                      44.0            21.7
  SINCE JUL 1     37.7                      44.0            21.7

DEGREE DAYS
 HEATING
  TODAY           29                        46    -17       40
  MONTH TO DATE  957                      1093   -136     1058
  SINCE DEC 1   2123                      2331   -208     1933
  SINCE JUL 1   3332                      4154   -822     3306
..................................................................


WIND (MPH)
  RESULTANT WIND SPEED   1   RESULTANT WIND DIRECTION   E (80)
  HIGHEST WIND SPEED     7   HIGHEST WIND DIRECTION     E (70)
  HIGHEST GUST SPEED     8   HIGHEST GUST DIRECTION     E (100)
  AVERAGE WIND SPEED     2.2


SKY COVER
  POSSIBLE SUNSHINE  MM
  AVERAGE SKY COVER 1.0


WEATHER CONDITIONS
 THE FOLLOWING WEATHER WAS RECORDED TODAY.
  LIGHT RAIN
  FOG


RELATIVE HUMIDITY (PERCENT)
 HIGHEST   100
 LOWEST     85
 AVERAGE    93

..........................................................


THE ALPENA MI CLIMATE NORMALS FOR TOMORROW
                         NORMAL    RECORD    YEAR
 MAXIMUM TEMPERATURE (F)   27        52      1944
 MINIMUM TEMPERATURE (F)   11       -19      1920


SUNRISE AND SUNSET
JANUARY 24 2017.......SUNRISE   802 AM EST   SUNSET   531 PM EST
JANUARY 25 2017.......SUNRISE   801 AM EST   SUNSET   533 PM EST


-  INDICATES NEGATIVE NUMBERS.
R  INDICATES RECORD WAS SET OR TIED.
MM INDICATES DATA IS MISSING.
T  INDICATES TRACE AMOUNT.




$$
