000
CDUS43 KAPX 292127
CLIAPN


CLIMATE REPORT
NATIONAL WEATHER SERVICE GAYLORD MI
527 PM EDT FRI JUL 29 2016


...................................

...THE ALPENA MI CLIMATE SUMMARY FOR JULY 29 2016...
VALID TODAY AS OF 0500 PM LOCAL TIME.

CLIMATE NORMAL PERIOD 1981 TO 2010
CLIMATE RECORD PERIOD 1916 TO 2016


WEATHER ITEM   OBSERVED TIME   RECORD YEAR NORMAL DEPARTURE LAST
                VALUE   (LST)  VALUE       VALUE  FROM      YEAR
                                                  NORMAL
..................................................................
TEMPERATURE (F)
 TODAY
  MAXIMUM         77    356 PM  99    1917  79     -2       91
  MINIMUM         60    541 AM  36    1934  56      4       63
  AVERAGE         69                        67      2       77

PRECIPITATION (IN)
  TODAY            0.00          1.64 1940   0.10  -0.10      T
  MONTH TO DATE    2.49                      2.84  -0.35     1.62
  SINCE JUN 1      3.93                      5.46  -1.53     3.78
  SINCE JAN 1     18.66                     15.36   3.30    12.33

DEGREE DAYS
 HEATING
  TODAY            0                         1     -1        0
  MONTH TO DATE   17                        39    -22       35
  SINCE JUN 1    125                       182    -57      178
  SINCE JUL 1     17                        39    -22       35

 COOLING
  TODAY            4                         4      0       12
  MONTH TO DATE  189                       113     76      128
  SINCE JUN 1    254                       169     85      139
  SINCE JAN 1    286                       182    104      163
..................................................................


WIND (MPH)
  RESULTANT WIND SPEED   6   RESULTANT WIND DIRECTION  NE (60)
  HIGHEST WIND SPEED    13   HIGHEST WIND DIRECTION     E (100)
  HIGHEST GUST SPEED    19   HIGHEST GUST DIRECTION    NE (60)
  AVERAGE WIND SPEED     6.6


SKY COVER
  POSSIBLE SUNSHINE  MM
  AVERAGE SKY COVER 0.0


WEATHER CONDITIONS
 THE FOLLOWING WEATHER WAS RECORDED TODAY.
  NO SIGNIFICANT WEATHER WAS OBSERVED.


RELATIVE HUMIDITY (PERCENT)
 HIGHEST    87
 LOWEST     41
 AVERAGE    64

..........................................................


THE ALPENA MI CLIMATE NORMALS FOR TOMORROW
                         NORMAL    RECORD    YEAR
 MAXIMUM TEMPERATURE (F)   79        98      1917
 MINIMUM TEMPERATURE (F)   56        36      1965


SUNRISE AND SUNSET
JULY 29 2016..........SUNRISE   617 AM EDT   SUNSET   904 PM EDT
JULY 30 2016..........SUNRISE   618 AM EDT   SUNSET   903 PM EDT


-  INDICATES NEGATIVE NUMBERS.
R  INDICATES RECORD WAS SET OR TIED.
MM INDICATES DATA IS MISSING.
T  INDICATES TRACE AMOUNT.




$$
