000
CDUS43 KAPX 280528
CLIAPN


CLIMATE REPORT
NATIONAL WEATHER SERVICE GAYLORD MI
127 AM EDT WED SEP 28 2016


...................................

...THE ALPENA MI CLIMATE SUMMARY FOR SEPTEMBER 27 2016...

CLIMATE NORMAL PERIOD 1981 TO 2010
CLIMATE RECORD PERIOD 1916 TO 2016


WEATHER ITEM   OBSERVED TIME   RECORD YEAR NORMAL DEPARTURE LAST
                VALUE   (LST)  VALUE       VALUE  FROM      YEAR
                                                  NORMAL
..................................................................
TEMPERATURE (F)
 YESTERDAY
  MAXIMUM         62   1021 AM  83    1979  64     -2       78
                                      1946
  MINIMUM         50   1159 PM  25    1989  43      7       48
  AVERAGE         56                        53      3       63

PRECIPITATION (IN)
  YESTERDAY        0.02          0.91 1944   0.09  -0.07     0.00
  MONTH TO DATE    2.83                      2.64   0.19     1.04
  SINCE SEP 1      2.83                      2.64   0.19     1.04
  SINCE JAN 1     23.46                     21.42   2.04    15.69

DEGREE DAYS
 HEATING
  YESTERDAY        9                        12     -3        2
  MONTH TO DATE   87                       203   -116       80
  SINCE SEP 1     87                       203   -116       80
  SINCE JUL 1    110                       318   -208      154

 COOLING
  YESTERDAY        0                         0      0        0
  MONTH TO DATE   56                        21     35       80
  SINCE SEP 1     56                        21     35       80
  SINCE JAN 1    547                       287    260      376
..................................................................


WIND (MPH)
  HIGHEST WIND SPEED    21   HIGHEST WIND DIRECTION    SW (210)
  HIGHEST GUST SPEED    27   HIGHEST GUST DIRECTION    SW (220)
  AVERAGE WIND SPEED     7.3




RELATIVE HUMIDITY (PERCENT)
 HIGHEST    83
 LOWEST     55
 AVERAGE    69

..........................................................


THE ALPENA MI CLIMATE NORMALS FOR TODAY
                         NORMAL    RECORD    YEAR
 MAXIMUM TEMPERATURE (F)   64        84      1952
 MINIMUM TEMPERATURE (F)   42        23      1957


SUNRISE AND SUNSET
SEPTEMBER 28 2016.....SUNRISE   729 AM EDT   SUNSET   719 PM EDT
SEPTEMBER 29 2016.....SUNRISE   730 AM EDT   SUNSET   718 PM EDT


-  INDICATES NEGATIVE NUMBERS.
R  INDICATES RECORD WAS SET OR TIED.
MM INDICATES DATA IS MISSING.
T  INDICATES TRACE AMOUNT.




$$
