000
CDUS43 KAPX 230532
CLIAPN


CLIMATE REPORT
NATIONAL WEATHER SERVICE GAYLORD MI
131 AM EDT WED APR 23 2014


...................................

...THE ALPENA MI CLIMATE SUMMARY FOR APRIL 22 2014...

CLIMATE NORMAL PERIOD 1981 TO 2010
CLIMATE RECORD PERIOD 1916 TO 2014


WEATHER ITEM   OBSERVED TIME   RECORD YEAR NORMAL DEPARTURE LAST
                VALUE   (LST)  VALUE       VALUE  FROM      YEAR
                                                  NORMAL
..................................................................
TEMPERATURE (F)
 YESTERDAY
  MAXIMUM         51   1212 AM  88    1985  56     -5       57
  MINIMUM         35   1053 PM  17    1950  33      2       32
  AVERAGE         43                        44     -1       45

PRECIPITATION (IN)
  YESTERDAY        T             1.12 1937   0.07  -0.07     0.00
  MONTH TO DATE    3.64                      1.77   1.87     3.94
  SINCE MAR 1      4.81                      3.63   1.18     5.32
  SINCE JAN 1      7.34                      6.61   0.73     9.80

SNOWFALL (IN)
  YESTERDAY        0.0           1.5  1972   0.1   -0.1      0.0
  MONTH TO DATE    1.2                       5.2   -4.0      2.9
  SINCE OCT 1     64.0                      83.5  -19.5     48.4
  SINCE JUL 1     64.0                      83.5  -19.5     48.4
  SNOW DEPTH       0

DEGREE DAYS
 HEATING
  YESTERDAY       22                        21      1       20
  MONTH TO DATE  593                       550     43      653
  SINCE MAR 1   1991                      1674    317     1794
  SINCE JUL 1   8480                      7406   1074     7104

 COOLING
  YESTERDAY        0                         0      0        0
  MONTH TO DATE    0                         0      0        0
  SINCE MAR 1      0                         0      0        0
  SINCE JAN 1      0                         0      0        0
..................................................................


WIND (MPH)
  HIGHEST WIND SPEED    22   HIGHEST WIND DIRECTION    NW (320)
  HIGHEST GUST SPEED    32   HIGHEST GUST DIRECTION    NW (320)
  AVERAGE WIND SPEED    12.3




RELATIVE HUMIDITY (PERCENT)
 HIGHEST   100
 LOWEST     62
 AVERAGE    81

..........................................................


THE ALPENA MI CLIMATE NORMALS FOR TODAY
                         NORMAL    RECORD    YEAR
 MAXIMUM TEMPERATURE (F)   56        87      1985
 MINIMUM TEMPERATURE (F)   34        18      1989
                                             1986


SUNRISE AND SUNSET
APRIL 23 2014.........SUNRISE   636 AM EDT   SUNSET   830 PM EDT
APRIL 24 2014.........SUNRISE   634 AM EDT   SUNSET   831 PM EDT


-  INDICATES NEGATIVE NUMBERS.
R  INDICATES RECORD WAS SET OR TIED.
MM INDICATES DATA IS MISSING.
T  INDICATES TRACE AMOUNT.




$$
