000
CDUS43 KAPX 030533
CLIAPN


CLIMATE REPORT
NATIONAL WEATHER SERVICE GAYLORD MI
133 AM EDT TUE MAY 3 2016


...................................

...THE ALPENA MI CLIMATE SUMMARY FOR MAY 2 2016...

CLIMATE NORMAL PERIOD 1981 TO 2010
CLIMATE RECORD PERIOD 1916 TO 2016


WEATHER ITEM   OBSERVED TIME   RECORD YEAR NORMAL DEPARTURE LAST
                VALUE   (LST)  VALUE       VALUE  FROM      YEAR
                                                  NORMAL
..................................................................
TEMPERATURE (F)
 YESTERDAY
  MAXIMUM         64    132 PM  86    2001  60      4       72
  MINIMUM         32    329 AM  20    1966  36     -4       36
  AVERAGE         48                        48      0       54

PRECIPITATION (IN)
  YESTERDAY        0.00          1.25 1962   0.07  -0.07     0.00
  MONTH TO DATE    0.03                      0.15  -0.12     0.00
  SINCE MAR 1      8.97                      4.40   4.57     3.10
  SINCE JAN 1     13.45                      7.38   6.07     4.89

DEGREE DAYS
 HEATING
  YESTERDAY       17                        17      0       11
  MONTH TO DATE   36                        34      2       23
  SINCE MAR 1   1863                      1861      2     1901
  SINCE JUL 1   6645                      7593   -948     8164

 COOLING
  YESTERDAY        0                         0      0        0
  MONTH TO DATE    0                         0      0        0
  SINCE MAR 1      0                         2     -2        0
  SINCE JAN 1      0                         2     -2        0
..................................................................


WIND (MPH)
  HIGHEST WIND SPEED    15   HIGHEST WIND DIRECTION     E (100)
  HIGHEST GUST SPEED    19   HIGHEST GUST DIRECTION    SE (130)
  AVERAGE WIND SPEED     3.5




RELATIVE HUMIDITY (PERCENT)
 HIGHEST    92
 LOWEST     29
 AVERAGE    61

..........................................................


THE ALPENA MI CLIMATE NORMALS FOR TODAY
                         NORMAL    RECORD    YEAR
 MAXIMUM TEMPERATURE (F)   60        86      1949
 MINIMUM TEMPERATURE (F)   37        20      1950


SUNRISE AND SUNSET
MAY  3 2016...........SUNRISE   620 AM EDT   SUNSET   843 PM EDT
MAY  4 2016...........SUNRISE   618 AM EDT   SUNSET   844 PM EDT


-  INDICATES NEGATIVE NUMBERS.
R  INDICATES RECORD WAS SET OR TIED.
MM INDICATES DATA IS MISSING.
T  INDICATES TRACE AMOUNT.




$$
