000
CDUS43 KAPX 010532
CLIAPN


CLIMATE REPORT
NATIONAL WEATHER SERVICE GAYLORD MI
132 AM EDT MON SEP 1 2014


...................................

...THE ALPENA MI CLIMATE SUMMARY FOR AUGUST 31 2014...

CLIMATE NORMAL PERIOD 1981 TO 2010
CLIMATE RECORD PERIOD 1916 TO 2014


WEATHER ITEM   OBSERVED TIME   RECORD YEAR NORMAL DEPARTURE LAST
                VALUE   (LST)  VALUE       VALUE  FROM      YEAR
                                                  NORMAL
..................................................................
TEMPERATURE (F)
 YESTERDAY
  MAXIMUM         75    223 PM  94    1953  74      1       75
                                      1932
  MINIMUM         58   1151 PM  31    1931  51      7       59
  AVERAGE         67                        63      4       67

PRECIPITATION (IN)
  YESTERDAY        T             2.96 1941   0.11  -0.11      T
  MONTH TO DATE    5.31                      3.23   2.08     1.58
  SINCE JUN 1     10.40                      8.88   1.52     7.14
  SINCE JAN 1     21.90                     18.78   3.12    22.07

DEGREE DAYS
 HEATING
  YESTERDAY        0                         4     -4        0
  MONTH TO DATE   55                        72    -17       58
  SINCE JUN 1    236                       258    -22      247
  SINCE JUL 1    124                       115      9      111

 COOLING
  YESTERDAY        2                         2      0        2
  MONTH TO DATE   39                        81    -42      101
  SINCE JUN 1    145                       253   -108      294
  SINCE JAN 1    150                       266   -116      307
..................................................................


WIND (MPH)
  HIGHEST WIND SPEED    13   HIGHEST WIND DIRECTION     W (260)
  HIGHEST GUST SPEED    17   HIGHEST GUST DIRECTION     W (290)
  AVERAGE WIND SPEED     6.3




RELATIVE HUMIDITY (PERCENT)
 HIGHEST   100
 LOWEST     68
 AVERAGE    84

..........................................................


THE ALPENA MI CLIMATE NORMALS FOR TODAY
                         NORMAL    RECORD    YEAR
 MAXIMUM TEMPERATURE (F)   74        99      1953
 MINIMUM TEMPERATURE (F)   51        36      1936


SUNRISE AND SUNSET
SEPTEMBER  1 2014.....SUNRISE   656 AM EDT   SUNSET   811 PM EDT
SEPTEMBER  2 2014.....SUNRISE   657 AM EDT   SUNSET   810 PM EDT


-  INDICATES NEGATIVE NUMBERS.
R  INDICATES RECORD WAS SET OR TIED.
MM INDICATES DATA IS MISSING.
T  INDICATES TRACE AMOUNT.




$$
