000
CDUS43 KAPX 042125
CLIAPN


CLIMATE REPORT
NATIONAL WEATHER SERVICE GAYLORD MI
525 PM EDT TUE AUG 4 2015


...................................

...THE ALPENA MI CLIMATE SUMMARY FOR AUGUST 4 2015...
VALID TODAY AS OF 0500 PM LOCAL TIME.

CLIMATE NORMAL PERIOD 1981 TO 2010
CLIMATE RECORD PERIOD 1916 TO 2015


WEATHER ITEM   OBSERVED TIME   RECORD YEAR NORMAL DEPARTURE LAST
                VALUE   (LST)  VALUE       VALUE  FROM      YEAR
                                                  NORMAL
..................................................................
TEMPERATURE (F)
 TODAY
  MAXIMUM         76    216 PM  95    2012  79     -3       79
                                      1955
  MINIMUM         50    326 AM  38    1951  55     -5       56
  AVERAGE         63                        67     -4       68

PRECIPITATION (IN)
  TODAY            0.05          1.60 1994   0.09  -0.04      T
  MONTH TO DATE    0.41                      0.39   0.02      T
  SINCE JUN 1      4.22                      6.04  -1.82     5.09
  SINCE JAN 1     12.77                     15.94  -3.17    16.59

DEGREE DAYS
 HEATING
  TODAY            2                         1      1        0
  MONTH TO DATE    2                         4     -2        1
  SINCE JUN 1    180                       191    -11      182
  SINCE JUL 1     37                        48    -11       70

 COOLING
  TODAY            0                         3     -3        3
  MONTH TO DATE   11                        13     -2        5
  SINCE JUN 1    161                       185    -24      111
  SINCE JAN 1    185                       198    -13      116
..................................................................


WIND (MPH)
  RESULTANT WIND SPEED   6   RESULTANT WIND DIRECTION  NW (310)
  HIGHEST WIND SPEED    21   HIGHEST WIND DIRECTION    NW (320)
  HIGHEST GUST SPEED    26   HIGHEST GUST DIRECTION    NW (320)
  AVERAGE WIND SPEED     7.2


SKY COVER
  POSSIBLE SUNSHINE  MM
  AVERAGE SKY COVER 0.6


WEATHER CONDITIONS
 THE FOLLOWING WEATHER WAS RECORDED TODAY.
  LIGHT RAIN
  FOG


RELATIVE HUMIDITY (PERCENT)
 HIGHEST    96
 LOWEST     46
 AVERAGE    71

..........................................................


THE ALPENA MI CLIMATE NORMALS FOR TOMORROW
                         NORMAL    RECORD    YEAR
 MAXIMUM TEMPERATURE (F)   79        97      1931
 MINIMUM TEMPERATURE (F)   55        37      1951


SUNRISE AND SUNSET
AUGUST  4 2015........SUNRISE   623 AM EDT   SUNSET   857 PM EDT
AUGUST  5 2015........SUNRISE   624 AM EDT   SUNSET   856 PM EDT


-  INDICATES NEGATIVE NUMBERS.
R  INDICATES RECORD WAS SET OR TIED.
MM INDICATES DATA IS MISSING.
T  INDICATES TRACE AMOUNT.




$$
