000
CDUS43 KAPX 300537
CLIAPN


CLIMATE REPORT
NATIONAL WEATHER SERVICE GAYLORD MI
137 AM EDT SAT MAY 30 2015


...................................

...THE ALPENA MI CLIMATE SUMMARY FOR MAY 29 2015...

CLIMATE NORMAL PERIOD 1981 TO 2010
CLIMATE RECORD PERIOD 1916 TO 2015


WEATHER ITEM   OBSERVED TIME   RECORD YEAR NORMAL DEPARTURE LAST
                VALUE   (LST)  VALUE       VALUE  FROM      YEAR
                                                  NORMAL
..................................................................
TEMPERATURE (F)
 YESTERDAY
  MAXIMUM         84    123 PM  92    2006  69     15       71
  MINIMUM         53    148 AM  29    2004  44      9       42
                                      1965
  AVERAGE         69                        57     12       57

PRECIPITATION (IN)
  YESTERDAY        0.19          1.70 1954   0.09   0.10     0.00
  MONTH TO DATE    3.37                      2.48   0.89     2.31
  SINCE MAR 1      6.47                      6.73  -0.26     8.97
  SINCE JAN 1      8.26                      9.71  -1.45    11.50

DEGREE DAYS
 HEATING
  YESTERDAY        0                         9     -9        8
  MONTH TO DATE  265                       381   -116      379
  SINCE MAR 1   2143                      2208    -65     2559
  SINCE JUL 1   8406                      7940    466     9048

 COOLING
  YESTERDAY        4                         1      3        0
  MONTH TO DATE   24                         6     18        5
  SINCE MAR 1     24                         8     16        5
  SINCE JAN 1     24                         8     16        5
..................................................................


WIND (MPH)
  HIGHEST WIND SPEED    23   HIGHEST WIND DIRECTION     S (190)
  HIGHEST GUST SPEED    29   HIGHEST GUST DIRECTION     S (190)
  AVERAGE WIND SPEED     7.0




RELATIVE HUMIDITY (PERCENT)
 HIGHEST    93
 LOWEST     46
 AVERAGE    70

..........................................................


THE ALPENA MI CLIMATE NORMALS FOR TODAY
                         NORMAL    RECORD    YEAR
 MAXIMUM TEMPERATURE (F)   69        94      1937
 MINIMUM TEMPERATURE (F)   45        29      2009
                                             1964
                                             1961


SUNRISE AND SUNSET
MAY 30 2015...........SUNRISE   552 AM EDT   SUNSET   912 PM EDT
MAY 31 2015...........SUNRISE   551 AM EDT   SUNSET   913 PM EDT


-  INDICATES NEGATIVE NUMBERS.
R  INDICATES RECORD WAS SET OR TIED.
MM INDICATES DATA IS MISSING.
T  INDICATES TRACE AMOUNT.




$$
