000
CDUS43 KAPX 250527
CLIAPN


CLIMATE REPORT
NATIONAL WEATHER SERVICE GAYLORD MI
127 AM EDT TUE JUL 25 2017


...................................

...THE ALPENA MI CLIMATE SUMMARY FOR JULY 24 2017...

CLIMATE NORMAL PERIOD 1981 TO 2010
CLIMATE RECORD PERIOD 1916 TO 2017


WEATHER ITEM   OBSERVED TIME   RECORD YEAR NORMAL DEPARTURE LAST
                VALUE   (LST)  VALUE       VALUE  FROM      YEAR
                                                  NORMAL
..................................................................
TEMPERATURE (F)
 YESTERDAY
  MAXIMUM         76    510 PM  96    1941  80     -4       87
  MINIMUM         55   1151 PM  40    1932  56     -1       64
                                      1925
  AVERAGE         66                        68     -2       76

PRECIPITATION (IN)
  YESTERDAY        0.09          1.43 1979   0.09   0.00      T
  MONTH TO DATE    1.45                      2.37  -0.92     1.99
  SINCE JUN 1      7.85                      4.99   2.86     3.43
  SINCE JAN 1     23.16                     14.89   8.27    18.16

DEGREE DAYS
 HEATING
  YESTERDAY        0                         1     -1        0
  MONTH TO DATE    6                        34    -28       17
  SINCE JUN 1     89                       177    -88      125
  SINCE JUL 1      6                        34    -28       17

 COOLING
  YESTERDAY        1                         4     -3       11
  MONTH TO DATE   85                        93     -8      147
  SINCE JUN 1    154                       149      5      212
  SINCE JAN 1    160                       162     -2      244
..................................................................


WIND (MPH)
  HIGHEST WIND SPEED    20   HIGHEST WIND DIRECTION     N (10)
  HIGHEST GUST SPEED    26   HIGHEST GUST DIRECTION     N (10)
  AVERAGE WIND SPEED    10.7




RELATIVE HUMIDITY (PERCENT)
 HIGHEST   100
 LOWEST     43
 AVERAGE    72

..........................................................


THE ALPENA MI CLIMATE NORMALS FOR TODAY
                         NORMAL    RECORD    YEAR
 MAXIMUM TEMPERATURE (F)   79        95      1966
                                             1941
 MINIMUM TEMPERATURE (F)   56        40      2004


SUNRISE AND SUNSET
JULY 25 2017..........SUNRISE   612 AM EDT   SUNSET   909 PM EDT
JULY 26 2017..........SUNRISE   613 AM EDT   SUNSET   908 PM EDT


-  INDICATES NEGATIVE NUMBERS.
R  INDICATES RECORD WAS SET OR TIED.
MM INDICATES DATA IS MISSING.
T  INDICATES TRACE AMOUNT.




$$
