964
CDUS44 KLCH 230825
CLIARA


CLIMATE REPORT
NATIONAL WEATHER SERVICE LAKE CHARLES, LA
323 AM CDT MON OCT 23 2017


...................................

...THE NEW IBERIA CLIMATE SUMMARY FOR OCTOBER 22 2017...

CLIMATE NORMAL PERIOD 1981 TO 2010
CLIMATE RECORD PERIOD 1948 TO 2017


WEATHER ITEM   OBSERVED TIME   RECORD YEAR NORMAL DEPARTURE LAST
                VALUE   (LST)  VALUE       VALUE  FROM      YEAR
                                                  NORMAL
..................................................................
TEMPERATURE (F)
 YESTERDAY
  MAXIMUM         78    854 AM  89    2004  80     -2       76
  MINIMUM         57   1159 PM  40    1976  57      0       47
  AVERAGE         68                        68      0       62

PRECIPITATION (IN)
  YESTERDAY        3.47          5.70 1984   0.17   3.30     0.00
  MONTH TO DATE    5.92                      4.17   1.75     0.36
  SINCE SEP 1      6.13                      8.80  -2.67     8.11
  SINCE JAN 1     58.51                     49.65   8.86    75.46

SNOWFALL (IN)
  YESTERDAY        0.0           0.0    MM  MM               0.0
  MONTH TO DATE    0.0                      MM               0.0
  SINCE SEP 1      0.0                      MM               0.0
  SINCE JUL 1      0.0                      MM               0.0

DEGREE DAYS
 HEATING
  YESTERDAY        0                         2     -2        3
  MONTH TO DATE    1                        12    -11        3
  SINCE SEP 1      1                        13    -12        3
  SINCE JUL 1      1                        13    -12        3

 COOLING
  YESTERDAY        3                         5     -2        0
  MONTH TO DATE  265                       153    112      222
  SINCE SEP 1    695                       566    129      736
  SINCE JAN 1   2998                      2709    289     3021
..................................................................


WIND (MPH)
  RESULTANT WIND SPEED   3   RESULTANT WIND DIRECTION  NE (30)
  HIGHEST WIND SPEED    45   HIGHEST WIND DIRECTION     N (350)
  HIGHEST GUST SPEED    60   HIGHEST GUST DIRECTION     N (10)
  AVERAGE WIND SPEED     8.6


SKY COVER
  POSSIBLE SUNSHINE  MM
  AVERAGE SKY COVER 0.6


WEATHER CONDITIONS
 THE FOLLOWING WEATHER WAS RECORDED YESTERDAY.
  THUNDERSTORM
  HEAVY RAIN
  RAIN
  LIGHT RAIN
  FOG


RELATIVE HUMIDITY (PERCENT)
 HIGHEST    93           300 AM
 LOWEST     66           200 PM
 AVERAGE    80

..........................................................


THE NEW IBERIA CLIMATE NORMALS FOR TODAY
                         NORMAL    RECORD    YEAR
 MAXIMUM TEMPERATURE (F)   80        89      2003
 MINIMUM TEMPERATURE (F)   56        36      1952


SUNRISE AND SUNSET
OCTOBER 23 2017.......SUNRISE   715 AM CDT   SUNSET   628 PM CDT
OCTOBER 24 2017.......SUNRISE   716 AM CDT   SUNSET   627 PM CDT


-  INDICATES NEGATIVE NUMBERS.
R  INDICATES RECORD WAS SET OR TIED.
MM INDICATES DATA IS MISSING.
T  INDICATES TRACE AMOUNT.




$$
