000
CDUS44 KLCH 271245
CLIARA


CLIMATE REPORT
NATIONAL WEATHER SERVICE LAKE CHARLES, LA
645 AM CST MON FEB 27 2017


...................................

...THE NEW IBERIA CLIMATE SUMMARY FOR FEBRUARY 26 2017...

CLIMATE NORMAL PERIOD 1981 TO 2010
CLIMATE RECORD PERIOD 1948 TO 2017


WEATHER ITEM   OBSERVED TIME   RECORD YEAR NORMAL DEPARTURE LAST
                VALUE   (LST)  VALUE       VALUE  FROM      YEAR
                                                  NORMAL
..................................................................
TEMPERATURE (F)
 YESTERDAY
  MAXIMUM         73    352 PM  82    1948  68      5       60
  MINIMUM         45    637 AM  27    1974  48     -3       40
  AVERAGE         59                        58      1       50

PRECIPITATION (IN)
  YESTERDAY        0.00          1.08 2014   0.14  -0.14     0.00
  MONTH TO DATE    0.32                      3.89  -3.57     3.96
  SINCE DEC 1     11.46                     14.11  -2.65    13.25
  SINCE JAN 1      2.76                      9.11  -6.35    10.23

SNOWFALL (IN)
  YESTERDAY        0.0           0.0    MM  MM               0.0
  MONTH TO DATE    0.0                      MM               0.0
  SINCE DEC 1      0.0                      MM               0.0
  SINCE JUL 1      0.0                      MM               0.0

DEGREE DAYS
 HEATING
  YESTERDAY        6                         8     -2       15
  MONTH TO DATE   86                       264   -178      236
  SINCE DEC 1    534                      1006   -472      822
  SINCE JUL 1    629                      1201   -572      893

 COOLING
  YESTERDAY        0                         1     -1        0
  MONTH TO DATE   54                        22     32        9
  SINCE DEC 1    185                        56    129       93
  SINCE JAN 1    118                        34     84       10
..................................................................


WIND (MPH)
  RESULTANT WIND SPEED  10   RESULTANT WIND DIRECTION   E (110)
  HIGHEST WIND SPEED    21   HIGHEST WIND DIRECTION    SE (140)
  HIGHEST GUST SPEED    26   HIGHEST GUST DIRECTION    SE (130)
  AVERAGE WIND SPEED    11.9


SKY COVER
  POSSIBLE SUNSHINE  MM
  AVERAGE SKY COVER 0.3


WEATHER CONDITIONS
 THE FOLLOWING WEATHER WAS RECORDED YESTERDAY.
  NO SIGNIFICANT WEATHER WAS OBSERVED.


RELATIVE HUMIDITY (PERCENT)
 HIGHEST    73          1100 PM
 LOWEST     45          1200 PM
 AVERAGE    59

..........................................................


THE NEW IBERIA CLIMATE NORMALS FOR TODAY
                         NORMAL    RECORD    YEAR
 MAXIMUM TEMPERATURE (F)   69        81      2001
 MINIMUM TEMPERATURE (F)   48        24      2002


SUNRISE AND SUNSET
FEBRUARY 27 2017......SUNRISE   635 AM CST   SUNSET   605 PM CST
FEBRUARY 28 2017......SUNRISE   634 AM CST   SUNSET   606 PM CST


-  INDICATES NEGATIVE NUMBERS.
R  INDICATES RECORD WAS SET OR TIED.
MM INDICATES DATA IS MISSING.
T  INDICATES TRACE AMOUNT.




$$
