000
CDUS44 KLCH 220811
CLIARA


CLIMATE REPORT
NATIONAL WEATHER SERVICE LAKE CHARLES, LA
311 AM CDT FRI MAY 22 2015


...................................

...THE NEW IBERIA CLIMATE SUMMARY FOR MAY 21 2015...

CLIMATE NORMAL PERIOD 1981 TO 2010
CLIMATE RECORD PERIOD 1948 TO 2015


WEATHER ITEM   OBSERVED TIME   RECORD YEAR NORMAL DEPARTURE LAST
                VALUE   (LST)  VALUE       VALUE  FROM      YEAR
                                                  NORMAL
..................................................................
TEMPERATURE (F)
 YESTERDAY
  MAXIMUM         89    109 PM  98    2005  87      2       87
  MINIMUM         67   1159 PM  50    1954  68     -1       67
  AVERAGE         78                        78      0       77

PRECIPITATION (IN)
  YESTERDAY        0.01          3.10 1983   0.16  -0.15     0.00
  MONTH TO DATE    2.29                      2.67  -0.38     0.74
  SINCE MAR 1     16.27                     10.51   5.76     4.52
  SINCE JAN 1     22.73                     19.92   2.81    12.86

SNOWFALL (IN)
  YESTERDAY        0.0           0.0    MM  MM               0.0
  MONTH TO DATE    0.0                      MM               0.0
  SINCE MAR 1      T                        MM               0.0
  SINCE JUL 1      T                        MM               0.1

DEGREE DAYS
 HEATING
  YESTERDAY        0                         0      0        0
  MONTH TO DATE    0                         0      0        4
  SINCE MAR 1     73                       192   -119      260
  SINCE JUL 1   1416                      1408      8     1784

 COOLING
  YESTERDAY       13                        13      0       12
  MONTH TO DATE  163                       214    -51      161
  SINCE MAR 1    481                       403     78      339
  SINCE JAN 1    485                       434     51      357
..................................................................


WIND (MPH)
  RESULTANT WIND SPEED   3   RESULTANT WIND DIRECTION   N (0)
  HIGHEST WIND SPEED    30   HIGHEST WIND DIRECTION     N (340)
  HIGHEST GUST SPEED    39   HIGHEST GUST DIRECTION    NW (330)
  AVERAGE WIND SPEED     6.4


SKY COVER
  POSSIBLE SUNSHINE  MM
  AVERAGE SKY COVER 0.2


WEATHER CONDITIONS
 THE FOLLOWING WEATHER WAS RECORDED YESTERDAY.
  THUNDERSTORM
  LIGHT RAIN
  FOG


RELATIVE HUMIDITY (PERCENT)
 HIGHEST   100           500 AM
 LOWEST     55          1200 PM
 AVERAGE    78

..........................................................


THE NEW IBERIA CLIMATE NORMALS FOR TODAY
                         NORMAL    RECORD    YEAR
 MAXIMUM TEMPERATURE (F)   87        98      2005
 MINIMUM TEMPERATURE (F)   69        52      1954


SUNRISE AND SUNSET
MAY 22 2015...........SUNRISE   610 AM CDT   SUNSET   758 PM CDT
MAY 23 2015...........SUNRISE   610 AM CDT   SUNSET   759 PM CDT


-  INDICATES NEGATIVE NUMBERS.
R  INDICATES RECORD WAS SET OR TIED.
MM INDICATES DATA IS MISSING.
T  INDICATES TRACE AMOUNT.




$$
