623
CDUS44 KLCH 231010
CLIARA


CLIMATE REPORT
NATIONAL WEATHER SERVICE LAKE CHARLES, LA
410 AM CST TUE JAN 23 2018


...................................

...THE NEW IBERIA CLIMATE SUMMARY FOR JANUARY 22 2018...

CLIMATE NORMAL PERIOD 1981 TO 2010
CLIMATE RECORD PERIOD 1948 TO 2018


WEATHER ITEM   OBSERVED TIME   RECORD YEAR NORMAL DEPARTURE LAST
                VALUE   (LST)  VALUE       VALUE  FROM      YEAR
                                                  NORMAL
..................................................................
TEMPERATURE (F)
 YESTERDAY
  MAXIMUM         70    341 PM  79    1952  63      7       69
  MINIMUM         46   1145 PM  22    1985  43      3       58
                                      1984
  AVERAGE         58                        53      5       64

PRECIPITATION (IN)
  YESTERDAY        0.32          2.27 1992   0.18   0.14      T
  MONTH TO DATE    2.11                      3.67  -1.56     2.42
  SINCE DEC 1     10.33                      8.67   1.66    11.12
  SINCE JAN 1      2.11                      3.67  -1.56     2.42

SNOWFALL (IN)
  YESTERDAY       MM             0.0    MM  MM               0.0
  MONTH TO DATE    T                        MM               0.0
  SINCE DEC 1      2.4                      MM               0.0
  SINCE JUL 1      2.4                      MM               0.0

DEGREE DAYS
 HEATING
  YESTERDAY        7                        12     -5        1
  MONTH TO DATE  448                       285    163      124
  SINCE DEC 1    816                       637    179      360
  SINCE JUL 1    995                       832    163      455

 COOLING
  YESTERDAY        0                         0      0        0
  MONTH TO DATE    0                         9     -9       60
  SINCE DEC 1     19                        31    -12      127
  SINCE JAN 1      0                         9     -9       60
..................................................................


WIND (MPH)
  RESULTANT WIND SPEED   5   RESULTANT WIND DIRECTION   W (260)
  HIGHEST WIND SPEED    23   HIGHEST WIND DIRECTION     S (160)
  HIGHEST GUST SPEED    29   HIGHEST GUST DIRECTION    SE (150)
  AVERAGE WIND SPEED    11.6


SKY COVER
  POSSIBLE SUNSHINE  MM
  AVERAGE SKY COVER 0.5


WEATHER CONDITIONS
 THE FOLLOWING WEATHER WAS RECORDED YESTERDAY.
  THUNDERSTORM
  HEAVY RAIN
  LIGHT RAIN
  FOG


RELATIVE HUMIDITY (PERCENT)
 HIGHEST    93           200 AM
 LOWEST     27           200 PM
 AVERAGE    60

..........................................................


THE NEW IBERIA CLIMATE NORMALS FOR TODAY
                         NORMAL    RECORD    YEAR
 MAXIMUM TEMPERATURE (F)   63        80      2002
 MINIMUM TEMPERATURE (F)   43        24      1948


SUNRISE AND SUNSET
JANUARY 23 2018.......SUNRISE   702 AM CST   SUNSET   537 PM CST
JANUARY 24 2018.......SUNRISE   702 AM CST   SUNSET   538 PM CST


-  INDICATES NEGATIVE NUMBERS.
R  INDICATES RECORD WAS SET OR TIED.
MM INDICATES DATA IS MISSING.
T  INDICATES TRACE AMOUNT.




$$
