000
CDUS43 KLOT 280634
CLIARR


CLIMATE REPORT
NATIONAL WEATHER SERVICE CHICAGO IL
1232 AM CST SAT FEB 28 2015


...................................

...THE AURORA MUNICIPAL AIRPORT CLIMATE SUMMARY FOR FEBRUARY 27 2015...

CLIMATE NORMAL PERIOD 1981 TO 2010
CLIMATE RECORD PERIOD 1998 TO 2015


WEATHER ITEM   OBSERVED TIME   RECORD YEAR NORMAL DEPARTURE LAST
                VALUE   (LST)  VALUE       VALUE  FROM      YEAR
                                                  NORMAL
..................................................................
TEMPERATURE (F)
 YESTERDAY
  MAXIMUM         11    306 PM  51    2000  39    -28       19
  MINIMUM        -16R   545 AM   0    2014  21    -37        0
  AVERAGE         -2                        30    -32       10

PRECIPITATION (IN)
  YESTERDAY        0.00          0.30 2011   0.08  -0.08     0.00
  MONTH TO DATE    T                         1.55  -1.55     1.05
  SINCE DEC 1      1.39                      4.98  -3.59     2.50
  SINCE JAN 1      0.68                      3.02  -2.34     1.85

DEGREE DAYS
 HEATING
  YESTERDAY       67                        35     32       55
  MONTH TO DATE 1428                      1087    341     1421
  SINCE DEC 1   3813                      3690    123     4075
  SINCE JUL 1   5392                      5104    288     5525

 COOLING
  YESTERDAY        0                         0      0        0
  MONTH TO DATE    0                         0      0        0
  SINCE DEC 1      0                         0      0        0
  SINCE JAN 1      0                         0      0        0
..................................................................


WIND (MPH)
  RESULTANT WIND SPEED   5   RESULTANT WIND DIRECTION   W (280)
  HIGHEST WIND SPEED    13   HIGHEST WIND DIRECTION     W (280)
  HIGHEST GUST SPEED    14   HIGHEST GUST DIRECTION     W (270)
  AVERAGE WIND SPEED     5.7


SKY COVER
  POSSIBLE SUNSHINE  MM
  AVERAGE SKY COVER 0.0


WEATHER CONDITIONS
 THE FOLLOWING WEATHER WAS RECORDED YESTERDAY.
  NO SIGNIFICANT WEATHER WAS OBSERVED.


RELATIVE HUMIDITY (PERCENT)
 HIGHEST    78           500 AM
 LOWEST     52           300 PM
 AVERAGE    65

..........................................................


THE AURORA MUNICIPAL AIRPORT CLIMATE NORMALS FOR TODAY
                         NORMAL    RECORD    YEAR
 MAXIMUM TEMPERATURE (F)   39        65      2000
 MINIMUM TEMPERATURE (F)   21        -2      2014


SUNRISE AND SUNSET
FEBRUARY 28 2015......SUNRISE   631 AM CST   SUNSET   543 PM CST
MARCH  1 2015.........SUNRISE   629 AM CST   SUNSET   544 PM CST


-  INDICATES NEGATIVE NUMBERS.
R  INDICATES RECORD WAS SET OR TIED.
MM INDICATES DATA IS MISSING.
T  INDICATES TRACE AMOUNT.




$$
