000
CDUS43 KLOT 280707
CLIARR


CLIMATE REPORT
NATIONAL WEATHER SERVICE CHICAGO IL
206 AM CDT TUE MAR 28 2017


...................................

...THE AURORA MUNICIPAL AIRPORT CLIMATE SUMMARY FOR MARCH 27 2017...

CLIMATE NORMAL PERIOD 1981 TO 2010
CLIMATE RECORD PERIOD 1998 TO 2017


WEATHER ITEM   OBSERVED TIME   RECORD YEAR NORMAL DEPARTURE LAST
                VALUE   (LST)  VALUE       VALUE  FROM      YEAR
                                                  NORMAL
..................................................................
TEMPERATURE (F)
 YESTERDAY
  MAXIMUM         53   1222 PM  75    2007  52      1       56
  MINIMUM         43   1159 PM  16    2001  31     12       39
  AVERAGE         48                        42      6       48

PRECIPITATION (IN)
  YESTERDAY        T             0.25 2014   0.08  -0.08     0.13
  MONTH TO DATE    1.27                      1.93  -0.66     2.51
  SINCE MAR 1      1.27                      1.93  -0.66     2.51
  SINCE JAN 1      5.16                      5.02   0.14     4.00

DEGREE DAYS
 HEATING
  YESTERDAY       17                        24     -7       17
  MONTH TO DATE  704                       780    -76      585
  SINCE MAR 1    704                       780    -76      585
  SINCE JUL 1   4765                      5918  -1153     4706

 COOLING
  YESTERDAY        0                         0      0        0
  MONTH TO DATE    0                         0      0        0
  SINCE MAR 1      0                         0      0        0
  SINCE JAN 1      0                         0      0        0
..................................................................


WIND (MPH)
  RESULTANT WIND SPEED   2   RESULTANT WIND DIRECTION   N (10)
  HIGHEST WIND SPEED    13   HIGHEST WIND DIRECTION    NE (40)
  HIGHEST GUST SPEED    16   HIGHEST GUST DIRECTION    NE (60)
  AVERAGE WIND SPEED     6.9


SKY COVER
  POSSIBLE SUNSHINE  MM
  AVERAGE SKY COVER 1.0


WEATHER CONDITIONS
 THE FOLLOWING WEATHER WAS RECORDED YESTERDAY.
  FOG
  HAZE


RELATIVE HUMIDITY (PERCENT)
 HIGHEST    93           200 AM
 LOWEST     83          1000 AM
 AVERAGE    88

..........................................................


THE AURORA MUNICIPAL AIRPORT CLIMATE NORMALS FOR TODAY
                         NORMAL    RECORD    YEAR
 MAXIMUM TEMPERATURE (F)   53        71      2004
 MINIMUM TEMPERATURE (F)   31        14      2015


SUNRISE AND SUNSET
MARCH 28 2017.........SUNRISE   643 AM CDT   SUNSET   715 PM CDT
MARCH 29 2017.........SUNRISE   641 AM CDT   SUNSET   716 PM CDT


-  INDICATES NEGATIVE NUMBERS.
R  INDICATES RECORD WAS SET OR TIED.
MM INDICATES DATA IS MISSING.
T  INDICATES TRACE AMOUNT.




$$
