000
CDUS43 KLOT 300633
CLIARR


CLIMATE REPORT
NATIONAL WEATHER SERVICE CHICAGO IL
131 AM CDT THU JUL 30 2015


...................................

...THE AURORA MUNICIPAL AIRPORT CLIMATE SUMMARY FOR JULY 29 2015...

CLIMATE NORMAL PERIOD 1981 TO 2010
CLIMATE RECORD PERIOD 1998 TO 2015


WEATHER ITEM   OBSERVED TIME   RECORD YEAR NORMAL DEPARTURE LAST
                VALUE   (LST)  VALUE       VALUE  FROM      YEAR
                                                  NORMAL
..................................................................
TEMPERATURE (F)
 YESTERDAY
  MAXIMUM         84    336 PM  93    2006  82      2       80
  MINIMUM         62   1156 PM  49    2013  59      3       52
  AVERAGE         73                        71      2       66

PRECIPITATION (IN)
  YESTERDAY        0.50R         0.47 2008   0.13   0.37     0.32
  MONTH TO DATE    5.04                      3.90   1.14     2.12
  SINCE JUN 1     13.73                      7.91   5.82    11.08
  SINCE JAN 1     23.08                     20.79   2.29    19.07

DEGREE DAYS
 HEATING
  YESTERDAY        0                         0      0        0
  MONTH TO DATE   12                         0     12       15
  SINCE JUN 1     30                        41    -11       31
  SINCE JUL 1     12                         0     12       15

 COOLING
  YESTERDAY        8                         6      2        1
  MONTH TO DATE  200                       199      1      115
  SINCE JUN 1    351                       354     -3      311
  SINCE JAN 1    420                       395     25      397
..................................................................


WIND (MPH)
  RESULTANT WIND SPEED   8   RESULTANT WIND DIRECTION   W (290)
  HIGHEST WIND SPEED    21   HIGHEST WIND DIRECTION     W (280)
  HIGHEST GUST SPEED    24   HIGHEST GUST DIRECTION     W (270)
  AVERAGE WIND SPEED     9.1


SKY COVER
  POSSIBLE SUNSHINE  MM
  AVERAGE SKY COVER 0.2


WEATHER CONDITIONS
 THE FOLLOWING WEATHER WAS RECORDED YESTERDAY.
  THUNDERSTORM
  HEAVY RAIN
  RAIN
  LIGHT RAIN
  FOG
  HAZE


RELATIVE HUMIDITY (PERCENT)
 HIGHEST    87           200 AM
 LOWEST     40           400 PM
 AVERAGE    64

..........................................................


THE AURORA MUNICIPAL AIRPORT CLIMATE NORMALS FOR TODAY
                         NORMAL    RECORD    YEAR
 MAXIMUM TEMPERATURE (F)   82        99      1999
 MINIMUM TEMPERATURE (F)   59        53      2009
                                             2003


SUNRISE AND SUNSET
JULY 30 2015..........SUNRISE   546 AM CDT   SUNSET   814 PM CDT
JULY 31 2015..........SUNRISE   547 AM CDT   SUNSET   813 PM CDT


-  INDICATES NEGATIVE NUMBERS.
R  INDICATES RECORD WAS SET OR TIED.
MM INDICATES DATA IS MISSING.
T  INDICATES TRACE AMOUNT.




$$
