000
CDUS41 KBUF 200705
CLIART


CLIMATE REPORT
NATIONAL WEATHER SERVICE BUFFALO NY
305 AM EDT SAT SEP 20 2014


...................................

...THE WATERTOWN NY CLIMATE SUMMARY FOR SEPTEMBER 19 2014...

CLIMATE NORMAL PERIOD 1981 TO 2010
CLIMATE RECORD PERIOD 1949 TO 2014


WEATHER ITEM   OBSERVED TIME   RECORD YEAR NORMAL DEPARTURE LAST
                VALUE   (LST)  VALUE       VALUE  FROM      YEAR
                                                  NORMAL
..................................................................
TEMPERATURE (F)
 YESTERDAY
  MAXIMUM         61   1259 PM  84    2003  69     -8       75
  MINIMUM         32    621 AM  29    2009  47    -15       41
  AVERAGE         47                        58    -11       58

PRECIPITATION (IN)
  YESTERDAY        0.00          0.85 1971   0.13  -0.13     0.00
  MONTH TO DATE    1.29                      2.20  -0.91     1.72
  SINCE SEP 1      1.29                      2.20  -0.91     1.72
  SINCE JAN 1     33.55                     24.00   9.55    23.52

DEGREE DAYS
 HEATING
  YESTERDAY       18                         8     10        7
  MONTH TO DATE  124                        95     29      124
  SINCE SEP 1    124                        95     29      124
  SINCE JUL 1    174                       167      7      167

 COOLING
  YESTERDAY        0                         1     -1        0
  MONTH TO DATE   52                        29     23       48
  SINCE SEP 1     52                        29     23       48
  SINCE JAN 1    412                       353     59      481
..................................................................


WIND (MPH)
  HIGHEST WIND SPEED    13   HIGHEST WIND DIRECTION     S (170)
  HIGHEST GUST SPEED    21   HIGHEST GUST DIRECTION     S (180)
  AVERAGE WIND SPEED     3.3


SKY COVER
  AVERAGE SKY COVER 0.0


WEATHER CONDITIONS
 THE FOLLOWING WEATHER WAS RECORDED YESTERDAY.
  NO SIGNIFICANT WEATHER WAS OBSERVED.


RELATIVE HUMIDITY (PERCENT)
 HIGHEST    82           300 AM
 LOWEST     36           100 PM
 AVERAGE    59

..........................................................


THE WATERTOWN NY CLIMATE NORMALS FOR TODAY
                         NORMAL    RECORD    YEAR
 MAXIMUM TEMPERATURE (F)   69        88      1983
 MINIMUM TEMPERATURE (F)   47        27      1993


SUNRISE AND SUNSET
SEPTEMBER 20 2014.....SUNRISE   649 AM EDT   SUNSET   705 PM EDT
SEPTEMBER 21 2014.....SUNRISE   650 AM EDT   SUNSET   703 PM EDT


-  INDICATES NEGATIVE NUMBERS.
R  INDICATES RECORD WAS SET OR TIED.
MM INDICATES DATA IS MISSING.
T  INDICATES TRACE AMOUNT.




$$
