000
CDUS41 KBUF 102140
CLIART


CLIMATE REPORT
NATIONAL WEATHER SERVICE BUFFALO NY
439 PM EST SAT DEC 10 2016


...................................

...THE WATERTOWN NY CLIMATE SUMMARY FOR DECEMBER 10 2016...
VALID TODAY AS OF 0400 PM LOCAL TIME.

CLIMATE NORMAL PERIOD 1981 TO 2010
CLIMATE RECORD PERIOD 1949 TO 2016


WEATHER ITEM   OBSERVED TIME   RECORD YEAR NORMAL DEPARTURE LAST
                VALUE   (LST)  VALUE       VALUE  FROM      YEAR
                                                  NORMAL
..................................................................
TEMPERATURE (F)
 TODAY
  MAXIMUM         25    346 PM  57    1952  37    -12       53
  MINIMUM          9    707 AM -15    1968  20    -11       45
  AVERAGE         17                        28    -11       49

PRECIPITATION (IN)
  TODAY            0.00          2.26 1995   0.12  -0.12     0.05
  MONTH TO DATE    0.75                      1.11  -0.36     0.63
  SINCE DEC 1      0.75                      1.11  -0.36     0.63
  SINCE JAN 1     29.08                     34.04  -4.96    26.22

DEGREE DAYS
 HEATING
  TODAY           48                        37     11       16
  MONTH TO DATE  320                       347    -27      259
  SINCE DEC 1    320                       347    -27      259
  SINCE JUL 1   1662                      1946   -284     1626

 COOLING
  TODAY            0                         0      0        0
  MONTH TO DATE    0                         0      0        0
  SINCE DEC 1      0                         0      0        0
  SINCE JAN 1    566                       362    204      388
..................................................................


WIND (MPH)
  HIGHEST WIND SPEED     8   HIGHEST WIND DIRECTION     W (260)
  HIGHEST GUST SPEED    11   HIGHEST GUST DIRECTION     N (340)
  AVERAGE WIND SPEED     2.0


SKY COVER
  AVERAGE SKY COVER 0.6


WEATHER CONDITIONS
 THE FOLLOWING WEATHER WAS RECORDED TODAY.
  NO SIGNIFICANT WEATHER WAS OBSERVED.


RELATIVE HUMIDITY (PERCENT)
 HIGHEST    92           400 AM
 LOWEST     68           100 AM
 AVERAGE    80

..........................................................


THE WATERTOWN NY CLIMATE NORMALS FOR TOMORROW
                         NORMAL    RECORD    YEAR
 MAXIMUM TEMPERATURE (F)   36        60      1979
 MINIMUM TEMPERATURE (F)   20       -15      1988


SUNRISE AND SUNSET
DECEMBER 10 2016......SUNRISE   728 AM EST   SUNSET   426 PM EST
DECEMBER 11 2016......SUNRISE   729 AM EST   SUNSET   426 PM EST


-  INDICATES NEGATIVE NUMBERS.
R  INDICATES RECORD WAS SET OR TIED.
MM INDICATES DATA IS MISSING.
T  INDICATES TRACE AMOUNT.

$$
