250
CDUS41 KBUF 252137
CLIART


CLIMATE REPORT
NATIONAL WEATHER SERVICE BUFFALO NY
436 PM EST SUN FEB 25 2018


...................................

...THE WATERTOWN NY CLIMATE SUMMARY FOR FEBRUARY 25 2018...
VALID TODAY AS OF 0400 PM LOCAL TIME.

CLIMATE NORMAL PERIOD 1981 TO 2010
CLIMATE RECORD PERIOD 1949 TO 2018


WEATHER ITEM   OBSERVED TIME   RECORD YEAR NORMAL DEPARTURE LAST
                VALUE   (LST)  VALUE       VALUE  FROM      YEAR
                                                  NORMAL
..................................................................
TEMPERATURE (F)
 TODAY
  MAXIMUM         51    359 PM  64    2017  34     17       64
  MINIMUM         30   1252 AM -29    1993  13     17       32
  AVERAGE         41                        23     18       48

PRECIPITATION (IN)
  TODAY            0.19          1.07 1961   0.08   0.11     0.66
  MONTH TO DATE    1.41                      1.97  -0.56     1.85
  SINCE DEC 1      5.46                      7.78  -2.32     5.82
  SINCE JAN 1      3.67                      4.63  -0.96     3.63

DEGREE DAYS
 HEATING
  TODAY           24                        42    -18       17
  MONTH TO DATE  923                      1108   -185      898
  SINCE DEC 1   3780                      3720     60     3187
  SINCE JUL 1   5139                      5319   -180     4529

 COOLING
  TODAY            0                         0      0        0
  MONTH TO DATE    0                         0      0        0
  SINCE DEC 1      0                         0      0        0
  SINCE JAN 1      0                         0      0        0
..................................................................


WIND (MPH)
  HIGHEST WIND SPEED    25   HIGHEST WIND DIRECTION     S (170)
  HIGHEST GUST SPEED    41   HIGHEST GUST DIRECTION    SE (150)
  AVERAGE WIND SPEED    10.5


SKY COVER
  AVERAGE SKY COVER 0.8


WEATHER CONDITIONS
 THE FOLLOWING WEATHER WAS RECORDED TODAY.
  HEAVY RAIN
  LIGHT RAIN
  FOG


RELATIVE HUMIDITY (PERCENT)
 HIGHEST    96           500 AM
 LOWEST     71           300 PM
 AVERAGE    84

..........................................................


THE WATERTOWN NY CLIMATE NORMALS FOR TOMORROW
                         NORMAL    RECORD    YEAR
 MAXIMUM TEMPERATURE (F)   34        62      1976
 MINIMUM TEMPERATURE (F)   13       -27      1963


SUNRISE AND SUNSET
FEBRUARY 25 2018......SUNRISE   648 AM EST   SUNSET   547 PM EST
FEBRUARY 26 2018......SUNRISE   646 AM EST   SUNSET   549 PM EST


-  INDICATES NEGATIVE NUMBERS.
R  INDICATES RECORD WAS SET OR TIED.
MM INDICATES DATA IS MISSING.
T  INDICATES TRACE AMOUNT.

$$
