319
CDUS41 KBUF 211019
CLIART


CLIMATE REPORT
NATIONAL WEATHER SERVICE BUFFALO NY
618 AM EDT MON AUG 21 2017


...................................

...THE WATERTOWN NY CLIMATE SUMMARY FOR AUGUST 20 2017...

CLIMATE NORMAL PERIOD 1981 TO 2010
CLIMATE RECORD PERIOD 1949 TO 2017


WEATHER ITEM   OBSERVED TIME   RECORD YEAR NORMAL DEPARTURE LAST
                VALUE   (LST)  VALUE       VALUE  FROM      YEAR
                                                  NORMAL
..................................................................
TEMPERATURE (F)
 YESTERDAY
  MAXIMUM         76    454 PM  89    2016  78     -2       89
  MINIMUM         59    543 AM  39    2000  56      3       61
  AVERAGE         68                        67      1       75

PRECIPITATION (IN)
  YESTERDAY        0.00          1.21 2015   0.10  -0.10     0.00
  MONTH TO DATE    1.90                      2.05  -0.15     1.53
  SINCE JUN 1     12.86                      7.55   5.31     5.53
  SINCE JAN 1     28.53                     20.70   7.83    16.53

DEGREE DAYS
 HEATING
  YESTERDAY        0                         2     -2        0
  MONTH TO DATE    7                        21    -14        0
  SINCE JUN 1    120                       154    -34      103
  SINCE JUL 1     18                        47    -29        5

 COOLING
  YESTERDAY        3                         3      0       10
  MONTH TO DATE   88                        81      7      181
  SINCE JUN 1    292                       282     10      430
  SINCE JAN 1    311                       293     18      460
..................................................................


WIND (MPH)
  HIGHEST WIND SPEED    16   HIGHEST WIND DIRECTION     W (260)
  HIGHEST GUST SPEED    21   HIGHEST GUST DIRECTION     W (260)
  AVERAGE WIND SPEED     6.4


SKY COVER
  AVERAGE SKY COVER 0.3


WEATHER CONDITIONS
 THE FOLLOWING WEATHER WAS RECORDED YESTERDAY.
  FOG


RELATIVE HUMIDITY (PERCENT)
 HIGHEST   100           400 AM
 LOWEST     60           300 PM
 AVERAGE    80

..........................................................


THE WATERTOWN NY CLIMATE NORMALS FOR TODAY
                         NORMAL    RECORD    YEAR
 MAXIMUM TEMPERATURE (F)   78        86      1976
 MINIMUM TEMPERATURE (F)   56        38      1969


SUNRISE AND SUNSET
AUGUST 21 2017........SUNRISE   615 AM EDT   SUNSET   758 PM EDT
AUGUST 22 2017........SUNRISE   616 AM EDT   SUNSET   757 PM EDT


-  INDICATES NEGATIVE NUMBERS.
R  INDICATES RECORD WAS SET OR TIED.
MM INDICATES DATA IS MISSING.
T  INDICATES TRACE AMOUNT.




$$
