000
CDUS41 KBUF 272027
CLIART


CLIMATE REPORT
NATIONAL WEATHER SERVICE BUFFALO NY
427 PM EDT TUE JUN 27 2017


...................................

...THE WATERTOWN NY CLIMATE SUMMARY FOR JUNE 27 2017...
VALID TODAY AS OF 0400 PM LOCAL TIME.

CLIMATE NORMAL PERIOD 1981 TO 2010
CLIMATE RECORD PERIOD 1949 TO 2017


WEATHER ITEM   OBSERVED TIME   RECORD YEAR NORMAL DEPARTURE LAST
                VALUE   (LST)  VALUE       VALUE  FROM      YEAR
                                                  NORMAL
..................................................................
TEMPERATURE (F)
 TODAY
  MAXIMUM         65    259 PM  94    1999  77    -12       83
  MINIMUM         53    458 AM  41    1982  56     -3       67
  AVERAGE         59                        66     -7       75

PRECIPITATION (IN)
  TODAY            0.10          0.83 2010   0.08   0.02     0.58
  MONTH TO DATE    5.90                      2.59   3.31     3.60
  SINCE JUN 1      5.90                      2.59   3.31     3.60
  SINCE JAN 1     21.57                     15.74   5.83    14.60

DEGREE DAYS
 HEATING
  TODAY            6                         2      4        0
  MONTH TO DATE   99                       102     -3       98
  SINCE JUN 1     99                       102     -3       98
  SINCE JUL 1   6748                      7578   -830     6738

 COOLING
  TODAY            0                         3     -3       10
  MONTH TO DATE   70                        50     20       45
  SINCE JUN 1     70                        50     20       45
  SINCE JAN 1     89                        61     28       75
..................................................................


WIND (MPH)
  HIGHEST WIND SPEED    18   HIGHEST WIND DIRECTION     W (260)
  HIGHEST GUST SPEED    26   HIGHEST GUST DIRECTION    SW (220)
  AVERAGE WIND SPEED     7.6


SKY COVER
  AVERAGE SKY COVER 0.5


WEATHER CONDITIONS
 THE FOLLOWING WEATHER WAS RECORDED TODAY.
  THUNDERSTORM
  RAIN
  LIGHT RAIN
  FOG


RELATIVE HUMIDITY (PERCENT)
 HIGHEST   100           200 AM
 LOWEST     67           200 PM
 AVERAGE    84

..........................................................


THE WATERTOWN NY CLIMATE NORMALS FOR TOMORROW
                         NORMAL    RECORD    YEAR
 MAXIMUM TEMPERATURE (F)   78        90      2005
 MINIMUM TEMPERATURE (F)   56        38      1970


SUNRISE AND SUNSET
JUNE 27 2017..........SUNRISE   523 AM EDT   SUNSET   851 PM EDT
JUNE 28 2017..........SUNRISE   524 AM EDT   SUNSET   851 PM EDT


-  INDICATES NEGATIVE NUMBERS.
R  INDICATES RECORD WAS SET OR TIED.
MM INDICATES DATA IS MISSING.
T  INDICATES TRACE AMOUNT.




$$
