000
CDUS45 KGJT 200737
CLIASE


CLIMATE REPORT
NATIONAL WEATHER SERVICE GRAND JUNCTION CO
135 AM MDT WED AUG 20 2014


...................................

...THE ASPEN CO CLIMATE SUMMARY FOR AUGUST 19 2014...

CLIMATE NORMAL PERIOD 1981 TO 2010
CLIMATE RECORD PERIOD 9999 TO 9999


WEATHER ITEM   OBSERVED TIME   RECORD YEAR NORMAL DEPARTURE LAST
                VALUE   (LST)  VALUE       VALUE  FROM      YEAR
                                                  NORMAL
..................................................................
TEMPERATURE (F)
 YESTERDAY
  MAXIMUM         77   1248 PM  MM      MM  77      0       85
  MINIMUM         53   1143 PM  MM      MM  46      7       45
  AVERAGE         65                        61      4       65

PRECIPITATION (IN)
  YESTERDAY        0.14         MM      MM   0.04   0.10     0.00
  MONTH TO DATE    0.84                      1.11  -0.27     0.81
  SINCE JUN 1      2.78                      3.95  -1.17     2.48
  SINCE JAN 1      8.31                     10.89  -2.58     9.16

SNOWFALL (IN)
  YESTERDAY       MM            MM      MM  MM     MM       MM
  MONTH TO DATE   MM                        MM     MM       MM
  SINCE JUN 1     MM                        MM     MM       MM
  SINCE JUL 1     MM                        MM     MM       MM
  SNOW DEPTH      MM

DEGREE DAYS
 HEATING
  YESTERDAY        0                         4     -4        0
  MONTH TO DATE   47                        59    -12       88
  SINCE JUN 1    277                       359    -82      266
  SINCE JUL 1     72                       130    -58      120

 COOLING
  YESTERDAY        0                         0      0        0
  MONTH TO DATE    1                         9     -8        2
  SINCE JUN 1     56                        38     18       58
  SINCE JAN 1     56                        38     18       58
..................................................................


WIND (MPH)
  HIGHEST WIND SPEED    20   HIGHEST WIND DIRECTION    SE (140)
  HIGHEST GUST SPEED    27   HIGHEST GUST DIRECTION    SE (130)
  AVERAGE WIND SPEED     5.1


SKY COVER
  POSSIBLE SUNSHINE  MM
  AVERAGE SKY COVER 0.5


WEATHER CONDITIONS
 THE FOLLOWING WEATHER WAS RECORDED YESTERDAY.
  THUNDERSTORM
  HEAVY RAIN
  RAIN
  LIGHT RAIN


RELATIVE HUMIDITY (PERCENT)
 HIGHEST    93          1100 PM
 LOWEST     25           200 PM
 AVERAGE    59

..........................................................


THE ASPEN CO CLIMATE NORMALS FOR TODAY
                         NORMAL    RECORD    YEAR
 MAXIMUM TEMPERATURE (F)   76        MM        MM
 MINIMUM TEMPERATURE (F)   45        MM        MM


SUNRISE AND SUNSET
AUGUST 20 2014........SUNRISE   625 AM MDT   SUNSET   756 PM MDT
AUGUST 21 2014........SUNRISE   626 AM MDT   SUNSET   754 PM MDT


-  INDICATES NEGATIVE NUMBERS.
R  INDICATES RECORD WAS SET OR TIED.
MM INDICATES DATA IS MISSING.
T  INDICATES TRACE AMOUNT.




$$
