000
CDUS45 KGJT 060744
CLIASE


CLIMATE REPORT
NATIONAL WEATHER SERVICE GRAND JUNCTION CO
130 AM MDT MON JUL 6 2015


...................................

...THE ASPEN CO CLIMATE SUMMARY FOR JULY 5 2015...

CLIMATE NORMAL PERIOD 1981 TO 2010
CLIMATE RECORD PERIOD 9999 TO 9999


WEATHER ITEM   OBSERVED TIME   RECORD YEAR NORMAL DEPARTURE LAST
                VALUE   (LST)  VALUE       VALUE  FROM      YEAR
                                                  NORMAL
..................................................................
TEMPERATURE (F)
 YESTERDAY
  MAXIMUM         71    158 PM  MM      MM  80     -9       84
  MINIMUM         52    541 AM  MM      MM  46      6       45
  AVERAGE         62                        63     -1       65

PRECIPITATION (IN)
  YESTERDAY        0.18         MM      MM   0.04   0.14     0.01
  MONTH TO DATE    0.26                      0.20   0.06     0.01
  SINCE JUN 1      1.57                      1.33   0.24     0.05
  SINCE JAN 1      8.88                      8.27   0.61     5.58

SNOWFALL (IN)
  YESTERDAY       MM            MM      MM  MM     MM       MM
  MONTH TO DATE   MM                        MM     MM       MM
  SINCE JUN 1     MM                        MM     MM       MM
  SINCE JUL 1     MM                        MM     MM       MM
  SNOW DEPTH      MM

DEGREE DAYS
 HEATING
  YESTERDAY        3                         3      0        0
  MONTH TO DATE    3                        16    -13        8
  SINCE JUN 1    110                       245   -135      213
  SINCE JUL 1      3                        16    -13        8

 COOLING
  YESTERDAY        0                         1     -1        0
  MONTH TO DATE   13                         3     10        3
  SINCE JUN 1     49                         7     42        4
  SINCE JAN 1     49                         7     42        4
..................................................................


WIND (MPH)
  HIGHEST WIND SPEED    16   HIGHEST WIND DIRECTION    NW (320)
  HIGHEST GUST SPEED    22   HIGHEST GUST DIRECTION    NW (320)
  AVERAGE WIND SPEED     4.9


SKY COVER
  POSSIBLE SUNSHINE  MM
  AVERAGE SKY COVER 0.6


WEATHER CONDITIONS
 THE FOLLOWING WEATHER WAS RECORDED YESTERDAY.
  RAIN
  LIGHT RAIN
  FOG


RELATIVE HUMIDITY (PERCENT)
 HIGHEST    93          1100 PM
 LOWEST     51          1100 AM
 AVERAGE    72

..........................................................


THE ASPEN CO CLIMATE NORMALS FOR TODAY
                         NORMAL    RECORD    YEAR
 MAXIMUM TEMPERATURE (F)   80        MM        MM
 MINIMUM TEMPERATURE (F)   46        MM        MM


SUNRISE AND SUNSET
JULY  6 2015..........SUNRISE   547 AM MDT   SUNSET   837 PM MDT
JULY  7 2015..........SUNRISE   548 AM MDT   SUNSET   836 PM MDT


-  INDICATES NEGATIVE NUMBERS.
R  INDICATES RECORD WAS SET OR TIED.
MM INDICATES DATA IS MISSING.
T  INDICATES TRACE AMOUNT.




$$
