000
CDUS45 KGJT 180757
CLIASE


CLIMATE REPORT
NATIONAL WEATHER SERVICE GRAND JUNCTION CO
1230 AM MST THU DEC 18 2014


...................................

...THE ASPEN CO CLIMATE SUMMARY FOR DECEMBER 17 2014...

CLIMATE NORMAL PERIOD 1981 TO 2010
CLIMATE RECORD PERIOD 9999 TO 9999


WEATHER ITEM   OBSERVED TIME   RECORD YEAR NORMAL DEPARTURE LAST
                VALUE   (LST)  VALUE       VALUE  FROM      YEAR
                                                  NORMAL
..................................................................
TEMPERATURE (F)
 YESTERDAY
  MAXIMUM         35    156 PM  MM      MM  31      4       39
  MINIMUM         15    715 AM  MM      MM   7      8        9
  AVERAGE         25                        19      6       24

PRECIPITATION (IN)
  YESTERDAY        0.05         MM      MM   0.03   0.02     0.00
  MONTH TO DATE    0.66                      0.59   0.07     1.72
  SINCE DEC 1      0.66                      0.59   0.07     1.72
  SINCE JAN 1     14.29                     16.71  -2.42    17.03

SNOWFALL (IN)
  YESTERDAY       MM            MM      MM  MM     MM       MM
  MONTH TO DATE   MM                        MM     MM       MM
  SINCE DEC 1     MM                        MM     MM       MM
  SINCE JUL 1     MM                        MM     MM       MM
  SNOW DEPTH      MM

DEGREE DAYS
 HEATING
  YESTERDAY       40                        46     -6       41
  MONTH TO DATE  578                       754   -176      864
  SINCE DEC 1    578                       754   -176      864
  SINCE JUL 1   2564                      3080   -516     3082

 COOLING
  YESTERDAY        0                         0      0        0
  MONTH TO DATE    0                         0      0        0
  SINCE DEC 1      0                         0      0        0
  SINCE JAN 1     56                        39     17       69
..................................................................


WIND (MPH)
  HIGHEST WIND SPEED     9   HIGHEST WIND DIRECTION     N (20)
  HIGHEST GUST SPEED    11   HIGHEST GUST DIRECTION     N (20)
  AVERAGE WIND SPEED     2.2


SKY COVER
  POSSIBLE SUNSHINE  MM
  AVERAGE SKY COVER 0.8


WEATHER CONDITIONS
 THE FOLLOWING WEATHER WAS RECORDED YESTERDAY.
  LIGHT SNOW
  FOG


RELATIVE HUMIDITY (PERCENT)
 HIGHEST   100           600 PM
 LOWEST     63          1200 PM
 AVERAGE    82

..........................................................


THE ASPEN CO CLIMATE NORMALS FOR TODAY
                         NORMAL    RECORD    YEAR
 MAXIMUM TEMPERATURE (F)   31        MM        MM
 MINIMUM TEMPERATURE (F)    7        MM        MM


SUNRISE AND SUNSET
DECEMBER 18 2014......SUNRISE   722 AM MST   SUNSET   447 PM MST
DECEMBER 19 2014......SUNRISE   722 AM MST   SUNSET   447 PM MST


-  INDICATES NEGATIVE NUMBERS.
R  INDICATES RECORD WAS SET OR TIED.
MM INDICATES DATA IS MISSING.
T  INDICATES TRACE AMOUNT.




$$
