000
CDUS46 KPQR 200223
CLIAST


CLIMATE REPORT
NATIONAL WEATHER SERVICE PORTLAND OREGON
722 PM PDT SUN OCT 19 2014


...................................

...THE ASTORIA OR CLIMATE SUMMARY FOR OCTOBER 19 2014...
VALID TODAY AS OF 0700 PM LOCAL TIME.

CLIMATE NORMAL PERIOD 1981 TO 2010
CLIMATE RECORD PERIOD 1892 TO 2014


WEATHER ITEM   OBSERVED TIME   RECORD YEAR NORMAL DEPARTURE LAST
                VALUE   (LST)  VALUE       VALUE  FROM      YEAR
                                                  NORMAL
..................................................................
TEMPERATURE (F)
 TODAY
  MAXIMUM         68    217 PM  77    1938  60      8       62
  MINIMUM         57   1247 AM  31    1949  44     13       37
  AVERAGE         63                        52     11       50

PRECIPITATION (IN)
  TODAY            0.03          2.35 1940   0.21  -0.18     0.00
  MONTH TO DATE    2.60                      3.01  -0.41     1.92
  SINCE OCT 1      2.60                      3.01  -0.41     1.92
  SINCE JAN 1     49.85                     43.25   6.60    48.97

DEGREE DAYS
 HEATING
  TODAY            2                        13    -11       15
  MONTH TO DATE   94                       215   -121      244
  SINCE SEP 1    186                       415   -229      390
  SINCE JUL 1    344                       696   -352      637

 COOLING
  TODAY            0                         0      0        0
  MONTH TO DATE    0                         0      0        0
  SINCE SEP 1     20                         5     15        3
  SINCE JAN 1     45                        12     33        9
..................................................................


WIND (MPH)
  HIGHEST WIND SPEED    25   HIGHEST WIND DIRECTION     S (190)
  HIGHEST GUST SPEED    43   HIGHEST GUST DIRECTION     S (190)
  AVERAGE WIND SPEED     8.7


SKY COVER
  POSSIBLE SUNSHINE  MM
  AVERAGE SKY COVER 1.0


WEATHER CONDITIONS
 THE FOLLOWING WEATHER WAS RECORDED TODAY.
  RAIN
  LIGHT RAIN
  FOG


RELATIVE HUMIDITY (PERCENT)
 HIGHEST   100          1200 AM
 LOWEST     63           100 PM
 AVERAGE    82

..........................................................


THE ASTORIA OR CLIMATE NORMALS FOR TOMORROW
                         NORMAL    RECORD    YEAR
 MAXIMUM TEMPERATURE (F)   60        76      1938
 MINIMUM TEMPERATURE (F)   44        33      1949


SUNRISE AND SUNSET
OCTOBER 19 2014.......SUNRISE   738 AM PDT   SUNSET   622 PM PDT
OCTOBER 20 2014.......SUNRISE   740 AM PDT   SUNSET   620 PM PDT


-  INDICATES NEGATIVE NUMBERS.
R  INDICATES RECORD WAS SET OR TIED.
MM INDICATES DATA IS MISSING.
T  INDICATES TRACE AMOUNT.




$$
