000
CDUS46 KPQR 011141
CLIAST


CLIMATE REPORT
NATIONAL WEATHER SERVICE PORTLAND OREGON
440 AM PDT SUN MAY 1 2016


...................................

...THE ASTORIA OR CLIMATE SUMMARY FOR APRIL 30 2016...

CLIMATE NORMAL PERIOD 1981 TO 2010
CLIMATE RECORD PERIOD 1892 TO 2016


WEATHER ITEM   OBSERVED TIME   RECORD YEAR NORMAL DEPARTURE LAST
                VALUE   (LST)  VALUE       VALUE  FROM      YEAR
                                                  NORMAL
..................................................................
TEMPERATURE (F)
 YESTERDAY
  MAXIMUM         61    431 PM  84    2014  58      3       61
  MINIMUM         44    528 AM  32    1986  43      1       41
  AVERAGE         53                        50      3       51

PRECIPITATION (IN)
  YESTERDAY        0.00          2.40 1940   0.13  -0.13     0.00
  MONTH TO DATE    1.99                      5.20  -3.21     3.31
  SINCE OCT 1     78.90                     57.06  21.84    50.99
  SINCE JAN 1     36.37                     30.04   6.33    25.37

DEGREE DAYS
 HEATING
  YESTERDAY       12                        15     -3       14
  MONTH TO DATE  346                       489   -143      461
  SINCE MAR 1    806                      1067   -261      930
  SINCE JUL 1   3425                      4409   -984     3470

 COOLING
  YESTERDAY        0                         0      0        0
  MONTH TO DATE    3                         0      3        2
  SINCE MAR 1      3                         0      3        2
  SINCE JAN 1      3                         0      3        2
..................................................................


WIND (MPH)
  HIGHEST WIND SPEED    21   HIGHEST WIND DIRECTION    NW (310)
  HIGHEST GUST SPEED    26   HIGHEST GUST DIRECTION    NW (320)
  AVERAGE WIND SPEED     7.7


SKY COVER
  POSSIBLE SUNSHINE  MM
  AVERAGE SKY COVER 0.4


WEATHER CONDITIONS
 THE FOLLOWING WEATHER WAS RECORDED YESTERDAY.
  FOG
  HAZE


RELATIVE HUMIDITY (PERCENT)
 HIGHEST    93          1000 PM
 LOWEST     62          1000 AM
 AVERAGE    78

..........................................................


THE ASTORIA OR CLIMATE NORMALS FOR TODAY
                         NORMAL    RECORD    YEAR
 MAXIMUM TEMPERATURE (F)   58        81      2014
 MINIMUM TEMPERATURE (F)   43        30      1954


SUNRISE AND SUNSET
MAY  1 2016...........SUNRISE   601 AM PDT   SUNSET   825 PM PDT
MAY  2 2016...........SUNRISE   600 AM PDT   SUNSET   826 PM PDT


-  INDICATES NEGATIVE NUMBERS.
R  INDICATES RECORD WAS SET OR TIED.
MM INDICATES DATA IS MISSING.
T  INDICATES TRACE AMOUNT.




$$
