000
CDUS46 KPQR 230228
CLIAST


CLIMATE REPORT
NATIONAL WEATHER SERVICE PORTLAND OREGON
728 PM PDT THU JUN 22 2017


...................................

...THE ASTORIA OR CLIMATE SUMMARY FOR JUNE 22 2017...
VALID TODAY AS OF 0700 PM LOCAL TIME.

CLIMATE NORMAL PERIOD 1981 TO 2010
CLIMATE RECORD PERIOD 1892 TO 2017


WEATHER ITEM   OBSERVED TIME   RECORD YEAR NORMAL DEPARTURE LAST
                VALUE   (LST)  VALUE       VALUE  FROM      YEAR
                                                  NORMAL
..................................................................
TEMPERATURE (F)
 TODAY
  MAXIMUM         71   1214 PM  79    1926  65      6       68
  MINIMUM         45    449 AM  41    1965  51     -6       51
  AVERAGE         58                        58      0       60

PRECIPITATION (IN)
  TODAY            0.00          1.70 1897   0.07  -0.07     0.06
  MONTH TO DATE    2.44                      2.06   0.38     1.63
  SINCE OCT 1     93.44                     62.44  31.00    81.39
  SINCE JAN 1     49.57                     35.42  14.15    38.86

DEGREE DAYS
 HEATING
  TODAY            7                         7      0        5
  MONTH TO DATE  180                       189     -9      137
  SINCE JUN 1    180                       189     -9      137
  SINCE JUL 1   4546                      4970   -424     3840

 COOLING
  TODAY            0                         0      0        0
  MONTH TO DATE    1                         0      1        6
  SINCE JUN 1      1                         0      1        6
  SINCE JAN 1      3                         0      3        9
..................................................................


WIND (MPH)
  HIGHEST WIND SPEED    23   HIGHEST WIND DIRECTION    NW (320)
  HIGHEST GUST SPEED    29   HIGHEST GUST DIRECTION    NW (320)
  AVERAGE WIND SPEED     9.2


SKY COVER
  POSSIBLE SUNSHINE  MM
  AVERAGE SKY COVER 0.0


WEATHER CONDITIONS
 THE FOLLOWING WEATHER WAS RECORDED TODAY.
  NO SIGNIFICANT WEATHER WAS OBSERVED.


RELATIVE HUMIDITY (PERCENT)
 HIGHEST    93           300 AM
 LOWEST     55          1100 AM
 AVERAGE    74

..........................................................


THE ASTORIA OR CLIMATE NORMALS FOR TOMORROW
                         NORMAL    RECORD    YEAR
 MAXIMUM TEMPERATURE (F)   65        90      1926
 MINIMUM TEMPERATURE (F)   51        40      1977


SUNRISE AND SUNSET
JUNE 22 2017..........SUNRISE   524 AM PDT   SUNSET   911 PM PDT
JUNE 23 2017..........SUNRISE   525 AM PDT   SUNSET   911 PM PDT


-  INDICATES NEGATIVE NUMBERS.
R  INDICATES RECORD WAS SET OR TIED.
MM INDICATES DATA IS MISSING.
T  INDICATES TRACE AMOUNT.




$$
