000
CDUS46 KPQR 311150
CLIAST


CLIMATE REPORT
NATIONAL WEATHER SERVICE PORTLAND OREGON
449 AM PDT TUE MAY 31 2016


...................................

...THE ASTORIA OR CLIMATE SUMMARY FOR MAY 30 2016...

CLIMATE NORMAL PERIOD 1981 TO 2010
CLIMATE RECORD PERIOD 1892 TO 2016


WEATHER ITEM   OBSERVED TIME   RECORD YEAR NORMAL DEPARTURE LAST
                VALUE   (LST)  VALUE       VALUE  FROM      YEAR
                                                  NORMAL
..................................................................
TEMPERATURE (F)
 YESTERDAY
  MAXIMUM         69    204 PM  79    1924  62      7       64
  MINIMUM         42    458 AM  38    1943  48     -6       52
  AVERAGE         56                        55      1       58

PRECIPITATION (IN)
  YESTERDAY        0.00          1.04 1943   0.10  -0.10     0.00
  MONTH TO DATE    0.86                      3.22  -2.36     1.29
  SINCE OCT 1     79.76                     60.28  19.48    52.28
  SINCE JAN 1     37.23                     33.26   3.97    26.66

DEGREE DAYS
 HEATING
  YESTERDAY        9                        10     -1        7
  MONTH TO DATE  275                       362    -87      300
  SINCE MAR 1   1081                      1429   -348     1230
  SINCE JUL 1   3700                      4771  -1071     3770

 COOLING
  YESTERDAY        0                         0      0        0
  MONTH TO DATE    0                         0      0        0
  SINCE MAR 1      3                         0      3        2
  SINCE JAN 1      3                         0      3        2
..................................................................


WIND (MPH)
  HIGHEST WIND SPEED    21   HIGHEST WIND DIRECTION    NW (320)
  HIGHEST GUST SPEED    25   HIGHEST GUST DIRECTION    NW (320)
  AVERAGE WIND SPEED     8.0


SKY COVER
  POSSIBLE SUNSHINE  MM
  AVERAGE SKY COVER 0.0


WEATHER CONDITIONS
 THE FOLLOWING WEATHER WAS RECORDED YESTERDAY.
  FOG


RELATIVE HUMIDITY (PERCENT)
 HIGHEST   100           600 AM
 LOWEST     56          1000 AM
 AVERAGE    78

..........................................................


THE ASTORIA OR CLIMATE NORMALS FOR TODAY
                         NORMAL    RECORD    YEAR
 MAXIMUM TEMPERATURE (F)   62        81      1978
                                             1970
                                             1909
 MINIMUM TEMPERATURE (F)   48        35      1953


SUNRISE AND SUNSET
MAY 31 2016...........SUNRISE   528 AM PDT   SUNSET   859 PM PDT
JUNE  1 2016..........SUNRISE   527 AM PDT   SUNSET   900 PM PDT


-  INDICATES NEGATIVE NUMBERS.
R  INDICATES RECORD WAS SET OR TIED.
MM INDICATES DATA IS MISSING.
T  INDICATES TRACE AMOUNT.




$$
