000
CDUS46 KPQR 051141
CLIAST


CLIMATE REPORT
NATIONAL WEATHER SERVICE PORTLAND OREGON
340 AM PST THU MAR 5 2015


...................................

...THE ASTORIA OR CLIMATE SUMMARY FOR MARCH 4 2015...

CLIMATE NORMAL PERIOD 1981 TO 2010
CLIMATE RECORD PERIOD 1892 TO 2015


WEATHER ITEM   OBSERVED TIME   RECORD YEAR NORMAL DEPARTURE LAST
                VALUE   (LST)  VALUE       VALUE  FROM      YEAR
                                                  NORMAL
..................................................................
TEMPERATURE (F)
 YESTERDAY
  MAXIMUM         56    300 PM  68    1937  53      3       55
  MINIMUM         30    733 AM  27    1955  38     -8       49
                                      1943
  AVERAGE         43                        45     -2       52

PRECIPITATION (IN)
  YESTERDAY        0.00          3.09 1950   0.26  -0.26     0.15
  MONTH TO DATE    0.10                      1.05  -0.95     1.06
  SINCE OCT 1     41.20                     45.46  -4.26    26.98
  SINCE JAN 1     15.58                     18.44  -2.86    14.82

DEGREE DAYS
 HEATING
  YESTERDAY       22                        20      2       13
  MONTH TO DATE   86                        80      6       63
  SINCE MAR 1     86                        80      6       63
  SINCE JUL 1   2626                      3422   -796     3492

 COOLING
  YESTERDAY        0                         0      0        0
  MONTH TO DATE    0                         0      0        0
  SINCE MAR 1      0                         0      0        0
  SINCE JAN 1      0                         0      0        0
..................................................................


WIND (MPH)
  HIGHEST WIND SPEED    14   HIGHEST WIND DIRECTION    NW (320)
  HIGHEST GUST SPEED    18   HIGHEST GUST DIRECTION    NW (310)
  AVERAGE WIND SPEED     4.4


SKY COVER
  POSSIBLE SUNSHINE  MM
  AVERAGE SKY COVER 0.0


WEATHER CONDITIONS
 THE FOLLOWING WEATHER WAS RECORDED YESTERDAY.
  NO SIGNIFICANT WEATHER WAS OBSERVED.


RELATIVE HUMIDITY (PERCENT)
 HIGHEST    92           600 AM
 LOWEST     32           100 PM
 AVERAGE    62

..........................................................


THE ASTORIA OR CLIMATE NORMALS FOR TODAY
                         NORMAL    RECORD    YEAR
 MAXIMUM TEMPERATURE (F)   53        71      1905
 MINIMUM TEMPERATURE (F)   38        26      1955


SUNRISE AND SUNSET
MARCH  5 2015.........SUNRISE   647 AM PST   SUNSET   607 PM PST
MARCH  6 2015.........SUNRISE   646 AM PST   SUNSET   609 PM PST


-  INDICATES NEGATIVE NUMBERS.
R  INDICATES RECORD WAS SET OR TIED.
MM INDICATES DATA IS MISSING.
T  INDICATES TRACE AMOUNT.




$$
