000
CDUS46 KPQR 170221
CLIAST


CLIMATE REPORT
NATIONAL WEATHER SERVICE PORTLAND OREGON
621 PM PST MON JAN 16 2017


...................................

...THE ASTORIA OR CLIMATE SUMMARY FOR JANUARY 16 2017...
VALID TODAY AS OF 0600 PM LOCAL TIME.

CLIMATE NORMAL PERIOD 1981 TO 2010
CLIMATE RECORD PERIOD 1892 TO 2017


WEATHER ITEM   OBSERVED TIME   RECORD YEAR NORMAL DEPARTURE LAST
                VALUE   (LST)  VALUE       VALUE  FROM      YEAR
                                                  NORMAL
..................................................................
TEMPERATURE (F)
 TODAY
  MAXIMUM         48    259 PM  61    1944  50     -2       56
  MINIMUM         33    711 AM  20    1984  38     -5       45
  AVERAGE         41                        44     -3       51

PRECIPITATION (IN)
  TODAY            0.00          2.39 1982   0.35  -0.35     0.71
  MONTH TO DATE    1.78                      5.53  -3.75     3.98
  SINCE OCT 1     45.65                     32.55  13.10    46.51
  SINCE JAN 1      1.78                      5.53  -3.75     3.98

DEGREE DAYS
 HEATING
  TODAY           24                        21      3       14
  MONTH TO DATE  456                       345    111      339
  SINCE DEC 1   1191                      1038    153      912
  SINCE JUL 1   2054                      2451   -397     1912

 COOLING
  TODAY            0                         0      0        0
  MONTH TO DATE    0                         0      0        0
  SINCE DEC 1      0                         0      0        0
  SINCE JAN 1      0                         0      0        0
..................................................................


WIND (MPH)
  HIGHEST WIND SPEED    13   HIGHEST WIND DIRECTION     E (80)
  HIGHEST GUST SPEED    17   HIGHEST GUST DIRECTION     E (90)
  AVERAGE WIND SPEED     5.5


SKY COVER
  POSSIBLE SUNSHINE  MM
  AVERAGE SKY COVER 0.6


WEATHER CONDITIONS
 THE FOLLOWING WEATHER WAS RECORDED TODAY.
  NO SIGNIFICANT WEATHER WAS OBSERVED.


RELATIVE HUMIDITY (PERCENT)
 HIGHEST    70          1200 AM
 LOWEST     45           400 PM
 AVERAGE    58

..........................................................


THE ASTORIA OR CLIMATE NORMALS FOR TOMORROW
                         NORMAL    RECORD    YEAR
 MAXIMUM TEMPERATURE (F)   50        60      1986
 MINIMUM TEMPERATURE (F)   38        16      1930


SUNRISE AND SUNSET
JANUARY 16 2017.......SUNRISE   753 AM PST   SUNSET   458 PM PST
JANUARY 17 2017.......SUNRISE   752 AM PST   SUNSET   500 PM PST


-  INDICATES NEGATIVE NUMBERS.
R  INDICATES RECORD WAS SET OR TIED.
MM INDICATES DATA IS MISSING.
T  INDICATES TRACE AMOUNT.




$$
