000
CDUS46 KPQR 171142
CLIAST


CLIMATE REPORT
NATIONAL WEATHER SERVICE PORTLAND OREGON
441 AM PDT TUE OCT 17 2017


...................................

...THE ASTORIA OR CLIMATE SUMMARY FOR OCTOBER 16 2017...

CLIMATE NORMAL PERIOD 1981 TO 2010
CLIMATE RECORD PERIOD 1892 TO 2017


WEATHER ITEM   OBSERVED TIME   RECORD YEAR NORMAL DEPARTURE LAST
                VALUE   (LST)  VALUE       VALUE  FROM      YEAR
                                                  NORMAL
..................................................................
TEMPERATURE (F)
 YESTERDAY
  MAXIMUM         59    249 PM  77    2002  61     -2       63
  MINIMUM         36    337 AM  33    1983  44     -8       52
                                      1971
  AVERAGE         48                        52     -4       58

PRECIPITATION (IN)
  YESTERDAY        0.00          2.25 1926   0.19  -0.19     1.79
  MONTH TO DATE    1.23                      2.39  -1.16    11.65
  SINCE OCT 1      1.23                      2.39  -1.16    11.65
  SINCE JAN 1     54.44                     42.63  11.81    54.63

DEGREE DAYS
 HEATING
  YESTERDAY       17                        13      4        7
  MONTH TO DATE  212                       176     36      133
  SINCE SEP 1    356                       376    -20      266
  SINCE JUL 1    596                       657    -61      387

 COOLING
  YESTERDAY        0                         0      0        0
  MONTH TO DATE    0                         0      0        0
  SINCE SEP 1     22                         5     17        7
  SINCE JAN 1     55                        12     43       62
..................................................................


WIND (MPH)
  HIGHEST WIND SPEED    13   HIGHEST WIND DIRECTION     N (340)
  HIGHEST GUST SPEED    18   HIGHEST GUST DIRECTION     N (340)
  AVERAGE WIND SPEED     3.7


SKY COVER
  POSSIBLE SUNSHINE  MM
  AVERAGE SKY COVER 0.2


WEATHER CONDITIONS
 THE FOLLOWING WEATHER WAS RECORDED YESTERDAY.
  FOG
  FOG W/VISIBILITY <= 1/4 MILE
  HAZE


RELATIVE HUMIDITY (PERCENT)
 HIGHEST   100           600 AM
 LOWEST     62           200 PM
 AVERAGE    81

..........................................................


THE ASTORIA OR CLIMATE NORMALS FOR TODAY
                         NORMAL    RECORD    YEAR
 MAXIMUM TEMPERATURE (F)   61        78      1942
                                             1936
 MINIMUM TEMPERATURE (F)   44        31      1984


SUNRISE AND SUNSET
OCTOBER 17 2017.......SUNRISE   736 AM PDT   SUNSET   625 PM PDT
OCTOBER 18 2017.......SUNRISE   737 AM PDT   SUNSET   623 PM PDT


-  INDICATES NEGATIVE NUMBERS.
R  INDICATES RECORD WAS SET OR TIED.
MM INDICATES DATA IS MISSING.
T  INDICATES TRACE AMOUNT.




$$
