000
CDUS46 KPQR 241141
CLIAST


CLIMATE REPORT
NATIONAL WEATHER SERVICE PORTLAND OREGON
440 AM PDT WED AUG 24 2016


...................................

...THE ASTORIA OR CLIMATE SUMMARY FOR AUGUST 23 2016...

CLIMATE NORMAL PERIOD 1981 TO 2010
CLIMATE RECORD PERIOD 1892 TO 2016


WEATHER ITEM   OBSERVED TIME   RECORD YEAR NORMAL DEPARTURE LAST
                VALUE   (LST)  VALUE       VALUE  FROM      YEAR
                                                  NORMAL
..................................................................
TEMPERATURE (F)
 YESTERDAY
  MAXIMUM         75   1214 PM  88    1911  69      6       70
  MINIMUM         53    145 AM  44    1959  53      0       50
  AVERAGE         64                        61      3       60

PRECIPITATION (IN)
  YESTERDAY        0.00          1.50 1968   0.05  -0.05     0.00
  MONTH TO DATE    0.40                      0.75  -0.35     0.09
  SINCE OCT 1     83.28                     64.71  18.57    53.49
  SINCE JAN 1     40.75                     37.69   3.06    27.87

DEGREE DAYS
 HEATING
  YESTERDAY        1                         4     -3        5
  MONTH TO DATE   46                        92    -46       27
  SINCE JUN 1    283                       484   -201      215
  SINCE JUL 1    107                       242   -135       66

 COOLING
  YESTERDAY        0                         0      0        0
  MONTH TO DATE   25                         0     25       16
  SINCE JUN 1     33                         3     30       41
  SINCE JAN 1     36                         3     33       43
..................................................................


WIND (MPH)
  HIGHEST WIND SPEED    22   HIGHEST WIND DIRECTION    NW (310)
  HIGHEST GUST SPEED    26   HIGHEST GUST DIRECTION    NW (310)
  AVERAGE WIND SPEED     5.6


SKY COVER
  POSSIBLE SUNSHINE  MM
  AVERAGE SKY COVER 0.3


WEATHER CONDITIONS
 THE FOLLOWING WEATHER WAS RECORDED YESTERDAY.
  NO SIGNIFICANT WEATHER WAS OBSERVED.


RELATIVE HUMIDITY (PERCENT)
 HIGHEST    93           100 AM
 LOWEST     46          1200 PM
 AVERAGE    70

..........................................................


THE ASTORIA OR CLIMATE NORMALS FOR TODAY
                         NORMAL    RECORD    YEAR
 MAXIMUM TEMPERATURE (F)   69        86      1964
 MINIMUM TEMPERATURE (F)   53        45      1992
                                             1991


SUNRISE AND SUNSET
AUGUST 24 2016........SUNRISE   627 AM PDT   SUNSET   808 PM PDT
AUGUST 25 2016........SUNRISE   628 AM PDT   SUNSET   806 PM PDT


-  INDICATES NEGATIVE NUMBERS.
R  INDICATES RECORD WAS SET OR TIED.
MM INDICATES DATA IS MISSING.
T  INDICATES TRACE AMOUNT.




$$
