000
CDUS46 KPQR 201141
CLIAST


CLIMATE REPORT
NATIONAL WEATHER SERVICE PORTLAND OREGON
340 AM PST SAT DEC 20 2014


...................................

...THE ASTORIA OR CLIMATE SUMMARY FOR DECEMBER 19 2014...

CLIMATE NORMAL PERIOD 1981 TO 2010
CLIMATE RECORD PERIOD 1892 TO 2014


WEATHER ITEM   OBSERVED TIME   RECORD YEAR NORMAL DEPARTURE LAST
                VALUE   (LST)  VALUE       VALUE  FROM      YEAR
                                                  NORMAL
..................................................................
TEMPERATURE (F)
 YESTERDAY
  MAXIMUM         51    157 PM  61    1981  48      3       42
  MINIMUM         45    852 AM  17    1924  36      9       26
  AVERAGE         48                        42      6       34

PRECIPITATION (IN)
  YESTERDAY        0.19          2.71 2012   0.30  -0.11     0.00
  MONTH TO DATE    5.64                      6.15  -0.51     3.18
  SINCE OCT 1     20.69                     23.28  -2.59    10.34
  SINCE JAN 1     67.94                     63.52   4.42    57.39

DEGREE DAYS
 HEATING
  YESTERDAY       17                        23     -6       31
  MONTH TO DATE  311                       423   -112      562
  SINCE DEC 1    311                       423   -112      562
  SINCE JUL 1   1293                      1836   -543     1915

 COOLING
  YESTERDAY        0                         0      0        0
  MONTH TO DATE    0                         0      0        0
  SINCE DEC 1      0                         0      0        0
  SINCE JAN 1     45                        12     33        9
..................................................................


WIND (MPH)
  HIGHEST WIND SPEED    16   HIGHEST WIND DIRECTION     S (170)
  HIGHEST GUST SPEED    22   HIGHEST GUST DIRECTION     W (250)
  AVERAGE WIND SPEED     7.3


SKY COVER
  POSSIBLE SUNSHINE  MM
  AVERAGE SKY COVER 0.4


WEATHER CONDITIONS
 THE FOLLOWING WEATHER WAS RECORDED YESTERDAY.
  HEAVY RAIN
  RAIN
  LIGHT RAIN
  FOG


RELATIVE HUMIDITY (PERCENT)
 HIGHEST    86           200 AM
 LOWEST     71          1200 PM
 AVERAGE    79

..........................................................


THE ASTORIA OR CLIMATE NORMALS FOR TODAY
                         NORMAL    RECORD    YEAR
 MAXIMUM TEMPERATURE (F)   48        58      1900
 MINIMUM TEMPERATURE (F)   36         9      1990


SUNRISE AND SUNSET
DECEMBER 20 2014......SUNRISE   755 AM PST   SUNSET   432 PM PST
DECEMBER 21 2014......SUNRISE   755 AM PST   SUNSET   432 PM PST


-  INDICATES NEGATIVE NUMBERS.
R  INDICATES RECORD WAS SET OR TIED.
MM INDICATES DATA IS MISSING.
T  INDICATES TRACE AMOUNT.




$$
