000
CDUS46 KPQR 131153
CLIAST


CLIMATE REPORT
NATIONAL WEATHER SERVICE PORTLAND OREGON
352 AM PST WED DEC 13 2017


...................................

...THE ASTORIA OR CLIMATE SUMMARY FOR DECEMBER 12 2017...

CLIMATE NORMAL PERIOD 1981 TO 2010
CLIMATE RECORD PERIOD 1892 TO 2017


WEATHER ITEM   OBSERVED TIME   RECORD YEAR NORMAL DEPARTURE LAST
                VALUE   (LST)  VALUE       VALUE  FROM      YEAR
                                                  NORMAL
..................................................................
TEMPERATURE (F)
 YESTERDAY
  MAXIMUM         51    230 PM  61    2002  49      2       48
  MINIMUM         35    224 AM  10    1919  36     -1       38
  AVERAGE         43                        42      1       43

PRECIPITATION (IN)
  YESTERDAY        0.00          1.85 1916   0.31  -0.31     0.31
                                      1908
  MONTH TO DATE    0.93                      4.03  -3.10     5.57
  SINCE OCT 1     24.03                     21.16   2.87    39.09
  SINCE JAN 1     77.24                     61.40  15.84    82.07

DEGREE DAYS
 HEATING
  YESTERDAY       22                        23     -1       22
  MONTH TO DATE  259                       262     -3      263
  SINCE DEC 1    259                       262     -3      263
  SINCE JUL 1   1551                      1675   -124     1126

 COOLING
  YESTERDAY        0                         0      0        0
  MONTH TO DATE    0                         0      0        0
  SINCE DEC 1      0                         0      0        0
  SINCE JAN 1     55                        12     43       62
..................................................................


WIND (MPH)
  HIGHEST WIND SPEED    12   HIGHEST WIND DIRECTION    NE (50)
  HIGHEST GUST SPEED    14   HIGHEST GUST DIRECTION     E (70)
  AVERAGE WIND SPEED     4.2


SKY COVER
  POSSIBLE SUNSHINE  MM
  AVERAGE SKY COVER 0.4


WEATHER CONDITIONS
 THE FOLLOWING WEATHER WAS RECORDED YESTERDAY.
  NO SIGNIFICANT WEATHER WAS OBSERVED.


RELATIVE HUMIDITY (PERCENT)
 HIGHEST    76           600 AM
 LOWEST     50           300 PM
 AVERAGE    63

..........................................................


THE ASTORIA OR CLIMATE NORMALS FOR TODAY
                         NORMAL    RECORD    YEAR
 MAXIMUM TEMPERATURE (F)   49        59      1969
                                             1929
 MINIMUM TEMPERATURE (F)   36        11      1972


SUNRISE AND SUNSET
DECEMBER 13 2017......SUNRISE   750 AM PST   SUNSET   430 PM PST
DECEMBER 14 2017......SUNRISE   751 AM PST   SUNSET   430 PM PST


-  INDICATES NEGATIVE NUMBERS.
R  INDICATES RECORD WAS SET OR TIED.
MM INDICATES DATA IS MISSING.
T  INDICATES TRACE AMOUNT.




$$
