000
CDUS46 KPQR 171141
CLIAST


CLIMATE REPORT
NATIONAL WEATHER SERVICE PORTLAND OREGON
340 AM PST SAT FEB 17 2018


...................................

...THE ASTORIA OR CLIMATE SUMMARY FOR FEBRUARY 16 2018...

CLIMATE NORMAL PERIOD 1981 TO 2010
CLIMATE RECORD PERIOD 1892 TO 2018


WEATHER ITEM   OBSERVED TIME   RECORD YEAR NORMAL DEPARTURE LAST
                VALUE   (LST)  VALUE       VALUE  FROM      YEAR
                                                  NORMAL
..................................................................
TEMPERATURE (F)
 YESTERDAY
  MAXIMUM         49    437 PM  65    1941  52     -3       53
  MINIMUM         44    551 AM  20    1956  37      7       44
  AVERAGE         47                        44      3       49

PRECIPITATION (IN)
  YESTERDAY        0.55          2.32 1989   0.24   0.31     0.14
  MONTH TO DATE    2.75                      4.21  -1.46     8.80
  SINCE OCT 1     44.90                     41.43   3.47    58.48
  SINCE JAN 1     14.11                     14.41  -0.30    14.61

DEGREE DAYS
 HEATING
  YESTERDAY       18                        21     -3       16
  MONTH TO DATE  315                       336    -21      332
  SINCE DEC 1   1547                      1688   -141     1837
  SINCE JUL 1   2839                      3101   -262     2700

 COOLING
  YESTERDAY        0                         0      0        0
  MONTH TO DATE    0                         0      0        0
  SINCE DEC 1      0                         0      0        0
  SINCE JAN 1      0                         0      0        0
..................................................................


WIND (MPH)
  HIGHEST WIND SPEED    18   HIGHEST WIND DIRECTION    SW (210)
  HIGHEST GUST SPEED    28   HIGHEST GUST DIRECTION    SW (220)
  AVERAGE WIND SPEED     9.7


SKY COVER
  POSSIBLE SUNSHINE  MM
  AVERAGE SKY COVER 1.0


WEATHER CONDITIONS
 THE FOLLOWING WEATHER WAS RECORDED YESTERDAY.
  LIGHT RAIN
  FOG


RELATIVE HUMIDITY (PERCENT)
 HIGHEST   100           300 PM
 LOWEST     89          1200 AM
 AVERAGE    95

..........................................................


THE ASTORIA OR CLIMATE NORMALS FOR TODAY
                         NORMAL    RECORD    YEAR
 MAXIMUM TEMPERATURE (F)   52        67      1941
 MINIMUM TEMPERATURE (F)   37        25      1985
                                             1936


SUNRISE AND SUNSET
FEBRUARY 17 2018......SUNRISE   715 AM PST   SUNSET   545 PM PST
FEBRUARY 18 2018......SUNRISE   713 AM PST   SUNSET   546 PM PST


-  INDICATES NEGATIVE NUMBERS.
R  INDICATES RECORD WAS SET OR TIED.
MM INDICATES DATA IS MISSING.
T  INDICATES TRACE AMOUNT.




$$
