649
CDUS42 KFFC 010928
CLIATL


CLIMATE REPORT
NATIONAL WEATHER SERVICE PEACHTREE CITY GA
427 AM EST WED MAR 1 2017


...................................

...THE ATLANTA CLIMATE SUMMARY FOR FEBRUARY 28 2017...

CLIMATE NORMAL PERIOD 1981 TO 2010
CLIMATE RECORD PERIOD 1878 TO 2017


WEATHER ITEM   OBSERVED TIME   RECORD YEAR NORMAL DEPARTURE LAST
                VALUE   (LST)  VALUE       VALUE  FROM      YEAR
                                                  NORMAL
..................................................................
TEMPERATURE (F)
 YESTERDAY
  MAXIMUM         70    349 PM  78    1981  60     10       68
  MINIMUM         50    721 AM  13    1888  41      9       38
  AVERAGE         60                        50     10       53

PRECIPITATION (IN)
  YESTERDAY        0.00          2.78 1882   0.16  -0.16     0.00
  MONTH TO DATE    1.87                      4.67  -2.80     7.39
  SINCE DEC 1     13.05                     12.77   0.28    25.04
  SINCE JAN 1     10.05                      8.87   1.18    12.53

SNOWFALL (IN)
  YESTERDAY        0.0           0.0  2002   0.0    0.0      0.0
  MONTH TO DATE    0.0                       0.4   -0.4       T
  SINCE DEC 1      T                         2.1   -2.1      0.3
  SINCE JUL 1      T                         2.1   -2.1      0.3
  SNOW DEPTH       0

DEGREE DAYS
 HEATING
  YESTERDAY        5                        15    -10       12
  MONTH TO DATE  245                       500   -255      469
  SINCE DEC 1   1134                      1787   -653     1407
  SINCE JUL 1   1356                      2255   -899     1711

 COOLING
  YESTERDAY        0                         0      0        0
  MONTH TO DATE    3                         1      2        0
  SINCE DEC 1      5                         2      3       22
  SINCE JAN 1      5                         1      4        0
..................................................................


WIND (MPH)
  RESULTANT WIND SPEED   5   RESULTANT WIND DIRECTION  SE (140)
  HIGHEST WIND SPEED    15   HIGHEST WIND DIRECTION     S (190)
  HIGHEST GUST SPEED    21   HIGHEST GUST DIRECTION     S (170)
  AVERAGE WIND SPEED     6.6


SKY COVER
  AVERAGE SKY COVER 0.8


WEATHER CONDITIONS
 THE FOLLOWING WEATHER WAS RECORDED YESTERDAY.
  NO SIGNIFICANT WEATHER WAS OBSERVED.


RELATIVE HUMIDITY (PERCENT)
 HIGHEST    93           900 PM
 LOWEST     66           100 PM
 AVERAGE    80

..........................................................


THE ATLANTA CLIMATE NORMALS FOR TODAY
                         NORMAL    RECORD    YEAR
 MAXIMUM TEMPERATURE (F)   60        80      1997
 MINIMUM TEMPERATURE (F)   41        19      1914


SUNRISE AND SUNSET
MARCH  1 2017.........SUNRISE   706 AM EST   SUNSET   635 PM EST
MARCH  2 2017.........SUNRISE   705 AM EST   SUNSET   635 PM EST


-  INDICATES NEGATIVE NUMBERS.
R  INDICATES RECORD WAS SET OR TIED.
MM INDICATES DATA IS MISSING.
T  INDICATES TRACE AMOUNT.




$$
