273
CDUS42 KFFC 220821
CLIATL


CLIMATE REPORT
NATIONAL WEATHER SERVICE PEACHTREE CITY GA
421 AM EDT FRI MAY 22 2015


...................................

...THE ATLANTA CLIMATE SUMMARY FOR MAY 21 2015...

CLIMATE NORMAL PERIOD 1981 TO 2010
CLIMATE RECORD PERIOD 1878 TO 2015


WEATHER ITEM   OBSERVED TIME   RECORD YEAR NORMAL DEPARTURE LAST
                VALUE   (LST)  VALUE       VALUE  FROM      YEAR
                                                  NORMAL
..................................................................
TEMPERATURE (F)
 YESTERDAY
  MAXIMUM         80    156 PM  96    1941  81     -1       85
  MINIMUM         58   1159 PM  44    1894  62     -4       63
  AVERAGE         69                        72     -3       74

PRECIPITATION (IN)
  YESTERDAY        0.00          4.13 1901   0.11  -0.11     0.00
  MONTH TO DATE    1.59                      2.56  -0.97     1.80
  SINCE MAR 1     12.36                     10.73   1.63    10.82
  SINCE JAN 1     20.87                     19.60   1.27    17.98

DEGREE DAYS
 HEATING
  YESTERDAY        0                         0      0        0
  MONTH TO DATE    6                        24    -18       32
  SINCE MAR 1    298                       509   -211      526
  SINCE JUL 1   2656                      2764   -108     2929

 COOLING
  YESTERDAY        4                         7     -3        9
  MONTH TO DATE  178                       102     76      108
  SINCE MAR 1    274                       167    107      159
  SINCE JAN 1    274                       168    106      161
..................................................................


WIND (MPH)
  RESULTANT WIND SPEED  13   RESULTANT WIND DIRECTION  NW (310)
  HIGHEST WIND SPEED    23   HIGHEST WIND DIRECTION    NW (300)
  HIGHEST GUST SPEED    30   HIGHEST GUST DIRECTION    NW (300)
  AVERAGE WIND SPEED    13.9


SKY COVER
  AVERAGE SKY COVER 0.6


WEATHER CONDITIONS
 THE FOLLOWING WEATHER WAS RECORDED YESTERDAY.
  NO SIGNIFICANT WEATHER WAS OBSERVED.


RELATIVE HUMIDITY (PERCENT)
 HIGHEST    79           200 AM
 LOWEST     54           100 PM
 AVERAGE    67

..........................................................


THE ATLANTA CLIMATE NORMALS FOR TODAY
                         NORMAL    RECORD    YEAR
 MAXIMUM TEMPERATURE (F)   81        94      1941
                                             1938
 MINIMUM TEMPERATURE (F)   62        43      1883


SUNRISE AND SUNSET
MAY 22 2015...........SUNRISE   633 AM EDT   SUNSET   836 PM EDT
MAY 23 2015...........SUNRISE   632 AM EDT   SUNSET   837 PM EDT


-  INDICATES NEGATIVE NUMBERS.
R  INDICATES RECORD WAS SET OR TIED.
MM INDICATES DATA IS MISSING.
T  INDICATES TRACE AMOUNT.




$$
