000
CDUS42 KFFC 190924
CLIATL


CLIMATE REPORT
NATIONAL WEATHER SERVICE PEACHTREE CITY GA
423 AM EST SUN NOV 19 2017


...................................

...THE ATLANTA CLIMATE SUMMARY FOR NOVEMBER 18 2017...

CLIMATE NORMAL PERIOD 1981 TO 2010
CLIMATE RECORD PERIOD 1878 TO 2017


WEATHER ITEM   OBSERVED TIME   RECORD YEAR NORMAL DEPARTURE LAST
                VALUE   (LST)  VALUE       VALUE  FROM      YEAR
                                                  NORMAL
..................................................................
TEMPERATURE (F)
 YESTERDAY
  MAXIMUM         69   1031 PM  80    1985  63      6       79
  MINIMUM         45    502 AM  18    1891  44      1       49
  AVERAGE         57                        53      4       64

PRECIPITATION (IN)
  YESTERDAY        0.30          1.26 1932   0.14   0.16     0.00
  MONTH TO DATE    1.04                      2.32  -1.28      T
  SINCE SEP 1      9.16                     10.20  -1.04     3.59
  SINCE JAN 1     48.10                     44.03   4.07    32.71

SNOWFALL (IN)
  YESTERDAY        0.0           0.0  2002   0.0    0.0      0.0
                                      2001
  MONTH TO DATE    0.0                       0.0    0.0      0.0
  SINCE SEP 1      0.0                       0.0    0.0      0.0
  SINCE JUL 1      0.0                       0.0    0.0      0.0
  SNOW DEPTH       0

DEGREE DAYS
 HEATING
  YESTERDAY        8                        12     -4        1
  MONTH TO DATE  138                       170    -32       85
  SINCE SEP 1    249                       299    -50      105
  SINCE JUL 1    249                       299    -50      105

 COOLING
  YESTERDAY        0                         0      0        0
  MONTH TO DATE   29                        11     18       25
  SINCE SEP 1    441                       344     97      611
  SINCE JAN 1   2165                      1883    282     2561
..................................................................


WIND (MPH)
  RESULTANT WIND SPEED   7   RESULTANT WIND DIRECTION   S (180)
  HIGHEST WIND SPEED    33   HIGHEST WIND DIRECTION    NW (310)
  HIGHEST GUST SPEED    48   HIGHEST GUST DIRECTION    NW (310)
  AVERAGE WIND SPEED     9.5


SKY COVER
  AVERAGE SKY COVER 0.7


WEATHER CONDITIONS
 THE FOLLOWING WEATHER WAS RECORDED YESTERDAY.
  HEAVY RAIN
  RAIN
  FOG


RELATIVE HUMIDITY (PERCENT)
 HIGHEST   100           800 AM
 LOWEST     73          1200 PM
 AVERAGE    87

..........................................................


THE ATLANTA CLIMATE NORMALS FOR TODAY
                         NORMAL    RECORD    YEAR
 MAXIMUM TEMPERATURE (F)   63        80      1942
 MINIMUM TEMPERATURE (F)   43        18      1903


SUNRISE AND SUNSET
NOVEMBER 19 2017......SUNRISE   713 AM EST   SUNSET   533 PM EST
NOVEMBER 20 2017......SUNRISE   714 AM EST   SUNSET   532 PM EST


-  INDICATES NEGATIVE NUMBERS.
R  INDICATES RECORD WAS SET OR TIED.
MM INDICATES DATA IS MISSING.
T  INDICATES TRACE AMOUNT.




$$
