000
CDUS42 KFFC 140022
CLIATL


CLIMATE REPORT
NATIONAL WEATHER SERVICE PEACHTREE CITY GA
822 PM EDT SUN JUL 13 2014


...................................

...THE ATLANTA CLIMATE SUMMARY FOR JULY 13 2014...
VALID AS OF 0800 PM LOCAL TIME.

CLIMATE NORMAL PERIOD 1981 TO 2010
CLIMATE RECORD PERIOD 1878 TO 2014


WEATHER ITEM   OBSERVED TIME   RECORD YEAR NORMAL DEPARTURE LAST
                VALUE   (LST)  VALUE       VALUE  FROM      YEAR
                                                  NORMAL
..................................................................
TEMPERATURE (F)
 TODAY
  MAXIMUM         89    314 PM 105    1980  89      0       78
  MINIMUM         72    646 AM  59    1898  71      1       69
  AVERAGE         81                        80      1       74

PRECIPITATION (IN)
  TODAY            0.48          2.10 2008   0.18   0.30     0.01
  MONTH TO DATE    1.14                      2.33  -1.19     4.27
  SINCE JUN 1      6.24                      6.28  -0.04    13.84
  SINCE JAN 1     24.71                     26.99  -2.28    41.59

SNOWFALL (IN)
  TODAY            0.0           0.0  2002   0.0    0.0      0.0
                                      2001
  MONTH TO DATE    0.0                       0.0    0.0      0.0
  SINCE JUN 1      0.0                       0.0    0.0      0.0
  SINCE JUL 1      0.0                       0.0    0.0      0.0
  SNOW DEPTH       0

DEGREE DAYS
 HEATING
  TODAY            0                         0      0        0
  MONTH TO DATE    0                         0      0        0
  SINCE JUN 1      0                         2     -2        0
  SINCE JUL 1      0                         0      0        0

 COOLING
  TODAY           16                        15      1        9
  MONTH TO DATE  189                       195     -6      151
  SINCE JUN 1    594                       566     28      534
  SINCE JAN 1    877                       816     61      742
..................................................................


WIND (MPH)
  RESULTANT WIND SPEED   1   RESULTANT WIND DIRECTION   S (190)
  HIGHEST WIND SPEED     0   HIGHEST WIND DIRECTION     N (0)
  HIGHEST GUST SPEED     0   HIGHEST GUST DIRECTION     N (0)
  AVERAGE WIND SPEED     1.7


SKY COVER
  AVERAGE SKY COVER 0.5


WEATHER CONDITIONS
 THE FOLLOWING WEATHER WAS RECORDED TODAY.
  HEAVY RAIN
  LIGHT RAIN


RELATIVE HUMIDITY (PERCENT)
 HIGHEST    93           600 AM
 LOWEST     50           200 PM

..........................................................


THE ATLANTA CLIMATE NORMALS FOR TOMORROW
                         NORMAL    RECORD    YEAR
 MAXIMUM TEMPERATURE (F)   89        98      1954
                                             1938
 MINIMUM TEMPERATURE (F)   71        59      1976
                                             1967
                                             1897


SUNRISE AND SUNSET
JULY 13 2014..........SUNRISE   637 AM EDT   SUNSET   849 PM EDT
JULY 14 2014..........SUNRISE   638 AM EDT   SUNSET   849 PM EDT


-  INDICATES NEGATIVE NUMBERS.
R  INDICATES RECORD WAS SET OR TIED.
MM INDICATES DATA IS MISSING.
T  INDICATES TRACE AMOUNT.




$$
