000
CDUS44 KEWX 292248
CLIATT


CLIMATE REPORT
NATIONAL WEATHER SERVICE AUSTIN/SAN ANTONIO, TX
547 PM CDT FRI APR 29 2016


...................................

...THE AUSTIN CAMP MABRY CLIMATE SUMMARY FOR APRIL 29 2016...
VALID TODAY AS OF 0547 PM LOCAL TIME.

CLIMATE NORMAL PERIOD 1981 TO 2010
CLIMATE RECORD PERIOD 1897 TO 2016


WEATHER ITEM   OBSERVED TIME   RECORD YEAR NORMAL DEPARTURE LAST
                VALUE   (LST)  VALUE       VALUE  FROM      YEAR
                                                  NORMAL
..................................................................
TEMPERATURE (F)
 TODAY
  MAXIMUM         84    446 PM  95    1937  83      1       77
  MINIMUM         75    533 AM  42    1903  62     13       49
  AVERAGE         80                        72      8       63

PRECIPITATION (IN)
  TODAY            T             3.00 1905   0.09  -0.09     0.00
  MONTH TO DATE    6.20                      1.99   4.21     2.31
  SINCE MAR 1      9.71                      4.75   4.96     7.14
  SINCE JAN 1     11.39                      8.99   2.40    12.66

SNOWFALL (IN)
  TODAY            0.0
  MONTH TO DATE    T
  SINCE MAR 1      T
  SINCE JUL 1      T
  SNOW DEPTH       0

DEGREE DAYS
 HEATING
  TODAY            0                         0      0        2
  MONTH TO DATE   14                        37    -23       12
  SINCE MAR 1     83                       199   -116      215
  SINCE JUL 1   1080                      1536   -456     1698

 COOLING
  TODAY           15                         8      7        0
  MONTH TO DATE  162                       157      5      203
  SINCE MAR 1    272                       218     54      265
  SINCE JAN 1    311                       245     66      276
..................................................................


WIND (MPH)
  HIGHEST WIND SPEED    14   HIGHEST WIND DIRECTION     S (180)
  HIGHEST GUST SPEED    23   HIGHEST GUST DIRECTION     S (190)
  AVERAGE WIND SPEED     8.2


SKY COVER
  AVERAGE SKY COVER 0.8


WEATHER CONDITIONS
 THE FOLLOWING WEATHER WAS RECORDED TODAY.
  LIGHT RAIN
  FOG
  HAZE


RELATIVE HUMIDITY (PERCENT)
 HIGHEST    94           600 AM
 LOWEST     70           400 PM
 AVERAGE    82

..........................................................


THE AUSTIN CAMP MABRY CLIMATE NORMALS FOR TOMORROW
                         NORMAL    RECORD    YEAR
 MAXIMUM TEMPERATURE (F)   83        95      1933
 MINIMUM TEMPERATURE (F)   63        40      1907
                                             1903


SUNRISE AND SUNSET
APRIL 29 2016.........SUNRISE   649 AM CDT   SUNSET   808 PM CDT
APRIL 30 2016.........SUNRISE   648 AM CDT   SUNSET   808 PM CDT


-  INDICATES NEGATIVE NUMBERS.
R  INDICATES RECORD WAS SET OR TIED.
MM INDICATES DATA IS MISSING.
T  INDICATES TRACE AMOUNT.




$$
