000
CDUS44 KEWX 280719
CLIATT


CLIMATE REPORT
NATIONAL WEATHER SERVICE AUSTIN/SAN ANTONIO, TX
219 AM CDT THU AUG 28 2014


...................................

...THE AUSTIN CAMP MABRY CLIMATE SUMMARY FOR AUGUST 27 2014...

CLIMATE NORMAL PERIOD 1981 TO 2010
CLIMATE RECORD PERIOD 1897 TO 2014


WEATHER ITEM   OBSERVED TIME   RECORD YEAR NORMAL DEPARTURE LAST
                VALUE   (LST)  VALUE       VALUE  FROM      YEAR
                                                  NORMAL
..................................................................
TEMPERATURE (F)
 YESTERDAY
  MAXIMUM         98    428 PM 110    2011  96      2       88
  MINIMUM         76    635 AM  64    1926  74      2       74
  AVERAGE         87                        85      2

PRECIPITATION (IN)
  YESTERDAY        0.00          1.72 2001   0.09  -0.09     0.09
  MONTH TO DATE    0.05                      1.93  -1.88     0.27
  SINCE JUN 1      8.71                      8.14   0.57     4.10
  SINCE JAN 1     19.79                     21.67  -1.88    17.78

SNOWFALL (IN)
  YESTERDAY        0.0
  MONTH TO DATE    0.0
  SINCE JUN 1      0.0
  SINCE JUL 1      0.0
  SNOW DEPTH       0

DEGREE DAYS
 HEATING
  YESTERDAY        0                         0      0        0
  MONTH TO DATE    0                         0      0        0
  SINCE JUN 1      0                         0      0        0
  SINCE JUL 1      0                         0      0        0

 COOLING
  YESTERDAY       22                        20      2       16
  MONTH TO DATE  606                       563     43      629
  SINCE JUN 1   1732                      1699     33     1890
  SINCE JAN 1   2306                      2312     -6     2514
..................................................................


WIND (MPH)
  HIGHEST WIND SPEED    10   HIGHEST WIND DIRECTION     E (110)
  HIGHEST GUST SPEED    17   HIGHEST GUST DIRECTION    SE (130)
  AVERAGE WIND SPEED     3.8


SKY COVER
  AVERAGE SKY COVER 0.2


WEATHER CONDITIONS
 THE FOLLOWING WEATHER WAS RECORDED YESTERDAY.
  NO SIGNIFICANT WEATHER WAS OBSERVED.


RELATIVE HUMIDITY (PERCENT)
 HIGHEST    87           600 AM
 LOWEST     29           500 PM
 AVERAGE    58

..........................................................


THE AUSTIN CAMP MABRY CLIMATE NORMALS FOR TODAY
                         NORMAL    RECORD    YEAR
 MAXIMUM TEMPERATURE (F)   96       112      2011
 MINIMUM TEMPERATURE (F)   74        64      1926


SUNRISE AND SUNSET
AUGUST 28 2014........SUNRISE   705 AM CDT   SUNSET   758 PM CDT
AUGUST 29 2014........SUNRISE   706 AM CDT   SUNSET   757 PM CDT


-  INDICATES NEGATIVE NUMBERS.
R  INDICATES RECORD WAS SET OR TIED.
MM INDICATES DATA IS MISSING.
T  INDICATES TRACE AMOUNT.




$$
