000
CDUS44 KEWX 260735
CLIATT


CLIMATE REPORT
NATIONAL WEATHER SERVICE AUSTIN/SAN ANTONIO, TX
134 AM CST MON JAN 26 2015


...................................

...THE AUSTIN CAMP MABRY CLIMATE SUMMARY FOR JANUARY 25 2015...

CLIMATE NORMAL PERIOD 1981 TO 2010
CLIMATE RECORD PERIOD 1897 TO 2015


WEATHER ITEM   OBSERVED TIME   RECORD YEAR NORMAL DEPARTURE LAST
                VALUE   (LST)  VALUE       VALUE  FROM      YEAR
                                                  NORMAL
..................................................................
TEMPERATURE (F)
 YESTERDAY
  MAXIMUM         73    248 PM  87    1971  62     11       70
                                      1918
  MINIMUM         40    553 AM  20    1940  42     -2       26
                                      1926
  AVERAGE         57                        52      5

PRECIPITATION (IN)
  YESTERDAY        0.00          3.14 2012   0.07  -0.07     0.00
  MONTH TO DATE    4.71                      1.81   2.90     0.38
  SINCE DEC 1      5.77                      4.21   1.56     1.10
  SINCE JAN 1      4.71                      1.81   2.90     0.38

SNOWFALL (IN)
  YESTERDAY        0.0
  MONTH TO DATE    T
  SINCE DEC 1      T
  SINCE JUL 1      T
  SNOW DEPTH       0

DEGREE DAYS
 HEATING
  YESTERDAY        8                        13     -5       17
  MONTH TO DATE  472                       347    125      342
  SINCE DEC 1    781                       747     34      810
  SINCE JUL 1   1071                       959    112     1084

 COOLING
  YESTERDAY        0                         0      0        0
  MONTH TO DATE    0                         0      0        0
  SINCE DEC 1      9                        13     -4       15
  SINCE JAN 1      0                         0      0        0
..................................................................


WIND (MPH)
  HIGHEST WIND SPEED    13   HIGHEST WIND DIRECTION     N (340)
  HIGHEST GUST SPEED    20   HIGHEST GUST DIRECTION     N (340)
  AVERAGE WIND SPEED     6.0


SKY COVER
  AVERAGE SKY COVER 0.0


WEATHER CONDITIONS
 THE FOLLOWING WEATHER WAS RECORDED YESTERDAY.
  NO SIGNIFICANT WEATHER WAS OBSERVED.


RELATIVE HUMIDITY (PERCENT)
 HIGHEST    85           600 AM
 LOWEST     20           300 PM
 AVERAGE    53

..........................................................


THE AUSTIN CAMP MABRY CLIMATE NORMALS FOR TODAY
                         NORMAL    RECORD    YEAR
 MAXIMUM TEMPERATURE (F)   62        83      1975
 MINIMUM TEMPERATURE (F)   42        20      1904


SUNRISE AND SUNSET
JANUARY 26 2015.......SUNRISE   725 AM CST   SUNSET   602 PM CST
JANUARY 27 2015.......SUNRISE   724 AM CST   SUNSET   603 PM CST


-  INDICATES NEGATIVE NUMBERS.
R  INDICATES RECORD WAS SET OR TIED.
MM INDICATES DATA IS MISSING.
T  INDICATES TRACE AMOUNT.




$$
