000
CDUS44 KEWX 300705
CLIATT


CLIMATE REPORT
NATIONAL WEATHER SERVICE AUSTIN/SAN ANTONIO, TX
205 AM CDT TUE MAY 30 2017


...................................

...THE AUSTIN CAMP MABRY CLIMATE SUMMARY FOR MAY 29 2017...

CLIMATE NORMAL PERIOD 1981 TO 2010
CLIMATE RECORD PERIOD 1897 TO 2017


WEATHER ITEM   OBSERVED TIME   RECORD YEAR NORMAL DEPARTURE LAST
                VALUE   (LST)  VALUE       VALUE  FROM      YEAR
                                                  NORMAL
..................................................................
TEMPERATURE (F)
 YESTERDAY
  MAXIMUM         88    458 PM  99    1927  89     -1       88
  MINIMUM         68    559 AM  52    1947  70     -2       70
  AVERAGE         78                        80     -2

PRECIPITATION (IN)
  YESTERDAY        0.00          3.81 1987   0.16  -0.16     0.18
  MONTH TO DATE    2.84                      4.10  -1.26     5.77
  SINCE MAR 1      6.54                      8.95  -2.41    16.40
  SINCE JAN 1     12.76                     13.19  -0.43    18.08

SNOWFALL (IN)
  YESTERDAY        0.0
  MONTH TO DATE    T
  SINCE MAR 1      T
  SINCE JUL 1      T
  SNOW DEPTH       0

DEGREE DAYS
 HEATING
  YESTERDAY        0                         0      0        0
  MONTH TO DATE    0                         0      0        1
  SINCE MAR 1     56                       200   -144       84
  SINCE JUL 1    834                      1537   -703     1081

 COOLING
  YESTERDAY       13                        15     -2       14
  MONTH TO DATE  334                       331      3      270
  SINCE MAR 1    720                       556    164      553
  SINCE JAN 1    837                       583    254      592
..................................................................


WIND (MPH)
  HIGHEST WIND SPEED     8   HIGHEST WIND DIRECTION    SE (120)
  HIGHEST GUST SPEED    11   HIGHEST GUST DIRECTION     N (360)
  AVERAGE WIND SPEED     2.3


SKY COVER
  AVERAGE SKY COVER 0.4


WEATHER CONDITIONS
 THE FOLLOWING WEATHER WAS RECORDED YESTERDAY.
  NO SIGNIFICANT WEATHER WAS OBSERVED.


RELATIVE HUMIDITY (PERCENT)
 HIGHEST    93           100 AM
 LOWEST     46           500 PM
 AVERAGE    70

..........................................................


THE AUSTIN CAMP MABRY CLIMATE NORMALS FOR TODAY
                         NORMAL    RECORD    YEAR
 MAXIMUM TEMPERATURE (F)   90       101      2003
 MINIMUM TEMPERATURE (F)   70        56      1992
                                             1984


SUNRISE AND SUNSET
MAY 30 2017...........SUNRISE   630 AM CDT   SUNSET   827 PM CDT
MAY 31 2017...........SUNRISE   630 AM CDT   SUNSET   828 PM CDT


-  INDICATES NEGATIVE NUMBERS.
R  INDICATES RECORD WAS SET OR TIED.
MM INDICATES DATA IS MISSING.
T  INDICATES TRACE AMOUNT.




$$
