000
CDUS44 KEWX 212338
CLIATT


CLIMATE REPORT
NATIONAL WEATHER SERVICE AUSTIN/SAN ANTONIO, TX
638 PM CDT THU SEP 21 2017


...................................

...THE AUSTIN CAMP MABRY CLIMATE SUMMARY FOR SEPTEMBER 21 2017...
VALID TODAY AS OF 0600 PM LOCAL TIME.

CLIMATE NORMAL PERIOD 1981 TO 2010
CLIMATE RECORD PERIOD 1897 TO 2017


WEATHER ITEM   OBSERVED TIME   RECORD YEAR NORMAL DEPARTURE LAST
                VALUE   (LST)  VALUE       VALUE  FROM      YEAR
                                                  NORMAL
..................................................................
TEMPERATURE (F)
 TODAY
  MAXIMUM         96    333 PM 100    1926  89      7       96
  MINIMUM         78        MM  50    1901  68     10       75
  AVERAGE         87                        78      9       86

PRECIPITATION (IN)
  TODAY            0.02          1.27 1967   0.08  -0.06     0.00
  MONTH TO DATE    0.02                      2.20  -2.18     0.07
  SINCE SEP 1      0.02                      2.20  -2.18     0.07
  SINCE JAN 1     26.52                     24.29   2.23    31.01

SNOWFALL (IN)
  TODAY            0.0
  MONTH TO DATE    0.0
  SINCE SEP 1      0.0
  SINCE JUL 1      0.0
  SNOW DEPTH      MM

DEGREE DAYS
 HEATING
  TODAY            0                         0      0        0
  MONTH TO DATE    0                         0      0        0
  SINCE SEP 1      0                         0      0        0
  SINCE JUL 1      0                         0      0        0

 COOLING
  TODAY           22                        13      9       21
  MONTH TO DATE  325                       341    -16      415
  SINCE SEP 1    325                       341    -16      415
  SINCE JAN 1   3151                      2735    416     2909
..................................................................


WIND (MPH)
  HIGHEST WIND SPEED     9   HIGHEST WIND DIRECTION     S (170)
  HIGHEST GUST SPEED    16   HIGHEST GUST DIRECTION     S (160)
  AVERAGE WIND SPEED     6.0


SKY COVER
  AVERAGE SKY COVER 0.7


WEATHER CONDITIONS
 THE FOLLOWING WEATHER WAS RECORDED TODAY.
  LIGHT RAIN


RELATIVE HUMIDITY (PERCENT)
 HIGHEST    91           300 AM
 LOWEST     43           200 PM
 AVERAGE    67

..........................................................


THE AUSTIN CAMP MABRY CLIMATE NORMALS FOR TOMORROW
                         NORMAL    RECORD    YEAR
 MAXIMUM TEMPERATURE (F)   89       102      1926
 MINIMUM TEMPERATURE (F)   68        49      1995
                                             1983


SUNRISE AND SUNSET
SEPTEMBER 21 2017.....SUNRISE   719 AM CDT   SUNSET   728 PM CDT
SEPTEMBER 22 2017.....SUNRISE   719 AM CDT   SUNSET   727 PM CDT


-  INDICATES NEGATIVE NUMBERS.
R  INDICATES RECORD WAS SET OR TIED.
MM INDICATES DATA IS MISSING.
T  INDICATES TRACE AMOUNT.




$$
