000
CDUS43 KABR 241033
CLIATY


CLIMATE REPORT
NATIONAL WEATHER SERVICE ABERDEEN SD
433 AM CST FRI FEB 24 2017


...................................

...THE WATERTOWN SD CLIMATE SUMMARY FOR FEBRUARY 23 2017...

CLIMATE NORMAL PERIOD 1981 TO 2010
CLIMATE RECORD PERIOD 1898 TO 2017


WEATHER ITEM   OBSERVED TIME   RECORD YEAR NORMAL DEPARTURE LAST
                VALUE   (LST)  VALUE       VALUE  FROM      YEAR
                                                  NORMAL
..................................................................
TEMPERATURE (F)
 YESTERDAY
  MAXIMUM         30   1136 AM  66    1958  30      0       36
  MINIMUM         21   1159 PM -23    1914  11     10       22
  AVERAGE         26                        20      6       29

PRECIPITATION (IN)
  YESTERDAY        0.00          1.54 1977   0.03  -0.03     0.00
  MONTH TO DATE    0.11                      0.43  -0.32     0.39
  SINCE DEC 1      2.02                      1.48   0.54     1.19
  SINCE JAN 1      0.77                      0.95  -0.18     0.87

SNOWFALL (IN)
  YESTERDAY        0.0
  MONTH TO DATE    T
  SINCE OCT 1     27.5
  SINCE JUL 1     27.5
  SNOW DEPTH       0

DEGREE DAYS
 HEATING
  YESTERDAY       39                        45     -6       36
  MONTH TO DATE  866                      1112   -246      981
  SINCE DEC 1   4040                      4254   -214     3756
  SINCE JUL 1   5411                      6194   -783     5115

 COOLING
  YESTERDAY        0                         0      0        0
  MONTH TO DATE    0                         0      0        0
  SINCE DEC 1      0                         0      0        0
  SINCE JAN 1      0                         0      0        0
..................................................................


WIND (MPH)
  HIGHEST WIND SPEED    32   HIGHEST WIND DIRECTION    NE (30)
  HIGHEST GUST SPEED    39   HIGHEST GUST DIRECTION    NE (30)
  AVERAGE WIND SPEED    18.8


SKY COVER
  POSSIBLE SUNSHINE  MM
  AVERAGE SKY COVER 0.6


WEATHER CONDITIONS
 THE FOLLOWING WEATHER WAS RECORDED YESTERDAY.
  NO SIGNIFICANT WEATHER WAS OBSERVED.


RELATIVE HUMIDITY (PERCENT)
 HIGHEST    92           400 AM
 LOWEST     75           900 AM
 AVERAGE    84

..........................................................


THE WATERTOWN SD CLIMATE NORMALS FOR TODAY
                         NORMAL    RECORD    YEAR
 MAXIMUM TEMPERATURE (F)   30        60      1976
 MINIMUM TEMPERATURE (F)   11       -22      1955


SUNRISE AND SUNSET
FEBRUARY 24 2017......SUNRISE   714 AM CST   SUNSET   610 PM CST
FEBRUARY 25 2017......SUNRISE   713 AM CST   SUNSET   611 PM CST


-  INDICATES NEGATIVE NUMBERS.
R  INDICATES RECORD WAS SET OR TIED.
MM INDICATES DATA IS MISSING.
T  INDICATES TRACE AMOUNT.




$$
