000
CDUS43 KABR 281410
CLIATY


CLIMATE REPORT
NATIONAL WEATHER SERVICE ABERDEEN SD
909 AM CDT SAT MAR 28 2015


...................................

...THE WATERTOWN SD CLIMATE SUMMARY FOR MARCH 27 2015...

CLIMATE NORMAL PERIOD 1981 TO 2010
CLIMATE RECORD PERIOD 1898 TO 2015


WEATHER ITEM   OBSERVED TIME   RECORD YEAR NORMAL DEPARTURE LAST
                VALUE   (LST)  VALUE       VALUE  FROM      YEAR
                                                  NORMAL
..................................................................
TEMPERATURE (F)
 YESTERDAY
  MAXIMUM         36    255 PM  76    1946  44     -8       43
  MINIMUM         10    540 AM  -4    1913  24    -14       18
  AVERAGE         23                        34    -11       31

PRECIPITATION (IN)
  YESTERDAY        0.01          0.50 1921   0.04  -0.03     0.34
  MONTH TO DATE    0.28                      0.92  -0.64     0.87
  SINCE MAR 1      0.28                      0.92  -0.64     0.87
  SINCE JAN 1      0.93                      2.00  -1.07     1.30

SNOWFALL (IN)
  YESTERDAY        T
  MONTH TO DATE    6.5
  SINCE OCT 1     27.4
  SINCE JUL 1     27.4
  SNOW DEPTH       0

DEGREE DAYS
 HEATING
  YESTERDAY       42                        31     11       34
  MONTH TO DATE  887                       986    -99     1117
  SINCE MAR 1    887                       986    -99     1117
  SINCE JUL 1   7279                      7397   -118     8083

 COOLING
  YESTERDAY        0                         0      0        0
  MONTH TO DATE    0                         0      0        0
  SINCE MAR 1      0                         0      0        0
  SINCE JAN 1      0                         0      0        0
..................................................................


WIND (MPH)
  HIGHEST WIND SPEED    15   HIGHEST WIND DIRECTION    SE (140)
  HIGHEST GUST SPEED    21   HIGHEST GUST DIRECTION    SE (140)
  AVERAGE WIND SPEED     7.1


SKY COVER
  POSSIBLE SUNSHINE  MM
  AVERAGE SKY COVER 0.5


WEATHER CONDITIONS
 THE FOLLOWING WEATHER WAS RECORDED YESTERDAY.
  LIGHT SNOW


RELATIVE HUMIDITY (PERCENT)
 HIGHEST    85          1000 PM
 LOWEST     39          1200 PM
 AVERAGE    62

..........................................................


THE WATERTOWN SD CLIMATE NORMALS FOR TODAY
                         NORMAL    RECORD    YEAR
 MAXIMUM TEMPERATURE (F)   45        78      1946
 MINIMUM TEMPERATURE (F)   25        -5      1969
                                             1921


SUNRISE AND SUNSET
MARCH 28 2015.........SUNRISE   717 AM CDT   SUNSET   751 PM CDT
MARCH 29 2015.........SUNRISE   715 AM CDT   SUNSET   752 PM CDT


-  INDICATES NEGATIVE NUMBERS.
R  INDICATES RECORD WAS SET OR TIED.
MM INDICATES DATA IS MISSING.
T  INDICATES TRACE AMOUNT.




$$
