000
CDUS43 KABR 011029
CLIATY


CLIMATE REPORT
NATIONAL WEATHER SERVICE ABERDEEN SD
429 AM CST SUN MAR 1 2015


...................................

...THE WATERTOWN SD CLIMATE SUMMARY FOR FEBRUARY 28 2015...

CLIMATE NORMAL PERIOD 1981 TO 2010
CLIMATE RECORD PERIOD 1898 TO 2015


WEATHER ITEM   OBSERVED TIME   RECORD YEAR NORMAL DEPARTURE LAST
                VALUE   (LST)  VALUE       VALUE  FROM      YEAR
                                                  NORMAL
..................................................................
TEMPERATURE (F)
 YESTERDAY
  MAXIMUM         25    507 PM  58    2000  32     -7       18
                                      1934
  MINIMUM         -2    721 AM -31    1962  13    -15       -2
  AVERAGE         12                        22    -10        8

PRECIPITATION (IN)
  YESTERDAY        0.00          0.60 1930   0.03  -0.03      T
  MONTH TO DATE    0.25                      0.56  -0.31     0.13
  SINCE DEC 1      1.29                      1.61  -0.32     1.04
  SINCE JAN 1      0.65                      1.08  -0.43     0.43

SNOWFALL (IN)
  YESTERDAY        0.0
  MONTH TO DATE    2.7
  SINCE OCT 1     20.9
  SINCE JUL 1     20.9
  SNOW DEPTH       1

DEGREE DAYS
 HEATING
  YESTERDAY       53                        43     10       57
  MONTH TO DATE 1508                      1329    179     1624
  SINCE DEC 1   4311                      4471   -160     5128
  SINCE JUL 1   6392                      6411    -19     6966

 COOLING
  YESTERDAY        0                         0      0        0
  MONTH TO DATE    0                         0      0        0
  SINCE DEC 1      0                         0      0        0
  SINCE JAN 1      0                         0      0        0
..................................................................


WIND (MPH)
  HIGHEST WIND SPEED    28   HIGHEST WIND DIRECTION     S (200)
  HIGHEST GUST SPEED    33   HIGHEST GUST DIRECTION     S (200)
  AVERAGE WIND SPEED    13.1


SKY COVER
  POSSIBLE SUNSHINE  MM
  AVERAGE SKY COVER 0.2


WEATHER CONDITIONS
 THE FOLLOWING WEATHER WAS RECORDED YESTERDAY.
  NO SIGNIFICANT WEATHER WAS OBSERVED.


RELATIVE HUMIDITY (PERCENT)
 HIGHEST    86           500 AM
 LOWEST     60           400 PM
 AVERAGE    73

..........................................................


THE WATERTOWN SD CLIMATE NORMALS FOR TODAY
                         NORMAL    RECORD    YEAR
 MAXIMUM TEMPERATURE (F)   32        66      1992
 MINIMUM TEMPERATURE (F)   14       -19      2009


SUNRISE AND SUNSET
MARCH  1 2015.........SUNRISE   707 AM CST   SUNSET   616 PM CST
MARCH  2 2015.........SUNRISE   705 AM CST   SUNSET   617 PM CST


-  INDICATES NEGATIVE NUMBERS.
R  INDICATES RECORD WAS SET OR TIED.
MM INDICATES DATA IS MISSING.
T  INDICATES TRACE AMOUNT.




$$
