068
CDUS43 KABR 211039
CLIATY


CLIMATE REPORT
NATIONAL WEATHER SERVICE ABERDEEN SD
539 AM CDT THU SEP 21 2017


...................................

...THE WATERTOWN SD CLIMATE SUMMARY FOR SEPTEMBER 20 2017...

CLIMATE NORMAL PERIOD 1981 TO 2010
CLIMATE RECORD PERIOD 1898 TO 2017


WEATHER ITEM   OBSERVED TIME   RECORD YEAR NORMAL DEPARTURE LAST
                VALUE   (LST)  VALUE       VALUE  FROM      YEAR
                                                  NORMAL
..................................................................
TEMPERATURE (F)
 YESTERDAY
  MAXIMUM         69    429 PM  91    1941  69      0       77
  MINIMUM         51    642 AM  20    1918  45      6       53
  AVERAGE         60                        57      3       65

PRECIPITATION (IN)
  YESTERDAY        0.00          1.14 2004   0.09  -0.09      T
  MONTH TO DATE    2.11                      1.84   0.27     1.79
  SINCE SEP 1      2.11                      1.84   0.27     1.79
  SINCE JAN 1     17.32                     18.07  -0.75    18.43

DEGREE DAYS
 HEATING
  YESTERDAY        5                         9     -4        0
  MONTH TO DATE   67                       111    -44       49
  SINCE SEP 1     67                       111    -44       49
  SINCE JUL 1     95                       168    -73       75

 COOLING
  YESTERDAY        0                         1     -1        0
  MONTH TO DATE   54                        36     18       32
  SINCE SEP 1     54                        36     18       32
  SINCE JAN 1    429                       510    -81      717
..................................................................


WIND (MPH)
  HIGHEST WIND SPEED    23   HIGHEST WIND DIRECTION     W (260)
  HIGHEST GUST SPEED    28   HIGHEST GUST DIRECTION     W (270)
  AVERAGE WIND SPEED    10.3


SKY COVER
  POSSIBLE SUNSHINE  MM
  AVERAGE SKY COVER 0.2


WEATHER CONDITIONS
 THE FOLLOWING WEATHER WAS RECORDED YESTERDAY.
  NO SIGNIFICANT WEATHER WAS OBSERVED.


RELATIVE HUMIDITY (PERCENT)
 HIGHEST   100           500 AM
 LOWEST     33           300 PM
 AVERAGE    67

..........................................................


THE WATERTOWN SD CLIMATE NORMALS FOR TODAY
                         NORMAL    RECORD    YEAR
 MAXIMUM TEMPERATURE (F)   68        97      1936
 MINIMUM TEMPERATURE (F)   45        23      1934


SUNRISE AND SUNSET
SEPTEMBER 21 2017.....SUNRISE   715 AM CDT   SUNSET   727 PM CDT
SEPTEMBER 22 2017.....SUNRISE   716 AM CDT   SUNSET   725 PM CDT


-  INDICATES NEGATIVE NUMBERS.
R  INDICATES RECORD WAS SET OR TIED.
MM INDICATES DATA IS MISSING.
T  INDICATES TRACE AMOUNT.




$$
