000
CDUS43 KABR 251030
CLIATY


CLIMATE REPORT
NATIONAL WEATHER SERVICE ABERDEEN SD
430 AM CST SUN JAN 25 2015


...................................

...THE WATERTOWN SD CLIMATE SUMMARY FOR JANUARY 24 2015...

CLIMATE NORMAL PERIOD 1981 TO 2010
CLIMATE RECORD PERIOD 1898 TO 2015


WEATHER ITEM   OBSERVED TIME   RECORD YEAR NORMAL DEPARTURE LAST
                VALUE   (LST)  VALUE       VALUE  FROM      YEAR
                                                  NORMAL
..................................................................
TEMPERATURE (F)
 YESTERDAY
  MAXIMUM         37    420 PM  65    1981  23     14       35
  MINIMUM         24    759 AM -36    1904   3     21       14
  AVERAGE         31                        13     18       25

PRECIPITATION (IN)
  YESTERDAY       MM             0.14 1969   0.01  MM        0.01
  MONTH TO DATE    0.30                      0.40  -0.10     0.18
  SINCE DEC 1      0.94                      0.93   0.01     0.79
  SINCE JAN 1      0.30                      0.40  -0.10     0.18

SNOWFALL (IN)
  YESTERDAY       MM
  MONTH TO DATE    3.7
  SINCE OCT 1     17.9
  SINCE JUL 1     17.9
  SNOW DEPTH       1

DEGREE DAYS
 HEATING
  YESTERDAY       34                        52    -18       40
  MONTH TO DATE 1216                      1262    -46     1316
  SINCE DEC 1   2548                      2781   -233     3076
  SINCE JUL 1   4629                      4721    -92     4914

 COOLING
  YESTERDAY        0                         0      0        0
  MONTH TO DATE    0                         0      0        0
  SINCE DEC 1      0                         0      0        0
  SINCE JAN 1      0                         0      0        0
..................................................................


WIND (MPH)
  HIGHEST WIND SPEED    22   HIGHEST WIND DIRECTION     N (360)
  HIGHEST GUST SPEED    27   HIGHEST GUST DIRECTION     N (360)
  AVERAGE WIND SPEED     7.7


SKY COVER
  POSSIBLE SUNSHINE  MM
  AVERAGE SKY COVER 0.4


WEATHER CONDITIONS
 THE FOLLOWING WEATHER WAS RECORDED YESTERDAY.
  LIGHT SNOW
  FOG


RELATIVE HUMIDITY (PERCENT)
 HIGHEST    96           700 PM
 LOWEST     82          1000 AM
 AVERAGE    89

..........................................................


THE WATERTOWN SD CLIMATE NORMALS FOR TODAY
                         NORMAL    RECORD    YEAR
 MAXIMUM TEMPERATURE (F)   23        50      1944
 MINIMUM TEMPERATURE (F)    3       -33      1904


SUNRISE AND SUNSET
JANUARY 25 2015.......SUNRISE   756 AM CST   SUNSET   527 PM CST
JANUARY 26 2015.......SUNRISE   755 AM CST   SUNSET   528 PM CST


-  INDICATES NEGATIVE NUMBERS.
R  INDICATES RECORD WAS SET OR TIED.
MM INDICATES DATA IS MISSING.
T  INDICATES TRACE AMOUNT.




$$
