288
CDUS44 KEWX 190635
CLIAUS


CLIMATE REPORT
NATIONAL WEATHER SERVICE AUSTIN/SAN ANTONIO, TX
1234 AM CST THU JAN 19 2017


...................................

...THE AUSTIN BERGSTROM CLIMATE SUMMARY FOR JANUARY 18 2017...

CLIMATE NORMAL PERIOD 1981 TO 2010
CLIMATE RECORD PERIOD 1943 TO 2017


WEATHER ITEM   OBSERVED TIME   RECORD YEAR NORMAL DEPARTURE LAST
                VALUE   (LST)  VALUE       VALUE  FROM      YEAR
                                                  NORMAL
..................................................................
TEMPERATURE (F)
 YESTERDAY
  MAXIMUM         57    526 PM  83    2000  62     -5       58
                                      1951
  MINIMUM         48    302 AM  19    2003  36     12       29
  AVERAGE         53                        49      4       44

PRECIPITATION (IN)
  YESTERDAY        1.50          1.74 1968   0.08   1.42     0.00
  MONTH TO DATE    4.65                      1.34   3.31     0.87
  SINCE DEC 1      7.76                      3.55   4.21     3.16
  SINCE JAN 1      4.65                      1.34   3.31     0.87

SNOWFALL (IN)
  YESTERDAY       MM
  MONTH TO DATE    0.0
  SINCE DEC 1      0.0
  SINCE JUL 1      0.0
  SNOW DEPTH       0

DEGREE DAYS
 HEATING
  YESTERDAY       12                        16     -4       21
  MONTH TO DATE  194                       288    -94      302
  SINCE DEC 1    546                       750   -204      619
  SINCE JUL 1    640                      1035   -395      797

 COOLING
  YESTERDAY        0                         0      0        0
  MONTH TO DATE   22                         0     22        0
  SINCE DEC 1     64                        10     54       19
  SINCE JAN 1     22                         0     22        0
..................................................................


WIND (MPH)
  HIGHEST WIND SPEED    16   HIGHEST WIND DIRECTION     N (360)
  HIGHEST GUST SPEED    21   HIGHEST GUST DIRECTION     N (350)
  AVERAGE WIND SPEED     7.6


SKY COVER
  AVERAGE SKY COVER 1.0


WEATHER CONDITIONS
 THE FOLLOWING WEATHER WAS RECORDED YESTERDAY.
  THUNDERSTORM
  HEAVY RAIN
  RAIN
  LIGHT RAIN
  FOG


RELATIVE HUMIDITY (PERCENT)
 HIGHEST   100           900 AM
 LOWEST     80           400 PM
 AVERAGE    90

..........................................................


THE AUSTIN BERGSTROM CLIMATE NORMALS FOR TODAY
                         NORMAL    RECORD    YEAR
 MAXIMUM TEMPERATURE (F)   62        86      2000
 MINIMUM TEMPERATURE (F)   36        14      1943


SUNRISE AND SUNSET
JANUARY 19 2017.......SUNRISE   727 AM CST   SUNSET   557 PM CST
JANUARY 20 2017.......SUNRISE   727 AM CST   SUNSET   557 PM CST


-  INDICATES NEGATIVE NUMBERS.
R  INDICATES RECORD WAS SET OR TIED.
MM INDICATES DATA IS MISSING.
T  INDICATES TRACE AMOUNT.




$$
