421
CDUS44 KEWX 162257
CLIAUS


CLIMATE REPORT
NATIONAL WEATHER SERVICE AUSTIN/SAN ANTONIO, TX
552 PM CDT WED AUG 16 2017


...................................

...THE AUSTIN BERGSTROM CLIMATE SUMMARY FOR AUGUST 16 2017...
VALID TODAY AS OF 0500 PM LOCAL TIME.

CLIMATE NORMAL PERIOD 1981 TO 2010
CLIMATE RECORD PERIOD 1943 TO 2017


WEATHER ITEM   OBSERVED TIME   RECORD YEAR NORMAL DEPARTURE LAST
                VALUE   (LST)  VALUE       VALUE  FROM      YEAR
                                                  NORMAL
..................................................................
TEMPERATURE (F)
 TODAY
  MAXIMUM        100    442 PM 104    1951  97      3       81
  MINIMUM         80    631 AM  59    2004  72      8       72
  AVERAGE         90                        84      6       77

PRECIPITATION (IN)
  TODAY            T             2.05 2016   0.06  -0.06     2.05
  MONTH TO DATE    2.92                      0.87   2.05     4.79
  SINCE JUN 1      6.41                      7.94  -1.53    13.07
  SINCE JAN 1     21.19                     21.55  -0.36    41.36

SNOWFALL (IN)
  TODAY            0.0
  MONTH TO DATE    0.0
  SINCE JUN 1      0.0
  SINCE JUL 1      0.0
  SNOW DEPTH       0

DEGREE DAYS
 HEATING
  TODAY            0                         0      0        0
  MONTH TO DATE    0                         0      0        0
  SINCE JUN 1      0                         0      0        0
  SINCE JUL 1      0                         0      0        0

 COOLING
  TODAY           25                        19      6       12
  MONTH TO DATE  338                       304     34      310
  SINCE JUN 1   1584                      1357    227     1499
  SINCE JAN 1   2369                      1864    505     2003
..................................................................


WIND (MPH)
  HIGHEST WIND SPEED    21   HIGHEST WIND DIRECTION     S (190)
  HIGHEST GUST SPEED    28   HIGHEST GUST DIRECTION    SW (210)
  AVERAGE WIND SPEED    14.6


SKY COVER
  AVERAGE SKY COVER 0.7


WEATHER CONDITIONS
 THE FOLLOWING WEATHER WAS RECORDED TODAY.
  LIGHT RAIN


RELATIVE HUMIDITY (PERCENT)
 HIGHEST    91           500 AM
 LOWEST     39           300 PM
 AVERAGE    65

..........................................................


THE AUSTIN BERGSTROM CLIMATE NORMALS FOR TOMORROW
                         NORMAL    RECORD    YEAR
 MAXIMUM TEMPERATURE (F)   96       105      1951
 MINIMUM TEMPERATURE (F)   72        61      2004


SUNRISE AND SUNSET
AUGUST 16 2017........SUNRISE   659 AM CDT   SUNSET   811 PM CDT
AUGUST 17 2017........SUNRISE   659 AM CDT   SUNSET   810 PM CDT


-  INDICATES NEGATIVE NUMBERS.
R  INDICATES RECORD WAS SET OR TIED.
MM INDICATES DATA IS MISSING.
T  INDICATES TRACE AMOUNT.




$$
