000
CDUS44 KEWX 061252
CLIAUS


CLIMATE REPORT
NATIONAL WEATHER SERVICE AUSTIN/SAN ANTONIO, TX
645 AM CST FRI MAR 6 2015


...................................

...THE AUSTIN BERGSTROM CLIMATE SUMMARY FOR MARCH 5 2015...

CLIMATE NORMAL PERIOD 1981 TO 2010
CLIMATE RECORD PERIOD 1943 TO 2015


WEATHER ITEM   OBSERVED TIME   RECORD YEAR NORMAL DEPARTURE LAST
                VALUE   (LST)  VALUE       VALUE  FROM      YEAR
                                                  NORMAL
..................................................................
TEMPERATURE (F)
 YESTERDAY
  MAXIMUM         46    449 PM  93    1991  69    -23       56
  MINIMUM         26   1159 PM  17    2002  44    -18       38
  AVERAGE         36                        56    -20       47

PRECIPITATION (IN)
  YESTERDAY        0.09          1.12 1976   0.09   0.00     0.00
  MONTH TO DATE    0.29                      0.42  -0.13     0.56
  SINCE MAR 1      0.29                      0.42  -0.13     0.56
  SINCE JAN 1      6.03                      4.93   1.10     1.65

SNOWFALL (IN)
  YESTERDAY       MM
  MONTH TO DATE    0.0
  SINCE MAR 1      0.0
  SINCE JUL 1      T
  SNOW DEPTH       0

DEGREE DAYS
 HEATING
  YESTERDAY       29                        10     19       18
  MONTH TO DATE  105                        52     53       94
  SINCE MAR 1    105                        52     53       94
  SINCE JUL 1   1819                      1667    152     1911

 COOLING
  YESTERDAY        0                         1     -1        0
  MONTH TO DATE    0                         5     -5        0
  SINCE MAR 1      0                         5     -5        0
  SINCE JAN 1      2                        21    -19       17
..................................................................


WIND (MPH)
  HIGHEST WIND SPEED    35   HIGHEST WIND DIRECTION     N (360)
  HIGHEST GUST SPEED    41   HIGHEST GUST DIRECTION     N (10)
  AVERAGE WIND SPEED    20.0


SKY COVER
  AVERAGE SKY COVER 0.5


WEATHER CONDITIONS
 THE FOLLOWING WEATHER WAS RECORDED YESTERDAY.
  LIGHT RAIN
  LT FREEZING RAIN


RELATIVE HUMIDITY (PERCENT)
 HIGHEST   100           100 AM
 LOWEST     36           600 PM
 AVERAGE    68

..........................................................


THE AUSTIN BERGSTROM CLIMATE NORMALS FOR TODAY
                         NORMAL    RECORD    YEAR
 MAXIMUM TEMPERATURE (F)   69        98      1991
 MINIMUM TEMPERATURE (F)   44        28      2011
                                             2007
                                             1966


SUNRISE AND SUNSET
MARCH  6 2015.........SUNRISE   651 AM CST   SUNSET   633 PM CST
MARCH  7 2015.........SUNRISE   650 AM CST   SUNSET   634 PM CST


-  INDICATES NEGATIVE NUMBERS.
R  INDICATES RECORD WAS SET OR TIED.
MM INDICATES DATA IS MISSING.
T  INDICATES TRACE AMOUNT.




$$
