000
CDUS43 KGRB 230736
CLIAUW


CLIMATE REPORT
NATIONAL WEATHER SERVICE GREEN BAY
234 AM CDT WED APR 23 2014


...................................

...THE WAUSAU WI CLIMATE SUMMARY FOR APRIL 22 2014...

CLIMATE NORMAL PERIOD 1981 TO 2010
CLIMATE RECORD PERIOD 1896 TO 2014


WEATHER ITEM   OBSERVED TIME   RECORD YEAR NORMAL DEPARTURE LAST
                VALUE   (LST)  VALUE       VALUE  FROM      YEAR
                                                  NORMAL
..................................................................
TEMPERATURE (F)
 YESTERDAY
  MAXIMUM         51    320 PM  88    1980  58     -7       47
  MINIMUM         32   1139 PM  20    1986  36     -4       36
  AVERAGE         42                        47     -5

PRECIPITATION (IN)
  YESTERDAY        0.00          1.13 1920   0.10  -0.10     0.27
  MONTH TO DATE    2.19                      1.89   0.30     3.36
  SINCE MAR 1      2.94                      3.65  -0.71     5.54
  SINCE JAN 1      5.88                      5.59   0.29     8.69

SNOWFALL (IN)
  YESTERDAY        0.0           5.0  1963   0.1   -0.1      0.0
  MONTH TO DATE    8.4                       3.4    5.0      8.2
  SINCE MAR 1     14.7                      13.4    1.3     20.9
  SINCE JUL 1     84.3                      58.7   25.6     76.9
  SNOW DEPTH       0

DEGREE DAYS
 HEATING
  YESTERDAY       23                        18      5       23
  MONTH TO DATE  575                       501     74      684
  SINCE MAR 1   1907                      1586    321     1936
  SINCE JUL 1   8854                      7722   1132     7760

 COOLING
  YESTERDAY        0                         0      0        0
  MONTH TO DATE    0                         0      0        0
  SINCE MAR 1      0                         0      0        0
  SINCE JAN 1      0                         0      0        0
..................................................................


WIND (MPH)
  HIGHEST WIND SPEED    23   HIGHEST WIND DIRECTION     N (350)
  HIGHEST GUST SPEED    30   HIGHEST GUST DIRECTION    NW (330)
  AVERAGE WIND SPEED    10.2


SKY COVER
  POSSIBLE SUNSHINE  MM
  AVERAGE SKY COVER 0.4


WEATHER CONDITIONS
 THE FOLLOWING WEATHER WAS RECORDED YESTERDAY.
  NO SIGNIFICANT WEATHER WAS OBSERVED.


RELATIVE HUMIDITY (PERCENT)
 HIGHEST    70          1000 PM
 LOWEST     32           400 PM
 AVERAGE    51

..........................................................


THE WAUSAU WI CLIMATE NORMALS FOR TODAY
                         NORMAL    RECORD    YEAR
 MAXIMUM TEMPERATURE (F)   59        83      1925
 MINIMUM TEMPERATURE (F)   37        20      1909


SUNRISE AND SUNSET
APRIL 23 2014.........SUNRISE   600 AM CDT   SUNSET   754 PM CDT
APRIL 24 2014.........SUNRISE   559 AM CDT   SUNSET   755 PM CDT


-  INDICATES NEGATIVE NUMBERS.
R  INDICATES RECORD WAS SET OR TIED.
MM INDICATES DATA IS MISSING.
T  INDICATES TRACE AMOUNT.

$$
