000
CDUS43 KGRB 250702
CLIAUW


CLIMATE REPORT
NATIONAL WEATHER SERVICE GREEN BAY
200 AM CDT WED MAY 25 2016


...................................

...THE WAUSAU WI CLIMATE SUMMARY FOR MAY 24 2016...

CLIMATE NORMAL PERIOD 1981 TO 2010
CLIMATE RECORD PERIOD 1896 TO 2016


WEATHER ITEM   OBSERVED TIME   RECORD YEAR NORMAL DEPARTURE LAST
                VALUE   (LST)  VALUE       VALUE  FROM      YEAR
                                                  NORMAL
..................................................................
TEMPERATURE (F)
 YESTERDAY
  MAXIMUM         83    259 PM  92    2010  69     14       70
  MINIMUM         60    620 AM  32    1992  47     13       53
                                      1948
  AVERAGE         72                        58     14

PRECIPITATION (IN)
  YESTERDAY        0.04          1.68 1952   0.12  -0.08     0.83
  MONTH TO DATE    0.78                      2.61  -1.83     2.70
  SINCE MAR 1      8.12                      7.10   1.02     6.67
  SINCE JAN 1      9.55                      9.04   0.51     7.42

SNOWFALL (IN)
  YESTERDAY        0.0           T    1924   0.0    0.0      0.0
  MONTH TO DATE    T                         0.2   -0.2       T
  SINCE JUL 1     43.4                      59.6  -16.2     53.7
  SNOW DEPTH       0

DEGREE DAYS
 HEATING
  YESTERDAY        0                         8     -8        3
  MONTH TO DATE  237                       262    -25      213
  SINCE MAR 1   1660                      1978   -318     1814
  SINCE JUL 1   6783                      8114  -1331     8394

 COOLING
  YESTERDAY        7                         1      6        0
  MONTH TO DATE   21                         7     14        8
  SINCE MAR 1     23                         9     14        8
  SINCE JAN 1     23                         9     14        8
..................................................................


WIND (MPH)
  HIGHEST WIND SPEED    18   HIGHEST WIND DIRECTION     W (280)
  HIGHEST GUST SPEED    23   HIGHEST GUST DIRECTION     W (280)
  AVERAGE WIND SPEED     4.7


SKY COVER
  POSSIBLE SUNSHINE  MM
  AVERAGE SKY COVER 0.3


WEATHER CONDITIONS
 THE FOLLOWING WEATHER WAS RECORDED YESTERDAY.
  LIGHT RAIN


RELATIVE HUMIDITY (PERCENT)
 HIGHEST    78          1000 PM
 LOWEST     39           400 PM
 AVERAGE    59

..........................................................


THE WAUSAU WI CLIMATE NORMALS FOR TODAY
                         NORMAL    RECORD    YEAR
 MAXIMUM TEMPERATURE (F)   70        88      1972
 MINIMUM TEMPERATURE (F)   47        30      1913
                                             1897


SUNRISE AND SUNSET
MAY 25 2016...........SUNRISE   520 AM CDT   SUNSET   832 PM CDT
MAY 26 2016...........SUNRISE   519 AM CDT   SUNSET   833 PM CDT


-  INDICATES NEGATIVE NUMBERS.
R  INDICATES RECORD WAS SET OR TIED.
MM INDICATES DATA IS MISSING.
T  INDICATES TRACE AMOUNT.

$$
