000
CDUS43 KGRB 230623
CLIAUW


CLIMATE REPORT
NATIONAL WEATHER SERVICE GREEN BAY
122 AM CDT WED JUL 23 2014


...................................

...THE WAUSAU WI CLIMATE SUMMARY FOR JULY 22 2014...

CLIMATE NORMAL PERIOD 1981 TO 2010
CLIMATE RECORD PERIOD 1896 TO 2014


WEATHER ITEM   OBSERVED TIME   RECORD YEAR NORMAL DEPARTURE LAST
                VALUE   (LST)  VALUE       VALUE  FROM      YEAR
                                                  NORMAL
..................................................................
TEMPERATURE (F)
 YESTERDAY
  MAXIMUM         87    216 PM  92    1964  80      7       84
                                      1940
                                      1929
  MINIMUM         62   1159 PM  38    1947  59      3       58
  AVERAGE         75                        70      5

PRECIPITATION (IN)
  YESTERDAY        0.00          1.50 1978   0.13  -0.13     0.00
  MONTH TO DATE    1.85                      2.68  -0.83     3.12
  SINCE JUN 1      7.36                      6.99   0.37     8.93
  SINCE JAN 1     18.80                     16.90   1.90    23.40

SNOWFALL (IN)
  YESTERDAY        0.0           0.0    MM   0.0    0.0      0.0
  MONTH TO DATE    0.0                       0.0    0.0      0.0
  SINCE JUN 1      0.0                       0.0    0.0      0.0
  SINCE JUL 1      0.0                       0.0    0.0      0.0
  SNOW DEPTH       0

DEGREE DAYS
 HEATING
  YESTERDAY        0                         1     -1        0
  MONTH TO DATE   35                        22     13        4
  SINCE JUN 1     57                       111    -54       90
  SINCE JUL 1     35                        22     13        4

 COOLING
  YESTERDAY       10                         5      5        6
  MONTH TO DATE   67                       110    -43      180
  SINCE JUN 1    177                       195    -18      264
  SINCE JAN 1    202                       214    -12      301
..................................................................


WIND (MPH)
  HIGHEST WIND SPEED    23   HIGHEST WIND DIRECTION     W (280)
  HIGHEST GUST SPEED    29   HIGHEST GUST DIRECTION     W (280)
  AVERAGE WIND SPEED    12.0


SKY COVER
  POSSIBLE SUNSHINE  MM
  AVERAGE SKY COVER 0.4


WEATHER CONDITIONS
 THE FOLLOWING WEATHER WAS RECORDED YESTERDAY.
  NO SIGNIFICANT WEATHER WAS OBSERVED.


RELATIVE HUMIDITY (PERCENT)
 HIGHEST    87           600 AM
 LOWEST     48          1200 PM
 AVERAGE    68

..........................................................


THE WAUSAU WI CLIMATE NORMALS FOR TODAY
                         NORMAL    RECORD    YEAR
 MAXIMUM TEMPERATURE (F)   80       101      1934
 MINIMUM TEMPERATURE (F)   59        47      1904


SUNRISE AND SUNSET
JULY 23 2014..........SUNRISE   534 AM CDT   SUNSET   835 PM CDT
JULY 24 2014..........SUNRISE   535 AM CDT   SUNSET   834 PM CDT


-  INDICATES NEGATIVE NUMBERS.
R  INDICATES RECORD WAS SET OR TIED.
MM INDICATES DATA IS MISSING.
T  INDICATES TRACE AMOUNT.




$$
