000
CDUS43 KGRB 290637
CLIAUW


CLIMATE REPORT
NATIONAL WEATHER SERVICE GREEN BAY
136 AM CDT SUN MAR 29 2015


...................................

...THE WAUSAU WI CLIMATE SUMMARY FOR MARCH 28 2015...

CLIMATE NORMAL PERIOD 1981 TO 2010
CLIMATE RECORD PERIOD 1896 TO 2015


WEATHER ITEM   OBSERVED TIME   RECORD YEAR NORMAL DEPARTURE LAST
                VALUE   (LST)  VALUE       VALUE  FROM      YEAR
                                                  NORMAL
..................................................................
TEMPERATURE (F)
 YESTERDAY
  MAXIMUM         40    352 PM  75    1986  45     -5       38
  MINIMUM         13    619 AM  -4    1923  25    -12       27
  AVERAGE         27                        35     -8

PRECIPITATION (IN)
  YESTERDAY        0.00          0.98 1920   0.06  -0.06     0.00
  MONTH TO DATE    0.54                      1.56  -1.02     0.75
  SINCE MAR 1      0.54                      1.56  -1.02     0.75
  SINCE JAN 1      1.29                      3.50  -2.21     3.69

SNOWFALL (IN)
  YESTERDAY        0.0           7.5  1931   0.3   -0.3      0.0
  MONTH TO DATE    4.5                       9.4   -4.9      6.3
  SINCE JUL 1     48.5                      54.7   -6.2     75.9
  SNOW DEPTH       0

DEGREE DAYS
 HEATING
  YESTERDAY       38                        30      8       32
  MONTH TO DATE  960                       998    -38     1255
  SINCE MAR 1    960                       998    -38     1255
  SINCE JUL 1   7540                      7134    406     8202

 COOLING
  YESTERDAY        0                         0      0        0
  MONTH TO DATE    0                         0      0        0
  SINCE MAR 1      0                         0      0        0
  SINCE JAN 1      0                         0      0        0
..................................................................


WIND (MPH)
  HIGHEST WIND SPEED    15   HIGHEST WIND DIRECTION     S (190)
  HIGHEST GUST SPEED    22   HIGHEST GUST DIRECTION     S (200)
  AVERAGE WIND SPEED     8.0


SKY COVER
  POSSIBLE SUNSHINE  MM
  AVERAGE SKY COVER 0.0


WEATHER CONDITIONS
 THE FOLLOWING WEATHER WAS RECORDED YESTERDAY.
  NO SIGNIFICANT WEATHER WAS OBSERVED.


RELATIVE HUMIDITY (PERCENT)
 HIGHEST    84           500 AM
 LOWEST     27           300 PM
 AVERAGE    56

..........................................................


THE WAUSAU WI CLIMATE NORMALS FOR TODAY
                         NORMAL    RECORD    YEAR
 MAXIMUM TEMPERATURE (F)   46        80      1910
 MINIMUM TEMPERATURE (F)   26        -1      1964


SUNRISE AND SUNSET
MARCH 29 2015.........SUNRISE   645 AM CDT   SUNSET   722 PM CDT
MARCH 30 2015.........SUNRISE   643 AM CDT   SUNSET   723 PM CDT


-  INDICATES NEGATIVE NUMBERS.
R  INDICATES RECORD WAS SET OR TIED.
MM INDICATES DATA IS MISSING.
T  INDICATES TRACE AMOUNT.




$$
