000
CDUS43 KGRB 200709
CLIAUW


CLIMATE REPORT
NATIONAL WEATHER SERVICE GREEN BAY
109 AM CST SAT DEC 20 2014


...................................

...THE WAUSAU WI CLIMATE SUMMARY FOR DECEMBER 19 2014...

CLIMATE NORMAL PERIOD 1981 TO 2010
CLIMATE RECORD PERIOD 1896 TO 2014


WEATHER ITEM   OBSERVED TIME   RECORD YEAR NORMAL DEPARTURE LAST
                VALUE   (LST)  VALUE       VALUE  FROM      YEAR
                                                  NORMAL
..................................................................
TEMPERATURE (F)
 YESTERDAY
  MAXIMUM         27    159 PM  48    1923  25      2       25
  MINIMUM         14    638 AM -26    1983  10      4        6
  AVERAGE         21                        18      3

PRECIPITATION (IN)
  YESTERDAY        0.00          0.55 1951   0.04  -0.04     0.02
  MONTH TO DATE    0.46                      0.87  -0.41     1.03
  SINCE DEC 1      0.46                      0.87  -0.41     1.03
  SINCE JAN 1     39.95                     31.92   8.03    37.98

SNOWFALL (IN)
  YESTERDAY        0.0           8.5  1968   0.4   -0.4      0.2
  MONTH TO DATE    2.9                       8.5   -5.6     14.5
  SINCE JUL 1     23.1                      16.8    6.3     19.6
  SNOW DEPTH       T

DEGREE DAYS
 HEATING
  YESTERDAY       44                        47     -3       49
  MONTH TO DATE  799                       842    -43     1027
  SINCE DEC 1    799                       842    -43     1027
  SINCE JUL 1   2882                      2701    181     2837

 COOLING
  YESTERDAY        0                         0      0        0
  MONTH TO DATE    0                         0      0        0
  SINCE DEC 1      0                         0      0        0
  SINCE JAN 1    338                       407    -69      506
..................................................................


WIND (MPH)
  HIGHEST WIND SPEED     9   HIGHEST WIND DIRECTION    SW (210)
  HIGHEST GUST SPEED    11   HIGHEST GUST DIRECTION    SW (210)
  AVERAGE WIND SPEED     2.7


SKY COVER
  POSSIBLE SUNSHINE  MM
  AVERAGE SKY COVER 0.6


WEATHER CONDITIONS
 THE FOLLOWING WEATHER WAS RECORDED YESTERDAY.
  NO SIGNIFICANT WEATHER WAS OBSERVED.


RELATIVE HUMIDITY (PERCENT)
 HIGHEST    92          1200 AM
 LOWEST     68           300 PM
 AVERAGE    80

..........................................................


THE WAUSAU WI CLIMATE NORMALS FOR TODAY
                         NORMAL    RECORD    YEAR
 MAXIMUM TEMPERATURE (F)   25        45      1967
 MINIMUM TEMPERATURE (F)   10       -21      1989


SUNRISE AND SUNSET
DECEMBER 20 2014......SUNRISE   733 AM CST   SUNSET   419 PM CST
DECEMBER 21 2014......SUNRISE   733 AM CST   SUNSET   420 PM CST


-  INDICATES NEGATIVE NUMBERS.
R  INDICATES RECORD WAS SET OR TIED.
MM INDICATES DATA IS MISSING.
T  INDICATES TRACE AMOUNT.




$$
