000
CDUS43 KGRB 202129
CLIAUW


CLIMATE REPORT
NATIONAL WEATHER SERVICE GREEN BAY
429 PM CDT SUN AUG 20 2017


...................................

...THE WAUSAU WI CLIMATE SUMMARY FOR AUGUST 20 2017...
VALID TODAY AS OF 0400 PM LOCAL TIME.

CLIMATE NORMAL PERIOD 1981 TO 2010
CLIMATE RECORD PERIOD 1896 TO 2017


WEATHER ITEM   OBSERVED TIME   RECORD YEAR NORMAL DEPARTURE LAST
                VALUE   (LST)  VALUE       VALUE  FROM      YEAR
                                                  NORMAL
..................................................................
TEMPERATURE (F)
 TODAY
  MAXIMUM         82    259 PM  95    1916  77      5       67
  MINIMUM         55    533 AM  36    1950  57     -2       57
  AVERAGE         69                        67      2       62

PRECIPITATION (IN)
  TODAY            0.00          5.16 1926   0.13  -0.13     0.69
  MONTH TO DATE    2.42                      2.74  -0.32     3.31
  SINCE JUN 1     12.33                     10.88   1.45    13.13
  SINCE JAN 1     28.12                     20.79   7.33    24.79

SNOWFALL (IN)
  TODAY            0.0           0.0    MM   0.0             0.0
  MONTH TO DATE    0.0                       0.0             0.0
  SINCE JUN 1      0.0                       0.0             0.0
  SINCE JUL 1      0.0                       0.0             0.0
  SNOW DEPTH       0

DEGREE DAYS
 HEATING
  TODAY            0                         1     -1        3
  MONTH TO DATE   19                        20     -1        3
  SINCE JUN 1     76                       132    -56       42
  SINCE JUL 1     22                        43    -21       12

 COOLING
  TODAY            4                         3      1        0
  MONTH TO DATE   35                        85    -50      133
  SINCE JAN 1    265                       345    -80      455
..................................................................


WIND (MPH)
  HIGHEST WIND SPEED    20   HIGHEST WIND DIRECTION     W (250)
  HIGHEST GUST SPEED    27   HIGHEST GUST DIRECTION    SW (220)
  AVERAGE WIND SPEED     7.9


SKY COVER
  POSSIBLE SUNSHINE  MM
  AVERAGE SKY COVER 0.0


WEATHER CONDITIONS
 THE FOLLOWING WEATHER WAS RECORDED TODAY.
  FOG


RELATIVE HUMIDITY (PERCENT)
 HIGHEST   100           200 AM
 LOWEST     51           200 PM
 AVERAGE    76

..........................................................


THE WAUSAU WI CLIMATE NORMALS FOR TOMORROW
                         NORMAL    RECORD    YEAR
 MAXIMUM TEMPERATURE (F)   77        99      1955
 MINIMUM TEMPERATURE (F)   57        39      2004


SUNRISE AND SUNSET
AUGUST 20 2017........SUNRISE   607 AM CDT   SUNSET   756 PM CDT
AUGUST 21 2017........SUNRISE   608 AM CDT   SUNSET   754 PM CDT


-  INDICATES NEGATIVE NUMBERS.
R  INDICATES RECORD WAS SET OR TIED.
MM INDICATES DATA IS MISSING.
T  INDICATES TRACE AMOUNT.




$$
