000
CDUS43 KGRB 260737
CLIAUW


CLIMATE REPORT
NATIONAL WEATHER SERVICE GREEN BAY
234 AM CDT WED APR 26 2017


...................................

...THE WAUSAU WI CLIMATE SUMMARY FOR APRIL 25 2017...

CLIMATE NORMAL PERIOD 1981 TO 2010
CLIMATE RECORD PERIOD 1896 TO 2017


WEATHER ITEM   OBSERVED TIME   RECORD YEAR NORMAL DEPARTURE LAST
                VALUE   (LST)  VALUE       VALUE  FROM      YEAR
                                                  NORMAL
..................................................................
TEMPERATURE (F)
 YESTERDAY
  MAXIMUM         74    218 PM  85    1990  60     14       48
  MINIMUM         49    542 AM  23    1934  37     12       39
  AVERAGE         62                        48     14

PRECIPITATION (IN)
  YESTERDAY        0.03          1.21 1965   0.11  -0.08     0.05
  MONTH TO DATE    4.57                      2.20   2.37     2.31
  SINCE MAR 1      6.75                      3.96   2.79     7.26
  SINCE JAN 1     10.69                      5.90   4.79     8.69

SNOWFALL (IN)
  YESTERDAY        0.0           4.9  1917   0.1   -0.1      0.0
  MONTH TO DATE    0.4                       3.7   -3.3      5.8
  SINCE JUL 1     59.2                      59.0    0.2     43.4
  SNOW DEPTH       0

DEGREE DAYS
 HEATING
  YESTERDAY        3                        17    -14       21
  MONTH TO DATE  439                       553   -114      520
  SINCE MAR 1   1524                      1638   -114     1328
  SINCE JUL 1   6750                      7774  -1024     6451

 COOLING
  YESTERDAY        0                         0      0        0
  MONTH TO DATE    0                         0      0        2
  SINCE MAR 1      0                         0      0        2
  SINCE JAN 1      0                         0      0        2
..................................................................


WIND (MPH)
  HIGHEST WIND SPEED    18   HIGHEST WIND DIRECTION     S (160)
  HIGHEST GUST SPEED    23   HIGHEST GUST DIRECTION     S (160)
  AVERAGE WIND SPEED     8.8


SKY COVER
  POSSIBLE SUNSHINE  MM
  AVERAGE SKY COVER 0.5


WEATHER CONDITIONS
 THE FOLLOWING WEATHER WAS RECORDED YESTERDAY.
  LIGHT RAIN


RELATIVE HUMIDITY (PERCENT)
 HIGHEST    80           900 PM
 LOWEST     25           200 PM
 AVERAGE    53

..........................................................


THE WAUSAU WI CLIMATE NORMALS FOR TODAY
                         NORMAL    RECORD    YEAR
 MAXIMUM TEMPERATURE (F)   60        84      1962
                                             1915
 MINIMUM TEMPERATURE (F)   38        23      1958


SUNRISE AND SUNSET
APRIL 26 2017.........SUNRISE   555 AM CDT   SUNSET   758 PM CDT
APRIL 27 2017.........SUNRISE   554 AM CDT   SUNSET   759 PM CDT


-  INDICATES NEGATIVE NUMBERS.
R  INDICATES RECORD WAS SET OR TIED.
MM INDICATES DATA IS MISSING.
T  INDICATES TRACE AMOUNT.

$$
