000
CDUS43 KGRB 200658
CLIAUW


CLIMATE REPORT
NATIONAL WEATHER SERVICE GREEN BAY
158 AM CDT FRI OCT 20 2017


...................................

...THE WAUSAU WI CLIMATE SUMMARY FOR OCTOBER 19 2017...

CLIMATE NORMAL PERIOD 1981 TO 2010
CLIMATE RECORD PERIOD 1896 TO 2017


WEATHER ITEM   OBSERVED TIME   RECORD YEAR NORMAL DEPARTURE LAST
                VALUE   (LST)  VALUE       VALUE  FROM      YEAR
                                                  NORMAL
..................................................................
TEMPERATURE (F)
 YESTERDAY
  MAXIMUM         68    251 PM  78    1953  54     14       63
                                      1910
  MINIMUM         42    705 AM  16    1972  36      6       41
  AVERAGE         55                        45     10

PRECIPITATION (IN)
  YESTERDAY        0.00          1.07 1982   0.09  -0.09     0.00
  MONTH TO DATE    2.99                      1.98   1.01     1.64
  SINCE SEP 1      4.94                      5.88  -0.94     6.41
  SINCE JAN 1     34.26                     28.09   6.17    31.76

SNOWFALL (IN)
  YESTERDAY        0.0           4.0  1986   0.0    0.0      0.0
  MONTH TO DATE    0.0                       0.6   -0.6      0.0
  SINCE JUL 1      0.0                       0.6   -0.6      0.0
  SNOW DEPTH       0

DEGREE DAYS
 HEATING
  YESTERDAY       10                        20    -10       13
  MONTH TO DATE  195                       320   -125      199
  SINCE SEP 1    351                       547   -196      296
  SINCE JUL 1    409                       613   -204      318

 COOLING
  YESTERDAY        0                         0      0        0
  MONTH TO DATE    1                         0      1        1
  SINCE SEP 1     67                        30     37       25
  SINCE JAN 1    339                       405    -66      512
..................................................................


WIND (MPH)
  HIGHEST WIND SPEED    14   HIGHEST WIND DIRECTION     W (250)
  HIGHEST GUST SPEED    18   HIGHEST GUST DIRECTION     W (260)
  AVERAGE WIND SPEED     6.3


SKY COVER
  POSSIBLE SUNSHINE  MM
  AVERAGE SKY COVER 0.0


WEATHER CONDITIONS
 THE FOLLOWING WEATHER WAS RECORDED YESTERDAY.
  NO SIGNIFICANT WEATHER WAS OBSERVED.


RELATIVE HUMIDITY (PERCENT)
 HIGHEST    57           600 AM
 LOWEST     24           200 PM
 AVERAGE    41

..........................................................


THE WAUSAU WI CLIMATE NORMALS FOR TODAY
                         NORMAL    RECORD    YEAR
 MAXIMUM TEMPERATURE (F)   54        81      1953
 MINIMUM TEMPERATURE (F)   35        17      1952


SUNRISE AND SUNSET
OCTOBER 20 2017.......SUNRISE   721 AM CDT   SUNSET   605 PM CDT
OCTOBER 21 2017.......SUNRISE   722 AM CDT   SUNSET   603 PM CDT


-  INDICATES NEGATIVE NUMBERS.
R  INDICATES RECORD WAS SET OR TIED.
MM INDICATES DATA IS MISSING.
T  INDICATES TRACE AMOUNT.




$$
