000
CDUS43 KGRB 122233
CLIAUW


CLIMATE REPORT
NATIONAL WEATHER SERVICE GREEN BAY
433 PM CST TUE DEC 12 2017


...................................

...THE WAUSAU WI CLIMATE SUMMARY FOR DECEMBER 12 2017...
VALID TODAY AS OF 0400 PM LOCAL TIME.

CLIMATE NORMAL PERIOD 1981 TO 2010
CLIMATE RECORD PERIOD 1896 TO 2017


WEATHER ITEM   OBSERVED TIME   RECORD YEAR NORMAL DEPARTURE LAST
                VALUE   (LST)  VALUE       VALUE  FROM      YEAR
                                                  NORMAL
..................................................................
TEMPERATURE (F)
 TODAY
  MAXIMUM         17   1208 AM  49    1998  27    -10       19
  MINIMUM          9    924 AM -10    1962  12     -3        8
                                      1927
  AVERAGE         13                        20     -7       14

PRECIPITATION (IN)
  TODAY           MM             1.42 1965   0.04  MM         T
  MONTH TO DATE    0.67                      0.58   0.09     0.78
  SINCE DEC 1      0.67                      0.58   0.09     0.78
  SINCE JAN 1     36.78                     31.63   5.15    35.10

SNOWFALL (IN)
  TODAY           MM             7.2  1972   0.4   MM         T
                                      2001
  MONTH TO DATE    1.6                       5.3   -3.7     11.9
  SINCE DEC 1      1.6                       5.3   -3.7     11.9
  SINCE JUL 1      9.9                      13.6   -3.7     15.0
  SNOW DEPTH      MM

DEGREE DAYS
 HEATING
  TODAY           52                        45      7       51
  MONTH TO DATE  474                       516    -42      499
  SINCE DEC 1    474                       516    -42      499
  SINCE JUL 1   2159                      2375   -216     1777

 COOLING
  TODAY            0                         0      0        0
  MONTH TO DATE    0                         0      0        0
  SINCE JAN 1    339                       407    -68      512
..................................................................


WIND (MPH)
  HIGHEST WIND SPEED    21   HIGHEST WIND DIRECTION     N (340)
  HIGHEST GUST SPEED    30   HIGHEST GUST DIRECTION    NW (330)
  AVERAGE WIND SPEED    12.3


SKY COVER
  POSSIBLE SUNSHINE  MM
  AVERAGE SKY COVER 0.6


WEATHER CONDITIONS
 THE FOLLOWING WEATHER WAS RECORDED TODAY.
  NO SIGNIFICANT WEATHER WAS OBSERVED.


RELATIVE HUMIDITY (PERCENT)
 HIGHEST    67           400 AM
 LOWEST     58          1100 AM
 AVERAGE    63

..........................................................


THE WAUSAU WI CLIMATE NORMALS FOR TOMORROW
                         NORMAL    RECORD    YEAR
 MAXIMUM TEMPERATURE (F)   27        49      1998
                                             1913
 MINIMUM TEMPERATURE (F)   12       -24      1903


SUNRISE AND SUNSET
DECEMBER 12 2017......SUNRISE   727 AM CST   SUNSET   417 PM CST
DECEMBER 13 2017......SUNRISE   728 AM CST   SUNSET   417 PM CST


-  INDICATES NEGATIVE NUMBERS.
R  INDICATES RECORD WAS SET OR TIED.
MM INDICATES DATA IS MISSING.
T  INDICATES TRACE AMOUNT.




$$
