000
CDUS43 KGRB 010709
CLIAUW

CLIMATE REPORT
NATIONAL WEATHER SERVICE GREEN BAY
206 AM CDT WED OCT 1 2014

...................................

...THE WAUSAU WI CLIMATE SUMMARY FOR SEPTEMBER 30 2014...

CLIMATE NORMAL PERIOD 1981 TO 2010
CLIMATE RECORD PERIOD 1896 TO 2014

WEATHER ITEM   OBSERVED TIME   RECORD YEAR NORMAL DEPARTURE LAST
                VALUE   (LST)  VALUE       VALUE  FROM      YEAR
                                                  NORMAL
..................................................................
TEMPERATURE (F)
 YESTERDAY
  MAXIMUM         55    404 PM  85    1897  62     -7       71
  MINIMUM         39    638 AM  18    1899  42     -3       47
  AVERAGE         47                        52     -5

PRECIPITATION (IN)
  YESTERDAY        0.00          2.06 1981   0.12  -0.12     0.00
  MONTH TO DATE    5.99                      3.90   2.09     2.76
  SINCE SEP 1      5.99                      3.90   2.09     2.76
  SINCE JAN 1     32.64                     26.11   6.53    30.39

SNOWFALL (IN)
  YESTERDAY        0.0           0.0    MM   0.0    0.0      0.0
  MONTH TO DATE    0.0                       0.0    0.0      0.0
  SINCE SEP 1      0.0                       0.0    0.0      0.0
  SINCE JUL 1      0.0                       0.0    0.0      0.0
  SNOW DEPTH       0

DEGREE DAYS
 HEATING
  YESTERDAY       18                        13      5        6
  MONTH TO DATE  224                       227     -3      172
  SINCE SEP 1    224                       227     -3      172
  SINCE JUL 1    278                       293    -15      228

COOLING
  YESTERDAY        0                         0      0        0
  MONTH TO DATE   12                        30    -18       56
  SINCE SEP 1     12                        30    -18       56
  SINCE JAN 1    338                       405    -67      506
..................................................................

WIND (MPH)
  HIGHEST WIND SPEED    15   HIGHEST WIND DIRECTION    SE (140)
  HIGHEST GUST SPEED    17   HIGHEST GUST DIRECTION    SE (150)
  AVERAGE WIND SPEED     6.9

SKY COVER
  POSSIBLE SUNSHINE  MM
  AVERAGE SKY COVER 0.7

WEATHER CONDITIONS
 THE FOLLOWING WEATHER WAS RECORDED YESTERDAY.
  NO SIGNIFICANT WEATHER WAS OBSERVED.

RELATIVE HUMIDITY (PERCENT)
 HIGHEST    92           700 AM
 LOWEST     61           300 PM
 AVERAGE    77
..........................................................

THE WAUSAU WI CLIMATE NORMALS FOR TODAY
                         NORMAL    RECORD    YEAR
 MAXIMUM TEMPERATURE (F)   62        91      1976
 MINIMUM TEMPERATURE (F)   42        25      1947

SUNRISE AND SUNSET
OCTOBER  1 2014.......SUNRISE   656 AM CDT   SUNSET   639 PM CDT
OCTOBER  2 2014.......SUNRISE   658 AM CDT   SUNSET   637 PM CDT

-  INDICATES NEGATIVE NUMBERS.
R  INDICATES RECORD WAS SET OR TIED.
MM INDICATES DATA IS MISSING.
T  INDICATES TRACE AMOUNT.

$$
