000
CDUS42 KGSP 010637
CLIAVL

CLIMATE REPORT
NATIONAL WEATHER SERVICE GREENVILLE-SPARTANBURG SC
237 AM EDT SAT OCT 1 2016


...................................

...THE ASHEVILLE NC CLIMATE SUMMARY FOR SEPTEMBER 30 2016...

CLIMATE NORMAL PERIOD 1981 TO 2010
CLIMATE RECORD PERIOD 1869 TO 2016


WEATHER ITEM   OBSERVED TIME   RECORD YEAR NORMAL DEPARTURE LAST
                VALUE   (LST)  VALUE       VALUE  FROM      YEAR
                                                  NORMAL
..................................................................
TEMPERATURE (F)
 YESTERDAY
  MAXIMUM         73    202 PM  85    1981  73      0       82
                                      1941
                                      1897
  MINIMUM         49    651 AM  30    1967  50     -1       64
  AVERAGE         61                        61      0       73

PRECIPITATION (IN)
  YESTERDAY        0.00          2.52 1929   0.12  -0.12     0.12
  MONTH TO DATE    0.58                      3.81  -3.23     4.50
  SINCE SEP 1      0.58                      3.81  -3.23     4.50
  SINCE JAN 1     29.03                     35.42  -6.39    30.60

SNOWFALL (IN)
  YESTERDAY        0.0           0.0    MM   0.0             0.0
  MONTH TO DATE    0.0                       0.0             0.0
  SINCE SEP 1      0.0                       0.0             0.0
  SINCE JUL 1      0.0                       0.0             0.0
  SNOW DEPTH       0

DEGREE DAYS
 HEATING
  YESTERDAY        4                         5     -1        0
  MONTH TO DATE    5                        53    -48       35
  SINCE SEP 1      5                        55    -50       35
  SINCE JUL 1      5                        57    -52       35

 COOLING
  YESTERDAY        0                         1     -1        8
  MONTH TO DATE  219                        95    124      139
  SINCE SEP 1    219                        95    124      139
  SINCE JAN 1   1302                       852    450     1144
..................................................................


WIND (MPH)
  HIGHEST WIND SPEED    14   HIGHEST WIND DIRECTION     S (180)
  HIGHEST GUST SPEED    17   HIGHEST GUST DIRECTION     S (180)
  AVERAGE WIND SPEED     5.3


SKY COVER
  POSSIBLE SUNSHINE  MM
  AVERAGE SKY COVER 0.1


WEATHER CONDITIONS
 THE FOLLOWING WEATHER WAS RECORDED YESTERDAY.
  NO SIGNIFICANT WEATHER WAS OBSERVED.


RELATIVE HUMIDITY (PERCENT)
 HIGHEST    93           600 AM
 LOWEST     35           200 PM
 AVERAGE    64

..........................................................


THE ASHEVILLE NC CLIMATE NORMALS FOR TODAY
                         NORMAL    RECORD    YEAR
 MAXIMUM TEMPERATURE (F)   72        86      1941
                                             1897
 MINIMUM TEMPERATURE (F)   50        29      1895


SUNRISE AND SUNSET
OCTOBER  1 2016.......SUNRISE   725 AM EDT   SUNSET   713 PM EDT
OCTOBER  2 2016.......SUNRISE   726 AM EDT   SUNSET   712 PM EDT


-  INDICATES NEGATIVE NUMBERS.
R  INDICATES RECORD WAS SET OR TIED.
MM INDICATES DATA IS MISSING.
T  INDICATES TRACE AMOUNT.




$$
