116
CDUS42 KGSP 120632 RRA
CLIAVL

CLIMATE REPORT
NATIONAL WEATHER SERVICE GREENVILLE-SPARTANBURG SC
129 AM EST FRI FEB 12 2016


...................................

...THE ASHEVILLE NC CLIMATE SUMMARY FOR FEBRUARY 11 2016...

CLIMATE NORMAL PERIOD 1981 TO 2010
CLIMATE RECORD PERIOD 1869 TO 2016


WEATHER ITEM   OBSERVED TIME   RECORD YEAR NORMAL DEPARTURE LAST
                VALUE   (LST)  VALUE       VALUE  FROM      YEAR
                                                  NORMAL
..................................................................
TEMPERATURE (F)
 YESTERDAY
  MAXIMUM         39    441 PM  74    1932  50    -11       58
  MINIMUM         20    707 AM   7    1955  29     -9       26
                                      1936
  AVERAGE         30                        40    -10       42

PRECIPITATION (IN)
  YESTERDAY        0.00          1.69 1985   0.13  -0.13     0.00
  MONTH TO DATE    2.42                      1.45   0.97     1.00
  SINCE DEC 1     14.47                      8.71   5.76     6.46
  SINCE JAN 1      5.71                      5.12   0.59     4.06

SNOWFALL (IN)
  YESTERDAY        0.0           4.2  1910   0.1             0.0
  MONTH TO DATE    T                         1.0              T
  SINCE DEC 1     13.8                       6.0              T
  SINCE JUL 1     13.8                       6.1             3.2
  SNOW DEPTH       0

DEGREE DAYS
 HEATING
  YESTERDAY       35                        25     10       23
  MONTH TO DATE  291                       289      2      282
  SINCE DEC 1   1639                      1949   -310     1782
  SINCE JUL 1   2314                      2816   -502     2697

 COOLING
  YESTERDAY        0                         0      0        0
  MONTH TO DATE    0                         0      0        0
  SINCE DEC 1      0                         0      0        0
  SINCE JAN 1      0                         0      0        0
..................................................................


WIND (MPH)
  HIGHEST WIND SPEED    18   HIGHEST WIND DIRECTION     N (350)
  HIGHEST GUST SPEED    25   HIGHEST GUST DIRECTION     N (340)
  AVERAGE WIND SPEED    10.2


SKY COVER
  POSSIBLE SUNSHINE  MM
  AVERAGE SKY COVER 0.3


WEATHER CONDITIONS
 THE FOLLOWING WEATHER WAS RECORDED YESTERDAY.
  NO SIGNIFICANT WEATHER WAS OBSERVED.


RELATIVE HUMIDITY (PERCENT)
 HIGHEST    73           600 AM
 LOWEST     40           200 PM
 AVERAGE    57

..........................................................


THE ASHEVILLE NC CLIMATE NORMALS FOR TODAY
                         NORMAL    RECORD    YEAR
 MAXIMUM TEMPERATURE (F)   50        73      1922
 MINIMUM TEMPERATURE (F)   29         6      1981
                                             1955


SUNRISE AND SUNSET
FEBRUARY 12 2016......SUNRISE   720 AM EST   SUNSET   609 PM EST
FEBRUARY 13 2016......SUNRISE   719 AM EST   SUNSET   610 PM EST


-  INDICATES NEGATIVE NUMBERS.
R  INDICATES RECORD WAS SET OR TIED.
MM INDICATES DATA IS MISSING.
T  INDICATES TRACE AMOUNT.




$$
