000
CDUS42 KGSP 211607 CCA
CLIAVL

CLIMATE REPORT
NATIONAL WEATHER SERVICE GREENVILLE-SPARTANBURG SC
228 AM EDT THU AUG 21 2014


...................................

...THE ASHEVILLE NC CLIMATE SUMMARY FOR AUGUST 20 2014...

CLIMATE NORMAL PERIOD 1981 TO 2010
CLIMATE RECORD PERIOD 1869 TO 2014


WEATHER ITEM   OBSERVED TIME   RECORD YEAR NORMAL DEPARTURE LAST
                VALUE   (LST)  VALUE       VALUE  FROM      YEAR
                                                  NORMAL
..................................................................
TEMPERATURE (F)
 YESTERDAY
  MAXIMUM         88    304 PM  97    1983  83      5       79
  MINIMUM         63    627 AM  52    1879  63      0       64
  AVERAGE         76                        73      3       72

PRECIPITATION (IN)
  YESTERDAY        T             1.98 1891   0.14  -0.14      T
  MONTH TO DATE    3.16                      2.83   0.33     6.84
  SINCE JUN 1     13.48                     11.79   1.69    29.50
  SINCE JAN 1     29.99                     30.04  -0.05    58.62

SNOWFALL (IN)
  YESTERDAY        0.0           0.0    MM   0.0             0.0
  MONTH TO DATE    0.0                       0.0             0.0
  SINCE JUN 1      0.0                       0.0             0.0
  SINCE JUL 1      0.0                       0.0             0.0
  SNOW DEPTH       0

DEGREE DAYS
 HEATING
  YESTERDAY        0                         0      0        0
  MONTH TO DATE    0                         0      0        5
  SINCE JUN 1      2                        14    -12        5
  SINCE JUL 1      2                         0      2        5

 COOLING
  YESTERDAY       11                         8      3        7
  MONTH TO DATE  140                       171    -31      134
  SINCE JUN 1    574                       623    -49      606
  SINCE JAN 1    655                       681    -26      657
..................................................................


WIND (MPH)
  HIGHEST WIND SPEED    22   HIGHEST WIND DIRECTION     N (350)
  HIGHEST GUST SPEED    27   HIGHEST GUST DIRECTION     N (340)
  AVERAGE WIND SPEED     4.3


SKY COVER
  POSSIBLE SUNSHINE  MM
  AVERAGE SKY COVER 0.0


WEATHER CONDITIONS
 THE FOLLOWING WEATHER WAS RECORDED YESTERDAY.
  THUNDERSTORM
  LIGHT RAIN
  FOG


RELATIVE HUMIDITY (PERCENT)
 HIGHEST   100           600 AM
 LOWEST     48           200 PM
 AVERAGE    74

..........................................................


THE ASHEVILLE NC CLIMATE NORMALS FOR TODAY
                         NORMAL    RECORD    YEAR
 MAXIMUM TEMPERATURE (F)   83       100      1983
 MINIMUM TEMPERATURE (F)   63        49      1918


SUNRISE AND SUNSET
AUGUST 21 2014........SUNRISE   654 AM EDT   SUNSET   812 PM EDT
AUGUST 22 2014........SUNRISE   655 AM EDT   SUNSET   811 PM EDT


-  INDICATES NEGATIVE NUMBERS.
R  INDICATES RECORD WAS SET OR TIED.
MM INDICATES DATA IS MISSING.
T  INDICATES TRACE AMOUNT.

$$
07
