000
CDUS42 KGSP 200633
CLIAVL

CLIMATE REPORT
NATIONAL WEATHER SERVICE GREENVILLE-SPARTANBURG SC
133 AM EST TUE FEB 20 2018


...................................

...THE ASHEVILLE NC CLIMATE SUMMARY FOR FEBRUARY 19 2018...

CLIMATE NORMAL PERIOD 1981 TO 2010
CLIMATE RECORD PERIOD 1869 TO 2018


WEATHER ITEM   OBSERVED TIME   RECORD YEAR NORMAL DEPARTURE LAST
                VALUE   (LST)  VALUE       VALUE  FROM      YEAR
                                                  NORMAL
..................................................................
TEMPERATURE (F)
 YESTERDAY
  MAXIMUM         59    341 PM  72    2014  52      7       61
  MINIMUM         47    541 AM   3    2015  31     16       38
  AVERAGE         53                        41     12       50

PRECIPITATION (IN)
  YESTERDAY        0.01          1.05 1927   0.13  -0.12     0.00
  MONTH TO DATE    4.72                      2.55   2.17     0.44
  SINCE DEC 1     11.23                      9.81   1.42     6.47
  SINCE JAN 1      8.76                      6.22   2.54     4.16

SNOWFALL (IN)
  YESTERDAY        0.0           5.5  1908   0.1             0.0
  MONTH TO DATE    T                         1.6             0.0
  SINCE DEC 1     10.8                       6.6             7.3
  SINCE JUL 1     10.8                       6.7             7.3
  SNOW DEPTH       0

DEGREE DAYS
 HEATING
  YESTERDAY       12                        24    -12       15
  MONTH TO DATE  347                       485   -138      354
  SINCE DEC 1   2070                      2145    -75     1696
  SINCE JUL 1   2788                      3012   -224     2267

 COOLING
  YESTERDAY        0                         0      0        0
  MONTH TO DATE    0                         0      0        0
  SINCE DEC 1      0                         0      0        0
  SINCE JAN 1      0                         0      0        0
..................................................................


WIND (MPH)
  HIGHEST WIND SPEED    10   HIGHEST WIND DIRECTION    SE (140)
  HIGHEST GUST SPEED    15   HIGHEST GUST DIRECTION    SE (140)
  AVERAGE WIND SPEED     5.0


SKY COVER
  POSSIBLE SUNSHINE  MM
  AVERAGE SKY COVER 1.0


WEATHER CONDITIONS
 THE FOLLOWING WEATHER WAS RECORDED YESTERDAY.
  LIGHT RAIN
  FOG


RELATIVE HUMIDITY (PERCENT)
 HIGHEST   100           500 AM
 LOWEST     86           100 AM
 AVERAGE    93

..........................................................


THE ASHEVILLE NC CLIMATE NORMALS FOR TODAY
                         NORMAL    RECORD    YEAR
 MAXIMUM TEMPERATURE (F)   52        75      1939
 MINIMUM TEMPERATURE (F)   31         4      2015


SUNRISE AND SUNSET
FEBRUARY 20 2018......SUNRISE   711 AM EST   SUNSET   617 PM EST
FEBRUARY 21 2018......SUNRISE   710 AM EST   SUNSET   618 PM EST


-  INDICATES NEGATIVE NUMBERS.
R  INDICATES RECORD WAS SET OR TIED.
MM INDICATES DATA IS MISSING.
T  INDICATES TRACE AMOUNT.

$$

OUTLAW
