000
CDUS42 KGSP 262034
CLIAVL

CLIMATE REPORT
NATIONAL WEATHER SERVICE GREENVILLE-SPARTANBURG SC
432 PM EDT THU MAR 26 2015


...................................

...THE ASHEVILLE NC CLIMATE SUMMARY FOR MARCH 26 2015...VALID TODAY
AS OF 400 PM LOCAL TIME.

CLIMATE NORMAL PERIOD 1981 TO 2010
CLIMATE RECORD PERIOD 1869 TO 2015


WEATHER ITEM   OBSERVED TIME   RECORD YEAR NORMAL DEPARTURE LAST
                VALUE   (LST)  VALUE       VALUE  FROM      YEAR
                                                  NORMAL
..................................................................
TEMPERATURE (F)
 TODAY
  MAXIMUM         72    131 PM  79    1944  62     10       44
  MINIMUM         53    426 AM  13    1955  38     15       23
  AVERAGE         63                        50     13       34

PRECIPITATION (IN)
  TODAY            0.01          3.00 1901   0.13  -0.12     0.00
  MONTH TO DATE    1.81                      3.20  -1.39     1.91
  SINCE MAR 1      1.81                      3.20  -1.39     1.91
  SINCE JAN 1      7.65                     10.63  -2.98     7.26

SNOWFALL (IN)
  TODAY            0.0           3.0  1947   0.1   -0.1      0.0
  MONTH TO DATE    0.0                       1.7   -1.7      0.4
  SINCE MAR 1      0.0                       1.7   -1.7      0.4
  SINCE JUL 1     13.3                       9.0    4.3      9.8
  SNOW DEPTH       0

DEGREE DAYS
 HEATING
  TODAY            2                        15    -13       31
  MONTH TO DATE  323                       481   -158      547
  SINCE MAR 1    323                       481   -158      547
  SINCE JUL 1   3632                      3698    -66     3866

 COOLING
  TODAY            0                         0      0        0
  MONTH TO DATE    0                         0      0        0
  SINCE MAR 1      0                         0      0        0
  SINCE JAN 1      0                         0      0        0
..................................................................


WIND (MPH)
  HIGHEST WIND SPEED    21   HIGHEST WIND DIRECTION    SW (210)
  HIGHEST GUST SPEED    27   HIGHEST GUST DIRECTION     S (200)
  AVERAGE WIND SPEED     9.4


SKY COVER
  POSSIBLE SUNSHINE  MM
  AVERAGE SKY COVER 0.6


WEATHER CONDITIONS
 THE FOLLOWING WEATHER WAS RECORDED TODAY.
  LIGHT RAIN
  FOG


RELATIVE HUMIDITY (PERCENT)
 HIGHEST    93           400 AM
 LOWEST     53           100 PM
 AVERAGE    73

..........................................................


THE ASHEVILLE NC CLIMATE NORMALS FOR TOMORROW
                         NORMAL    RECORD    YEAR
 MAXIMUM TEMPERATURE (F)   62        80      1907
 MINIMUM TEMPERATURE (F)   38        11      1955
                                             1894


SUNRISE AND SUNSET
MARCH 26 2015.........SUNRISE   726 AM EDT   SUNSET   747 PM EDT
MARCH 27 2015.........SUNRISE   724 AM EDT   SUNSET   747 PM EDT


-  INDICATES NEGATIVE NUMBERS.
R  INDICATES RECORD WAS SET OR TIED.
MM INDICATES DATA IS MISSING.
T  INDICATES TRACE AMOUNT.




$$
