000
CDUS42 KGSP 260631
CLIAVL

CLIMATE REPORT
NATIONAL WEATHER SERVICE GREENVILLE-SPARTANBURG SC
131 AM EST SUN FEB 26 2017


...................................

...THE ASHEVILLE NC CLIMATE SUMMARY FOR FEBRUARY 25 2017...

CLIMATE NORMAL PERIOD 1981 TO 2010
CLIMATE RECORD PERIOD 1869 TO 2017


WEATHER ITEM   OBSERVED TIME   RECORD YEAR NORMAL DEPARTURE LAST
                VALUE   (LST)  VALUE       VALUE  FROM      YEAR
                                                  NORMAL
..................................................................
TEMPERATURE (F)
 YESTERDAY
  MAXIMUM         65    143 PM  78    1930  53     12       45
  MINIMUM         36   1159 PM  -2    1967  32      4       32
  AVERAGE         51                        42      9       39

PRECIPITATION (IN)
  YESTERDAY        T             3.30 1875   0.13  -0.13      T
  MONTH TO DATE    0.62                      3.37  -2.75     5.69
  SINCE DEC 1      6.65                     10.63  -3.98    17.74
  SINCE JAN 1      4.34                      7.04  -2.70     8.98

SNOWFALL (IN)
  YESTERDAY        0.0           4.5  1964   0.1              T
  MONTH TO DATE    0.0                       2.0             0.1
  SINCE DEC 1      7.3                       7.0            13.9
  SINCE JUL 1      7.3                       7.1            13.9
  SNOW DEPTH       0

DEGREE DAYS
 HEATING
  YESTERDAY       14                        23     -9       26
  MONTH TO DATE  423                       624   -201      639
  SINCE DEC 1   1765                      2284   -519     1987
  SINCE JUL 1   2336                      3151   -815     2662

 COOLING
  YESTERDAY        0                         0      0        0
  MONTH TO DATE    0                         0      0        0
  SINCE DEC 1      0                         0      0        0
  SINCE JAN 1      0                         0      0        0
..................................................................


WIND (MPH)
  HIGHEST WIND SPEED    30   HIGHEST WIND DIRECTION    NW (330)
  HIGHEST GUST SPEED    38   HIGHEST GUST DIRECTION    NW (320)
  AVERAGE WIND SPEED    12.5


SKY COVER
  POSSIBLE SUNSHINE  MM
  AVERAGE SKY COVER 0.3


WEATHER CONDITIONS
 THE FOLLOWING WEATHER WAS RECORDED YESTERDAY.
  LIGHT RAIN


RELATIVE HUMIDITY (PERCENT)
 HIGHEST    83           700 AM
 LOWEST     13           300 PM
 AVERAGE    48

..........................................................


THE ASHEVILLE NC CLIMATE NORMALS FOR TODAY
                         NORMAL    RECORD    YEAR
 MAXIMUM TEMPERATURE (F)   54        78      1951
 MINIMUM TEMPERATURE (F)   32         5      1967


SUNRISE AND SUNSET
FEBRUARY 26 2017......SUNRISE   703 AM EST   SUNSET   623 PM EST
FEBRUARY 27 2017......SUNRISE   702 AM EST   SUNSET   624 PM EST


-  INDICATES NEGATIVE NUMBERS.
R  INDICATES RECORD WAS SET OR TIED.
MM INDICATES DATA IS MISSING.
T  INDICATES TRACE AMOUNT.

$$

OUTLAW
