000
CDUS42 KGSP 250632
CLIAVL

CLIMATE REPORT
NATIONAL WEATHER SERVICE GREENVILLE-SPARTANBURG SC
231 AM EDT SAT MAR 25 2017


...................................

...THE ASHEVILLE NC CLIMATE SUMMARY FOR MARCH 24 2017...

CLIMATE NORMAL PERIOD 1981 TO 2010
CLIMATE RECORD PERIOD 1869 TO 2017


WEATHER ITEM   OBSERVED TIME   RECORD YEAR NORMAL DEPARTURE LAST
                VALUE   (LST)  VALUE       VALUE  FROM      YEAR
                                                  NORMAL
..................................................................
TEMPERATURE (F)
 YESTERDAY
  MAXIMUM         64    419 PM  83    1929  61      3       70
  MINIMUM         45   1239 AM  22    1940  37      8       49
  AVERAGE         55                        49      6       60

PRECIPITATION (IN)
  YESTERDAY        T             1.38 1954   0.12  -0.12     0.03
  MONTH TO DATE    1.66                      2.95  -1.29     1.07
  SINCE MAR 1      1.66                      2.95  -1.29     1.07
  SINCE JAN 1      6.08                     10.38  -4.30    10.05

SNOWFALL (IN)
  YESTERDAY       MM             3.5  1940   0.1             0.0
  MONTH TO DATE    2.1                       1.6              T
  SINCE MAR 1      2.1                       1.6              T
  SINCE JUL 1      9.4                       8.9            13.9
  SNOW DEPTH       0

DEGREE DAYS
 HEATING
  YESTERDAY       10                        16     -6        5
  MONTH TO DATE  478                       450     28      293
  SINCE MAR 1    478                       450     28      293
  SINCE JUL 1   2872                      3667   -795     3040

 COOLING
  YESTERDAY        0                         0      0        0
  MONTH TO DATE    0                         0      0        0
  SINCE MAR 1      0                         0      0        0
  SINCE JAN 1      0                         0      0        0
..................................................................


WIND (MPH)
  HIGHEST WIND SPEED    23   HIGHEST WIND DIRECTION     S (180)
  HIGHEST GUST SPEED    28   HIGHEST GUST DIRECTION     S (190)
  AVERAGE WIND SPEED     9.8


SKY COVER
  POSSIBLE SUNSHINE  MM
  AVERAGE SKY COVER 0.5


WEATHER CONDITIONS
 THE FOLLOWING WEATHER WAS RECORDED YESTERDAY.
  LIGHT RAIN


RELATIVE HUMIDITY (PERCENT)
 HIGHEST    74          1100 PM
 LOWEST     42           200 AM
 AVERAGE    58

..........................................................


THE ASHEVILLE NC CLIMATE NORMALS FOR TODAY
                         NORMAL    RECORD    YEAR
 MAXIMUM TEMPERATURE (F)   61        87      1929
 MINIMUM TEMPERATURE (F)   37        19      1940


SUNRISE AND SUNSET
MARCH 25 2017.........SUNRISE   726 AM EDT   SUNSET   746 PM EDT
MARCH 26 2017.........SUNRISE   725 AM EDT   SUNSET   747 PM EDT


-  INDICATES NEGATIVE NUMBERS.
R  INDICATES RECORD WAS SET OR TIED.
MM INDICATES DATA IS MISSING.
T  INDICATES TRACE AMOUNT.




$$
