000
CDUS42 KGSP 240638
CLIAVL

CLIMATE REPORT
NATIONAL WEATHER SERVICE GREENVILLE-SPARTANBURG SC
236 AM EDT SUN SEP 24 2017


...................................

...THE ASHEVILLE NC CLIMATE SUMMARY FOR SEPTEMBER 23 2017...

CLIMATE NORMAL PERIOD 1981 TO 2010
CLIMATE RECORD PERIOD 1869 TO 2017


WEATHER ITEM   OBSERVED TIME   RECORD YEAR NORMAL DEPARTURE LAST
                VALUE   (LST)  VALUE       VALUE  FROM      YEAR
                                                  NORMAL
..................................................................
TEMPERATURE (F)
 YESTERDAY
  MAXIMUM         84    143 PM  89    1941  75      9       86
                                      1895
  MINIMUM         63    522 AM  35    1983  53     10       62
  AVERAGE         74                        64     10       74

PRECIPITATION (IN)
  YESTERDAY        0.00          3.41 1975   0.11  -0.11     0.00
  MONTH TO DATE    3.75                      2.98   0.77     0.05
  SINCE SEP 1      3.75                      2.98   0.77     0.05
  SINCE JAN 1     40.36                     34.59   5.77    28.50

SNOWFALL (IN)
  YESTERDAY        0.0           0.0    MM   0.0             0.0
  MONTH TO DATE    0.0                       0.0             0.0
  SINCE SEP 1      0.0                       0.0             0.0
  SINCE JUL 1      0.0                       0.0             0.0
  SNOW DEPTH       0

DEGREE DAYS
 HEATING
  YESTERDAY        0                         3     -3        0
  MONTH TO DATE   37                        26     11        0
  SINCE SEP 1     37                        26     11        0
  SINCE JUL 1     37                        28      9        0

 COOLING
  YESTERDAY        9                         2      7        9
  MONTH TO DATE   69                        86    -17      182
  SINCE SEP 1     69                        86    -17      182
  SINCE JAN 1    935                       843     92     1265
..................................................................


WIND (MPH)
  HIGHEST WIND SPEED    12   HIGHEST WIND DIRECTION     S (170)
  HIGHEST GUST SPEED    14   HIGHEST GUST DIRECTION     S (170)
  AVERAGE WIND SPEED     2.7


SKY COVER
  POSSIBLE SUNSHINE  MM
  AVERAGE SKY COVER 0.6


WEATHER CONDITIONS
 THE FOLLOWING WEATHER WAS RECORDED YESTERDAY.
  THUNDERSTORM
  FOG
  FOG W/VISIBILITY <= 1/4 MILE


RELATIVE HUMIDITY (PERCENT)
 HIGHEST   100           700 AM
 LOWEST     43           200 PM
 AVERAGE    72

..........................................................


THE ASHEVILLE NC CLIMATE NORMALS FOR TODAY
                         NORMAL    RECORD    YEAR
 MAXIMUM TEMPERATURE (F)   74        90      2016
 MINIMUM TEMPERATURE (F)   53        35      1896


SUNRISE AND SUNSET
SEPTEMBER 24 2017.....SUNRISE   720 AM EDT   SUNSET   724 PM EDT
SEPTEMBER 25 2017.....SUNRISE   721 AM EDT   SUNSET   722 PM EDT


-  INDICATES NEGATIVE NUMBERS.
R  INDICATES RECORD WAS SET OR TIED.
MM INDICATES DATA IS MISSING.
T  INDICATES TRACE AMOUNT.




$$
