000
CDUS42 KGSP 300628
CLIAVL

CLIMATE REPORT
NATIONAL WEATHER SERVICE GREENVILLE-SPARTANBURG SC
227 AM EDT SAT APR 30 2016


...................................

...THE ASHEVILLE NC CLIMATE SUMMARY FOR APRIL 29 2016...

CLIMATE NORMAL PERIOD 1981 TO 2010
CLIMATE RECORD PERIOD 1869 TO 2016


WEATHER ITEM   OBSERVED TIME   RECORD YEAR NORMAL DEPARTURE LAST
                VALUE   (LST)  VALUE       VALUE  FROM      YEAR
                                                  NORMAL
..................................................................
TEMPERATURE (F)
 YESTERDAY
  MAXIMUM         82    227 PM  89    1970  71     11       63
  MINIMUM         56    530 AM  28    1967  47      9       45
  AVERAGE         69                        59     10       54

PRECIPITATION (IN)
  YESTERDAY        0.00          1.51 1963   0.11  -0.11      T
  MONTH TO DATE    1.43                      3.22  -1.79     4.89
  SINCE MAR 1      2.99                      7.05  -4.06     7.01
  SINCE JAN 1     11.97                     14.48  -2.51    12.85

SNOWFALL (IN)
  YESTERDAY        0.0           0.1  1874   0.0             0.0
  MONTH TO DATE    0.0                       0.7             0.0
  SINCE MAR 1      T                         2.6              T
  SINCE JUL 1     13.9                       9.9            13.3
  SNOW DEPTH       0

DEGREE DAYS
 HEATING
  YESTERDAY        0                         7     -7       11
  MONTH TO DATE  255                       295    -40      195
  SINCE MAR 1    616                       850   -234      620
  SINCE JUL 1   3363                      4067   -704     3929

 COOLING
  YESTERDAY        4                         0      4        0
  MONTH TO DATE   15                         0     15       19
  SINCE MAR 1     15                         1     14       19
  SINCE JAN 1     15                         1     14       19
..................................................................


WIND (MPH)
  HIGHEST WIND SPEED    16   HIGHEST WIND DIRECTION     N (360)
  HIGHEST GUST SPEED    24   HIGHEST GUST DIRECTION     N (340)
  AVERAGE WIND SPEED     6.7


SKY COVER
  POSSIBLE SUNSHINE  MM
  AVERAGE SKY COVER 0.1


WEATHER CONDITIONS
 THE FOLLOWING WEATHER WAS RECORDED YESTERDAY.
  NO SIGNIFICANT WEATHER WAS OBSERVED.


RELATIVE HUMIDITY (PERCENT)
 HIGHEST    77           500 AM
 LOWEST     25           300 PM
 AVERAGE    51

..........................................................


THE ASHEVILLE NC CLIMATE NORMALS FOR TODAY
                         NORMAL    RECORD    YEAR
 MAXIMUM TEMPERATURE (F)   71        87      1962
 MINIMUM TEMPERATURE (F)   47        31      2008


SUNRISE AND SUNSET
APRIL 30 2016.........SUNRISE   639 AM EDT   SUNSET   816 PM EDT
MAY  1 2016...........SUNRISE   638 AM EDT   SUNSET   817 PM EDT


-  INDICATES NEGATIVE NUMBERS.
R  INDICATES RECORD WAS SET OR TIED.
MM INDICATES DATA IS MISSING.
T  INDICATES TRACE AMOUNT.

$$
