000
CDUS42 KGSP 250628
CLIAVL

CLIMATE REPORT
NATIONAL WEATHER SERVICE GREENVILLE-SPARTANBURG SC
127 AM EST THU DEC 25 2014


...................................

...THE ASHEVILLE NC CLIMATE SUMMARY FOR DECEMBER 24 2014...

CLIMATE NORMAL PERIOD 1981 TO 2010
CLIMATE RECORD PERIOD 1869 TO 2014


WEATHER ITEM   OBSERVED TIME   RECORD YEAR NORMAL DEPARTURE LAST
                VALUE   (LST)  VALUE       VALUE  FROM      YEAR
                                                  NORMAL
..................................................................
TEMPERATURE (F)
 YESTERDAY
  MAXIMUM         54    758 PM  72    1955  48      6       34
  MINIMUM         44   1159 PM  -5    1983  28     16       23
  AVERAGE         49                        38     11       29

PRECIPITATION (IN)
  YESTERDAY        1.23          1.89 2002   0.11   1.12     0.00
  MONTH TO DATE    2.02                      2.86  -0.84     6.67
  SINCE DEC 1      2.02                      2.86  -0.84     6.67
  SINCE JAN 1     46.53                     44.84   1.69    74.22

SNOWFALL (IN)
  YESTERDAY        0.0          12.0  1876   0.1             0.0
  MONTH TO DATE    T                         0.5             0.0
  SINCE DEC 1      T                         0.5             0.0
  SINCE JUL 1      3.2                       0.6             0.2
  SNOW DEPTH       0

DEGREE DAYS
 HEATING
  YESTERDAY       16                        27    -11       36
  MONTH TO DATE  498                       601   -103      493
  SINCE DEC 1    498                       601   -103      493
  SINCE JUL 1   1413                      1468    -55     1376

 COOLING
  YESTERDAY        0                         0      0        0
  MONTH TO DATE    0                         0      0        0
  SINCE DEC 1      0                         0      0        0
  SINCE JAN 1    919                       863     56      860
..................................................................


WIND (MPH)
  HIGHEST WIND SPEED    25   HIGHEST WIND DIRECTION     N (340)
  HIGHEST GUST SPEED    29   HIGHEST GUST DIRECTION    NW (330)
  AVERAGE WIND SPEED     6.9


SKY COVER
  POSSIBLE SUNSHINE  MM
  AVERAGE SKY COVER 0.9


WEATHER CONDITIONS
 THE FOLLOWING WEATHER WAS RECORDED YESTERDAY.
  HEAVY RAIN
  RAIN
  LIGHT RAIN
  FOG


RELATIVE HUMIDITY (PERCENT)
 HIGHEST   100           100 AM
 LOWEST     76          1100 PM
 AVERAGE    88

..........................................................


THE ASHEVILLE NC CLIMATE NORMALS FOR TODAY
                         NORMAL    RECORD    YEAR
 MAXIMUM TEMPERATURE (F)   48        67      1955
                                             1944
                                             1904
 MINIMUM TEMPERATURE (F)   28        -7      1983


SUNRISE AND SUNSET
DECEMBER 25 2014......SUNRISE   737 AM EST   SUNSET   523 PM EST
DECEMBER 26 2014......SUNRISE   738 AM EST   SUNSET   524 PM EST


-  INDICATES NEGATIVE NUMBERS.
R  INDICATES RECORD WAS SET OR TIED.
MM INDICATES DATA IS MISSING.
T  INDICATES TRACE AMOUNT.

$$
